{"id":270315,"date":"2026-02-10T23:01:08","date_gmt":"2026-02-11T04:01:08","guid":{"rendered":"https:\/\/arriendo.com\/co\/%es_type%\/%address_city%\/%neighborhood%\/bogota-chico-norte-oficina-en-arriendo-en-45491f\/"},"modified":"2026-02-10T23:01:08","modified_gmt":"2026-02-11T04:01:08","slug":"AR-270315","status":"publish","type":"properties","link":"https:\/\/arriendo.com\/co\/oficinas\/bogota\/chico-norte\/AR-270315\/","title":{"rendered":"Oficina en Arriendo en Chico norte, Bogot\u00e1"},"content":{"rendered":"<p>Oficina en venta o arriendo \u2013 Parque de la 93, Bogot\u00e1<br \/>\nEdificio Royal 93 | Edificio inteligente | 3 parqueaderos propios<\/p>\n<p>Ubicada en una de las zonas empresariales m\u00e1s exclusivas y estrat\u00e9gicas de Bogot\u00e1, esta oficina en el sector del Parque de la 93 ofrece una excelente oportunidad tanto para establecer tu empresa como para inversi\u00f3n.<\/p>\n<p>Situada en el Edificio Royal 93, un moderno edificio inteligente con altos est\u00e1ndares de seguridad y tecnolog\u00eda, la oficina cuenta con:<\/p>\n<p>3 parqueaderos cubiertos y de uso exclusivo<\/p>\n<p>Divisiones en vidrio para 6 espacios de trabajo independientes<\/p>\n<p>Recepci\u00f3n<\/p>\n<p>Cafeter\u00eda interna<\/p>\n<p>\u00c1rea de bodega y archivo<\/p>\n<p>Excelente iluminaci\u00f3n natural<\/p>\n<p>Ubicaci\u00f3n privilegiada en Chic\u00f3 \u2013 Parque de la 93, uno de los sectores m\u00e1s reconocidos por su ambiente corporativo y su alta valorizaci\u00f3n. La zona cuenta con una amplia oferta gastron\u00f3mica, hotelera y comercial, ideal para reuniones de negocios o espacios de networking.<\/p>\n<p>F\u00e1cil acceso desde la Carrera 11, Carrera 15, Calle 94 y Autopista Norte, con m\u00faltiples rutas de transporte p\u00fablico, ciclov\u00edas y cercan\u00eda a estaciones de TransMilenio y SITP.<\/p>\n<p>Ideal para empresas, consultorios, agencias o firmas que buscan una imagen corporativa s\u00f3lida en una ubicaci\u00f3n premium.<\/p>\n<p>Disponible para venta o arriendo.<br \/>\nCont\u00e1ctanos en My Spot Inmobiliaria para m\u00e1s informaci\u00f3n, Tour Virtual 360 y agendar una visita.<\/p>\n","protected":false},"excerpt":{"rendered":"Oficina en venta o arriendo \u2013 Parque de la 93,...","protected":false},"author":8203,"featured_media":270318,"template":"","es_locations":[110,77,206],"es_categories":[124],"es_types":[116],"es_rent_periods":[],"es_labels":[],"es_statuses":[],"es_parkings":[],"es_roofs":[],"es_exterior_materials":[],"es_basements":[],"es_floor_coverings":[],"es_features":[150,2427,131,2130,2224,133,2302,2213,2430,2226,2354,2178,2216,2272,2133,2134,2390,2297],"es_amenities":[2387,2431,152,2138,2247,2154,2303,2218,2434,2251,2359,2193,156,2273,158,2141,2398,2299],"es_neighborhoods":[],"es_tags":[],"class_list":["post-270315","properties","type-properties","status-publish","has-post-thumbnail","hentry","es_location-bogota","es_location-bogota-d-c","es_location-chico-norte","es_category-arriendo","es_type-oficinas","es_feature-alarma","es_feature-alarma-contra-incendio","es_feature-ascensor","es_feature-banos-comunales","es_feature-cableado-de-red","es_feature-citofono","es_feature-cocineta","es_feature-comedor","es_feature-deteccion-de-humo","es_feature-escalera-de-emergencia","es_feature-gabinete-de-incendios","es_feature-garaje-cubierto","es_feature-parqueadero-visitantes","es_feature-piso-en-baldosa-marmol","es_feature-porteria-recepcion","es_feature-servicios-publicos","es_feature-tarjetas-inteligentes","es_feature-ubicada-en-edificio","es_amenity-alarma","es_amenity-alarma-contra-incendio","es_amenity-ascensor-privado","es_amenity-banos-comunales","es_amenity-cableado-de-red","es_amenity-citofono","es_amenity-cocineta","es_amenity-comedor","es_amenity-deteccion-de-humo","es_amenity-escalera-de-emergencia","es_amenity-gabinete-de-incendios","es_amenity-garaje-cubierto","es_amenity-parqueadero-visitantes","es_amenity-piso-en-baldosa-marmol","es_amenity-porteria-recepcion","es_amenity-servicios-publicos","es_amenity-tarjetas-inteligentes","es_amenity-ubicada-en-edificio","es-post-entity"],"_links":{"self":[{"href":"https:\/\/arriendo.com\/co\/wp-json\/wp\/v2\/properties\/270315","targetHints":{"allow":["GET"]}}],"collection":[{"href":"https:\/\/arriendo.com\/co\/wp-json\/wp\/v2\/properties"}],"about":[{"href":"https:\/\/arriendo.com\/co\/wp-json\/wp\/v2\/types\/properties"}],"author":[{"embeddable":true,"href":"https:\/\/arriendo.com\/co\/wp-json\/wp\/v2\/users\/8203"}],"version-history":[{"count":0,"href":"https:\/\/arriendo.com\/co\/wp-json\/wp\/v2\/properties\/270315\/revisions"}],"wp:featuredmedia":[{"embeddable":true,"href":"https:\/\/arriendo.com\/co\/wp-json\/wp\/v2\/media\/270318"}],"wp:attachment":[{"href":"https:\/\/arriendo.com\/co\/wp-json\/wp\/v2\/media?parent=270315"}],"wp:term":[{"taxonomy":"es_location","embeddable":true,"href":"https:\/\/arriendo.com\/co\/wp-json\/wp\/v2\/es_locations?post=270315"},{"taxonomy":"es_category","embeddable":true,"href":"https:\/\/arriendo.com\/co\/wp-json\/wp\/v2\/es_categories?post=270315"},{"taxonomy":"es_type","embeddable":true,"href":"https:\/\/arriendo.com\/co\/wp-json\/wp\/v2\/es_types?post=270315"},{"taxonomy":"es_rent_period","embeddable":true,"href":"https:\/\/arriendo.com\/co\/wp-json\/wp\/v2\/es_rent_periods?post=270315"},{"taxonomy":"es_label","embeddable":true,"href":"https:\/\/arriendo.com\/co\/wp-json\/wp\/v2\/es_labels?post=270315"},{"taxonomy":"es_status","embeddable":true,"href":"https:\/\/arriendo.com\/co\/wp-json\/wp\/v2\/es_statuses?post=270315"},{"taxonomy":"es_parking","embeddable":true,"href":"https:\/\/arriendo.com\/co\/wp-json\/wp\/v2\/es_parkings?post=270315"},{"taxonomy":"es_roof","embeddable":true,"href":"https:\/\/arriendo.com\/co\/wp-json\/wp\/v2\/es_roofs?post=270315"},{"taxonomy":"es_exterior_material","embeddable":true,"href":"https:\/\/arriendo.com\/co\/wp-json\/wp\/v2\/es_exterior_materials?post=270315"},{"taxonomy":"es_basement","embeddable":true,"href":"https:\/\/arriendo.com\/co\/wp-json\/wp\/v2\/es_basements?post=270315"},{"taxonomy":"es_floor_covering","embeddable":true,"href":"https:\/\/arriendo.com\/co\/wp-json\/wp\/v2\/es_floor_coverings?post=270315"},{"taxonomy":"es_feature","embeddable":true,"href":"https:\/\/arriendo.com\/co\/wp-json\/wp\/v2\/es_features?post=270315"},{"taxonomy":"es_amenity","embeddable":true,"href":"https:\/\/arriendo.com\/co\/wp-json\/wp\/v2\/es_amenities?post=270315"},{"taxonomy":"es_neighborhood","embeddable":true,"href":"https:\/\/arriendo.com\/co\/wp-json\/wp\/v2\/es_neighborhoods?post=270315"},{"taxonomy":"es_tag","embeddable":true,"href":"https:\/\/arriendo.com\/co\/wp-json\/wp\/v2\/es_tags?post=270315"}],"curies":[{"name":"wp","href":"https:\/\/api.w.org\/{rel}","templated":true}]}}

Oficina en Arriendo en Chico norte, Bogotá

<p>Oficina en venta o arriendo – Parque de la 93, Bogotá<br />
Edificio Royal 93 | Edificio inteligente | 3 parqueaderos propios</p>
<p>Ubicada en una de las zonas empresariales más exclusivas y estratégicas de Bogotá, esta oficina en el sector del Parque de la 93 ofrece una excelente oportunidad tanto para establecer tu empresa como para inversión.</p>
<p>Situada en el Edificio Royal 93, un moderno edificio inteligente con altos estándares de seguridad y tecnología, la oficina cuenta con:</p>
<p>3 parqueaderos cubiertos y de uso exclusivo</p>
<p>Divisiones en vidrio para 6 espacios de trabajo independientes</p>
<p>Recepción</p>
<p>Cafetería interna</p>
<p>Área de bodega y archivo</p>
<p>Excelente iluminación natural</p>
<p>Ubicación privilegiada en Chicó – Parque de la 93, uno de los sectores más reconocidos por su ambiente corporativo y su alta valorización. La zona cuenta con una amplia oferta gastronómica, hotelera y comercial, ideal para reuniones de negocios o espacios de networking.</p>
<p>Fácil acceso desde la Carrera 11, Carrera 15, Calle 94 y Autopista Norte, con múltiples rutas de transporte público, ciclovías y cercanía a estaciones de TransMilenio y SITP.</p>
<p>Ideal para empresas, consultorios, agencias o firmas que buscan una imagen corporativa sólida en una ubicación premium.</p>
<p>Disponible para venta o arriendo.<br />
Contáctanos en My Spot Inmobiliaria para más información, Tour Virtual 360 y agendar una visita.</p>
