{"id":270215,"date":"2026-02-10T22:49:07","date_gmt":"2026-02-11T03:49:07","guid":{"rendered":"https:\/\/arriendo.com\/co\/%es_type%\/%address_city%\/%neighborhood%\/bogota-chapinero-alto-apartamento-en-arriendo-en-3aab08\/"},"modified":"2026-02-10T22:49:07","modified_gmt":"2026-02-11T03:49:07","slug":"AR-270215","status":"publish","type":"properties","link":"https:\/\/arriendo.com\/co\/apartamentos\/bogota\/chapinero-alto\/AR-270215\/","title":{"rendered":"Apartamento en Arriendo en Chapinero Alto, Bogot\u00e1"},"content":{"rendered":"<p>\u00a1Espectacular d\u00faplex remodelado en arriendo en la Zona G \u2013 106 m\u00b2 con terraza privada!<\/p>\n<p>Arrienda este incre\u00edble apartamento remodelado de 106 m\u00b2, distribuidos en 2.5 niveles, con una excelente ubicaci\u00f3n en el coraz\u00f3n de la Zona G, uno de los sectores m\u00e1s apetecidos y valorizados de Bogot\u00e1.<\/p>\n<p>Ubicado en un edificio automatizado, este apartamento cuenta con espacios \u00fanicos y llenos de luz natural, gracias a sus techos en vidrio en sala y estudio, y su vista despejada hacia los cuatro puntos cardinales (oriente, occidente, norte y sur), sin vecinos cercanos a la vista.<\/p>\n<p>Caracter\u00edsticas:<\/p>\n<p>\u00c1rea: 106 m\u00b2 en 2.5 niveles<\/p>\n<p>1 habitaci\u00f3n amplia con ba\u00f1o privado<\/p>\n<p>Ba\u00f1o social para visitas<\/p>\n<p>Estudio independiente<\/p>\n<p>Terraza privada ideal para disfrutar al aire libre<\/p>\n<p>Cocina abierta<\/p>\n<p>Zona de lavander\u00eda<\/p>\n<p>Dep\u00f3sito dentro del apartamento<\/p>\n<p>1 parqueadero<\/p>\n<p>Edificio sin zonas comunes<\/p>\n<p>El apartamento se encuentra en estrato 4, en una zona residencial muy tranquila pero rodeada de la mejor oferta gastron\u00f3mica de la ciudad. A pocos pasos de restaurantes, caf\u00e9s, parques como el Parque Gustavo Uribe Botero y con excelentes v\u00edas de acceso como la Carrera 7\u00aa, Carrera 5\u00aa, Avenida Circunvalar y Calle 65.<\/p>\n<p>\u00a1Vive en un espacio exclusivo, con excelente iluminaci\u00f3n, privacidad y una ubicaci\u00f3n privilegiada en Chapinero Alto!<\/p>\n","protected":false},"excerpt":{"rendered":"\u00a1Espectacular d\u00faplex remodelado en arriendo en la Zona G \u2013...","protected":false},"author":8203,"featured_media":270218,"template":"","es_locations":[110,77,702],"es_categories":[124],"es_types":[114],"es_rent_periods":[],"es_labels":[],"es_statuses":[],"es_parkings":[],"es_roofs":[],"es_exterior_materials":[],"es_basements":[],"es_floor_coverings":[],"es_features":[131,132,2212,2145,134,2131,133,2146,2148,2312,151,2378,136,145,2132,143,2136,2151,2152],"es_amenities":[152,2186,2217,2153,2313,2139,2154,2155,2157,2314,2270,2381,2158,2160,2140,2290,2143,162,2162],"es_neighborhoods":[],"es_tags":[],"class_list":["post-270215","properties","type-properties","status-publish","has-post-thumbnail","hentry","es_location-bogota","es_location-bogota-d-c","es_location-chapinero-alto","es_category-arriendo","es_type-apartamentos","es_feature-ascensor","es_feature-balcon","es_feature-bano-auxiliar","es_feature-calentador","es_feature-chimenea","es_feature-circuito-cerrado-de-tv","es_feature-citofono","es_feature-cocina-integral","es_feature-colegios-universidades","es_feature-comedor-auxiliar","es_feature-deposito-bodega","es_feature-duplex","es_feature-estudio","es_feature-instalacion-de-gas","es_feature-parques-cercanos","es_feature-terraza","es_feature-trans-publico-cercano","es_feature-zona-de-lavanderia","es_feature-zona-residencial","es_amenity-ascensor-privado","es_amenity-balcon","es_amenity-bano-auxiliar","es_amenity-calentador","es_amenity-chimenea","es_amenity-circuito-cerrado-de-tv","es_amenity-citofono","es_amenity-cocina-integral","es_amenity-colegios-universidades","es_amenity-comedor-auxiliar","es_amenity-deposito-bodega","es_amenity-duplex","es_amenity-estudio","es_amenity-instalacion-de-gas","es_amenity-parques-cercanos","es_amenity-terraza","es_amenity-trans-publico-cercano","es_amenity-zona-de-lavanderia","es_amenity-zona-residencial","es-post-entity"],"_links":{"self":[{"href":"https:\/\/arriendo.com\/co\/wp-json\/wp\/v2\/properties\/270215","targetHints":{"allow":["GET"]}}],"collection":[{"href":"https:\/\/arriendo.com\/co\/wp-json\/wp\/v2\/properties"}],"about":[{"href":"https:\/\/arriendo.com\/co\/wp-json\/wp\/v2\/types\/properties"}],"author":[{"embeddable":true,"href":"https:\/\/arriendo.com\/co\/wp-json\/wp\/v2\/users\/8203"}],"version-history":[{"count":0,"href":"https:\/\/arriendo.com\/co\/wp-json\/wp\/v2\/properties\/270215\/revisions"}],"wp:featuredmedia":[{"embeddable":true,"href":"https:\/\/arriendo.com\/co\/wp-json\/wp\/v2\/media\/270218"}],"wp:attachment":[{"href":"https:\/\/arriendo.com\/co\/wp-json\/wp\/v2\/media?parent=270215"}],"wp:term":[{"taxonomy":"es_location","embeddable":true,"href":"https:\/\/arriendo.com\/co\/wp-json\/wp\/v2\/es_locations?post=270215"},{"taxonomy":"es_category","embeddable":true,"href":"https:\/\/arriendo.com\/co\/wp-json\/wp\/v2\/es_categories?post=270215"},{"taxonomy":"es_type","embeddable":true,"href":"https:\/\/arriendo.com\/co\/wp-json\/wp\/v2\/es_types?post=270215"},{"taxonomy":"es_rent_period","embeddable":true,"href":"https:\/\/arriendo.com\/co\/wp-json\/wp\/v2\/es_rent_periods?post=270215"},{"taxonomy":"es_label","embeddable":true,"href":"https:\/\/arriendo.com\/co\/wp-json\/wp\/v2\/es_labels?post=270215"},{"taxonomy":"es_status","embeddable":true,"href":"https:\/\/arriendo.com\/co\/wp-json\/wp\/v2\/es_statuses?post=270215"},{"taxonomy":"es_parking","embeddable":true,"href":"https:\/\/arriendo.com\/co\/wp-json\/wp\/v2\/es_parkings?post=270215"},{"taxonomy":"es_roof","embeddable":true,"href":"https:\/\/arriendo.com\/co\/wp-json\/wp\/v2\/es_roofs?post=270215"},{"taxonomy":"es_exterior_material","embeddable":true,"href":"https:\/\/arriendo.com\/co\/wp-json\/wp\/v2\/es_exterior_materials?post=270215"},{"taxonomy":"es_basement","embeddable":true,"href":"https:\/\/arriendo.com\/co\/wp-json\/wp\/v2\/es_basements?post=270215"},{"taxonomy":"es_floor_covering","embeddable":true,"href":"https:\/\/arriendo.com\/co\/wp-json\/wp\/v2\/es_floor_coverings?post=270215"},{"taxonomy":"es_feature","embeddable":true,"href":"https:\/\/arriendo.com\/co\/wp-json\/wp\/v2\/es_features?post=270215"},{"taxonomy":"es_amenity","embeddable":true,"href":"https:\/\/arriendo.com\/co\/wp-json\/wp\/v2\/es_amenities?post=270215"},{"taxonomy":"es_neighborhood","embeddable":true,"href":"https:\/\/arriendo.com\/co\/wp-json\/wp\/v2\/es_neighborhoods?post=270215"},{"taxonomy":"es_tag","embeddable":true,"href":"https:\/\/arriendo.com\/co\/wp-json\/wp\/v2\/es_tags?post=270215"}],"curies":[{"name":"wp","href":"https:\/\/api.w.org\/{rel}","templated":true}]}}

Apartamento en Arriendo en Chapinero Alto, Bogotá

<p>¡Espectacular dúplex remodelado en arriendo en la Zona G – 106 m² con terraza privada!</p>
<p>Arrienda este increíble apartamento remodelado de 106 m², distribuidos en 2.5 niveles, con una excelente ubicación en el corazón de la Zona G, uno de los sectores más apetecidos y valorizados de Bogotá.</p>
<p>Ubicado en un edificio automatizado, este apartamento cuenta con espacios únicos y llenos de luz natural, gracias a sus techos en vidrio en sala y estudio, y su vista despejada hacia los cuatro puntos cardinales (oriente, occidente, norte y sur), sin vecinos cercanos a la vista.</p>
<p>Características:</p>
<p>Área: 106 m² en 2.5 niveles</p>
<p>1 habitación amplia con baño privado</p>
<p>Baño social para visitas</p>
<p>Estudio independiente</p>
<p>Terraza privada ideal para disfrutar al aire libre</p>
<p>Cocina abierta</p>
<p>Zona de lavandería</p>
<p>Depósito dentro del apartamento</p>
<p>1 parqueadero</p>
<p>Edificio sin zonas comunes</p>
<p>El apartamento se encuentra en estrato 4, en una zona residencial muy tranquila pero rodeada de la mejor oferta gastronómica de la ciudad. A pocos pasos de restaurantes, cafés, parques como el Parque Gustavo Uribe Botero y con excelentes vías de acceso como la Carrera 7ª, Carrera 5ª, Avenida Circunvalar y Calle 65.</p>
<p>¡Vive en un espacio exclusivo, con excelente iluminación, privacidad y una ubicación privilegiada en Chapinero Alto!</p>

¡Espectacular dúplex remodelado en arriendo en la Zona G –...
