{"id":270061,"date":"2026-02-10T22:23:07","date_gmt":"2026-02-11T03:23:07","guid":{"rendered":"https:\/\/arriendo.com\/co\/%es_type%\/%address_city%\/%neighborhood%\/bogota-el-poa-local-en-arriendo-en-be2647\/"},"modified":"2026-02-10T22:23:08","modified_gmt":"2026-02-11T03:23:08","slug":"AR-270061","status":"publish","type":"properties","link":"https:\/\/arriendo.com\/co\/locales\/bogota\/el-poa\/AR-270061\/","title":{"rendered":"Local en Arriendo en El poa, Bogot\u00e1"},"content":{"rendered":"<p>Rento local en Suba  barrio  poa,  \u00e1rea  39m2, un solo  ambiente, primer  piso, un ba\u00f1o,  un  deposito, servicios  de  agua, luz  y gas son  independientes, estrato 3,  Sector  comercial de  alta  influencia, el local  es  para  estrenar, cerca  a  portal  de  suba,  Super  Cade,  Centro  Comercial  al  Paso,  Centro  Comercial  Plaza  Imperial,  Centro  Suba,  Subazar y  Compensar.  (NO SE  ARRIENDA  PARA  RESTAURANTE  NI  BAR)<\/p>\n","protected":false},"excerpt":{"rendered":"Rento local en Suba barrio poa, \u00e1rea 39m2, un solo...","protected":false},"author":8095,"featured_media":270064,"template":"","es_locations":[110,77,2728],"es_categories":[124],"es_types":[117],"es_rent_periods":[],"es_labels":[],"es_statuses":[],"es_parkings":[],"es_roofs":[],"es_exterior_materials":[],"es_basements":[],"es_floor_coverings":[],"es_features":[151,2296,2201,2385,2132,2272,2239,2137],"es_amenities":[2270,2298,2206,2386,2140,2273,2256,2144],"es_neighborhoods":[],"es_tags":[],"class_list":["post-270061","properties","type-properties","status-publish","has-post-thumbnail","hentry","es_location-bogota","es_location-bogota-d-c","es_location-el-poa","es_category-arriendo","es_type-locales","es_feature-deposito-bodega","es_feature-en-edificio","es_feature-en-zona-comercial","es_feature-local-exterior","es_feature-parques-cercanos","es_feature-piso-en-baldosa-marmol","es_feature-sobre-via-secundaria","es_feature-zona-comercial","es_amenity-deposito-bodega","es_amenity-en-edificio","es_amenity-en-zona-comercial","es_amenity-local-exterior","es_amenity-parques-cercanos","es_amenity-piso-en-baldosa-marmol","es_amenity-sobre-via-secundaria","es_amenity-zona-comercial","es-post-entity"],"_links":{"self":[{"href":"https:\/\/arriendo.com\/co\/wp-json\/wp\/v2\/properties\/270061","targetHints":{"allow":["GET"]}}],"collection":[{"href":"https:\/\/arriendo.com\/co\/wp-json\/wp\/v2\/properties"}],"about":[{"href":"https:\/\/arriendo.com\/co\/wp-json\/wp\/v2\/types\/properties"}],"author":[{"embeddable":true,"href":"https:\/\/arriendo.com\/co\/wp-json\/wp\/v2\/users\/8095"}],"version-history":[{"count":0,"href":"https:\/\/arriendo.com\/co\/wp-json\/wp\/v2\/properties\/270061\/revisions"}],"wp:featuredmedia":[{"embeddable":true,"href":"https:\/\/arriendo.com\/co\/wp-json\/wp\/v2\/media\/270064"}],"wp:attachment":[{"href":"https:\/\/arriendo.com\/co\/wp-json\/wp\/v2\/media?parent=270061"}],"wp:term":[{"taxonomy":"es_location","embeddable":true,"href":"https:\/\/arriendo.com\/co\/wp-json\/wp\/v2\/es_locations?post=270061"},{"taxonomy":"es_category","embeddable":true,"href":"https:\/\/arriendo.com\/co\/wp-json\/wp\/v2\/es_categories?post=270061"},{"taxonomy":"es_type","embeddable":true,"href":"https:\/\/arriendo.com\/co\/wp-json\/wp\/v2\/es_types?post=270061"},{"taxonomy":"es_rent_period","embeddable":true,"href":"https:\/\/arriendo.com\/co\/wp-json\/wp\/v2\/es_rent_periods?post=270061"},{"taxonomy":"es_label","embeddable":true,"href":"https:\/\/arriendo.com\/co\/wp-json\/wp\/v2\/es_labels?post=270061"},{"taxonomy":"es_status","embeddable":true,"href":"https:\/\/arriendo.com\/co\/wp-json\/wp\/v2\/es_statuses?post=270061"},{"taxonomy":"es_parking","embeddable":true,"href":"https:\/\/arriendo.com\/co\/wp-json\/wp\/v2\/es_parkings?post=270061"},{"taxonomy":"es_roof","embeddable":true,"href":"https:\/\/arriendo.com\/co\/wp-json\/wp\/v2\/es_roofs?post=270061"},{"taxonomy":"es_exterior_material","embeddable":true,"href":"https:\/\/arriendo.com\/co\/wp-json\/wp\/v2\/es_exterior_materials?post=270061"},{"taxonomy":"es_basement","embeddable":true,"href":"https:\/\/arriendo.com\/co\/wp-json\/wp\/v2\/es_basements?post=270061"},{"taxonomy":"es_floor_covering","embeddable":true,"href":"https:\/\/arriendo.com\/co\/wp-json\/wp\/v2\/es_floor_coverings?post=270061"},{"taxonomy":"es_feature","embeddable":true,"href":"https:\/\/arriendo.com\/co\/wp-json\/wp\/v2\/es_features?post=270061"},{"taxonomy":"es_amenity","embeddable":true,"href":"https:\/\/arriendo.com\/co\/wp-json\/wp\/v2\/es_amenities?post=270061"},{"taxonomy":"es_neighborhood","embeddable":true,"href":"https:\/\/arriendo.com\/co\/wp-json\/wp\/v2\/es_neighborhoods?post=270061"},{"taxonomy":"es_tag","embeddable":true,"href":"https:\/\/arriendo.com\/co\/wp-json\/wp\/v2\/es_tags?post=270061"}],"curies":[{"name":"wp","href":"https:\/\/api.w.org\/{rel}","templated":true}]}}

Local en Arriendo en El poa, Bogotá

<p>Rento local en Suba  barrio  poa,  área  39m2, un solo  ambiente, primer  piso, un baño,  un  deposito, servicios  de  agua, luz  y gas son  independientes, estrato 3,  Sector  comercial de  alta  influencia, el local  es  para  estrenar, cerca  a  portal  de  suba,  Super  Cade,  Centro  Comercial  al  Paso,  Centro  Comercial  Plaza  Imperial,  Centro  Suba,  Subazar y  Compensar.  (NO SE  ARRIENDA  PARA  RESTAURANTE  NI  BAR)</p>

Rento local en Suba barrio poa, área 39m2, un solo...
