{"id":269794,"date":"2026-02-10T21:43:07","date_gmt":"2026-02-11T02:43:07","guid":{"rendered":"https:\/\/arriendo.com\/co\/%es_type%\/%address_city%\/%neighborhood%\/bogota-pasadena-apartamento-en-arriendo-en-bb96d7\/"},"modified":"2026-02-10T21:43:07","modified_gmt":"2026-02-11T02:43:07","slug":"AR-269794","status":"publish","type":"properties","link":"https:\/\/arriendo.com\/co\/apartamentos\/bogota\/pasadena\/AR-269794\/","title":{"rendered":"Apartamento en Arriendo en Pasadena, Bogot\u00e1"},"content":{"rendered":"<p>Descubra este moderno apartamento en arriendo. Con 94 m\u00b2 privados, esta propiedad ofrece un dise\u00f1o funcional y acabados de calidad, perfecto para crear su hogar. La antig\u00fcedad de 1 a 8 a\u00f1os asegura una infraestructura actual.  Este apartamento se distingue por sus espacios luminosos y un balc\u00f3n privado en alcobas y sala, ideal para disfrutar del aire libre y las vistas. Los amplios dormitorios cuentan con piso de madera y armarios empotrados, ofreciendo confort y soluciones de almacenamiento. El dise\u00f1o interior fusiona elegancia y practicidad en cada rinc\u00f3n.  Los interiores contempor\u00e1neos se benefician de una generosa entrada de luz natural, creando ambientes c\u00e1lidos y acogedores. El apartamento incluye 2 ba\u00f1os modernos, uno de ellos con ducha , y ventilaci\u00f3n natural. Adem\u00e1s, cuenta con un garaje, garantizando comodidad y seguridad para su veh\u00edculo. Listo para ser habitado y personalizado, este apartamento es una excelente opci\u00f3n de arriendo.<\/p>\n","protected":false},"excerpt":{"rendered":"Descubra este moderno apartamento en arriendo. Con 94 m\u00b2 privados,...","protected":false},"author":7970,"featured_media":269797,"template":"","es_locations":[110,77,241],"es_categories":[124],"es_types":[114],"es_rent_periods":[],"es_labels":[],"es_statuses":[],"es_parkings":[],"es_roofs":[],"es_exterior_materials":[],"es_basements":[],"es_floor_coverings":[],"es_features":[149,131,132,2145,2131,133,2146,2147,2148,151,2196,136,2149,2282,145,2272,2365,2133,2181,2380,2135,2150,143,2136,144,2151,2152],"es_amenities":[2329,152,2186,2153,2139,2154,2155,2156,2157,2270,2197,2158,2159,2287,2160,2273,2366,158,2383,2142,2161,2290,2143,161,2289,162,2162],"es_neighborhoods":[],"es_tags":[],"class_list":["post-269794","properties","type-properties","status-publish","has-post-thumbnail","hentry","es_location-bogota","es_location-bogota-d-c","es_location-pasadena","es_category-arriendo","es_type-apartamentos","es_feature-aire-acondicionado","es_feature-ascensor","es_feature-balcon","es_feature-calentador","es_feature-circuito-cerrado-de-tv","es_feature-citofono","es_feature-cocina-integral","es_feature-cocina-tipo-americano","es_feature-colegios-universidades","es_feature-deposito-bodega","es_feature-en-conjunto-cerrado","es_feature-estudio","es_feature-garajes","es_feature-hall-de-alcobas","es_feature-instalacion-de-gas","es_feature-piso-en-baldosa-marmol","es_feature-planta-electrica","es_feature-porteria-recepcion","es_feature-porteria-vigilancia","es_feature-sala-de-internet","es_feature-sobre-via-principal","es_feature-supermercados-c-comerciales","es_feature-terraza","es_feature-trans-publico-cercano","es_feature-vista-panoramica","es_feature-zona-de-lavanderia","es_feature-zona-residencial","es_amenity-aire-acondicionado","es_amenity-ascensor-privado","es_amenity-balcon","es_amenity-calentador","es_amenity-circuito-cerrado-de-tv","es_amenity-citofono","es_amenity-cocina-integral","es_amenity-cocina-tipo-americano","es_amenity-colegios-universidades","es_amenity-deposito-bodega","es_amenity-en-conjunto-cerrado","es_amenity-estudio","es_amenity-garajes","es_amenity-hall-de-alcobas","es_amenity-instalacion-de-gas","es_amenity-piso-en-baldosa-marmol","es_amenity-planta-electrica","es_amenity-porteria-recepcion","es_amenity-sala-de-internet","es_amenity-sobre-via-principal","es_amenity-supermercados-c-comerciales","es_amenity-terraza","es_amenity-trans-publico-cercano","es_amenity-vigilancia-24-7","es_amenity-vista-panoramica","es_amenity-zona-de-lavanderia","es_amenity-zona-residencial","es-post-entity"],"_links":{"self":[{"href":"https:\/\/arriendo.com\/co\/wp-json\/wp\/v2\/properties\/269794","targetHints":{"allow":["GET"]}}],"collection":[{"href":"https:\/\/arriendo.com\/co\/wp-json\/wp\/v2\/properties"}],"about":[{"href":"https:\/\/arriendo.com\/co\/wp-json\/wp\/v2\/types\/properties"}],"author":[{"embeddable":true,"href":"https:\/\/arriendo.com\/co\/wp-json\/wp\/v2\/users\/7970"}],"version-history":[{"count":0,"href":"https:\/\/arriendo.com\/co\/wp-json\/wp\/v2\/properties\/269794\/revisions"}],"wp:featuredmedia":[{"embeddable":true,"href":"https:\/\/arriendo.com\/co\/wp-json\/wp\/v2\/media\/269797"}],"wp:attachment":[{"href":"https:\/\/arriendo.com\/co\/wp-json\/wp\/v2\/media?parent=269794"}],"wp:term":[{"taxonomy":"es_location","embeddable":true,"href":"https:\/\/arriendo.com\/co\/wp-json\/wp\/v2\/es_locations?post=269794"},{"taxonomy":"es_category","embeddable":true,"href":"https:\/\/arriendo.com\/co\/wp-json\/wp\/v2\/es_categories?post=269794"},{"taxonomy":"es_type","embeddable":true,"href":"https:\/\/arriendo.com\/co\/wp-json\/wp\/v2\/es_types?post=269794"},{"taxonomy":"es_rent_period","embeddable":true,"href":"https:\/\/arriendo.com\/co\/wp-json\/wp\/v2\/es_rent_periods?post=269794"},{"taxonomy":"es_label","embeddable":true,"href":"https:\/\/arriendo.com\/co\/wp-json\/wp\/v2\/es_labels?post=269794"},{"taxonomy":"es_status","embeddable":true,"href":"https:\/\/arriendo.com\/co\/wp-json\/wp\/v2\/es_statuses?post=269794"},{"taxonomy":"es_parking","embeddable":true,"href":"https:\/\/arriendo.com\/co\/wp-json\/wp\/v2\/es_parkings?post=269794"},{"taxonomy":"es_roof","embeddable":true,"href":"https:\/\/arriendo.com\/co\/wp-json\/wp\/v2\/es_roofs?post=269794"},{"taxonomy":"es_exterior_material","embeddable":true,"href":"https:\/\/arriendo.com\/co\/wp-json\/wp\/v2\/es_exterior_materials?post=269794"},{"taxonomy":"es_basement","embeddable":true,"href":"https:\/\/arriendo.com\/co\/wp-json\/wp\/v2\/es_basements?post=269794"},{"taxonomy":"es_floor_covering","embeddable":true,"href":"https:\/\/arriendo.com\/co\/wp-json\/wp\/v2\/es_floor_coverings?post=269794"},{"taxonomy":"es_feature","embeddable":true,"href":"https:\/\/arriendo.com\/co\/wp-json\/wp\/v2\/es_features?post=269794"},{"taxonomy":"es_amenity","embeddable":true,"href":"https:\/\/arriendo.com\/co\/wp-json\/wp\/v2\/es_amenities?post=269794"},{"taxonomy":"es_neighborhood","embeddable":true,"href":"https:\/\/arriendo.com\/co\/wp-json\/wp\/v2\/es_neighborhoods?post=269794"},{"taxonomy":"es_tag","embeddable":true,"href":"https:\/\/arriendo.com\/co\/wp-json\/wp\/v2\/es_tags?post=269794"}],"curies":[{"name":"wp","href":"https:\/\/api.w.org\/{rel}","templated":true}]}}

Apartamento en Arriendo en Pasadena, Bogotá

<p>Descubra este moderno apartamento en arriendo. Con 94 m² privados, esta propiedad ofrece un diseño funcional y acabados de calidad, perfecto para crear su hogar. La antigüedad de 1 a 8 años asegura una infraestructura actual.  Este apartamento se distingue por sus espacios luminosos y un balcón privado en alcobas y sala, ideal para disfrutar del aire libre y las vistas. Los amplios dormitorios cuentan con piso de madera y armarios empotrados, ofreciendo confort y soluciones de almacenamiento. El diseño interior fusiona elegancia y practicidad en cada rincón.  Los interiores contemporáneos se benefician de una generosa entrada de luz natural, creando ambientes cálidos y acogedores. El apartamento incluye 2 baños modernos, uno de ellos con ducha , y ventilación natural. Además, cuenta con un garaje, garantizando comodidad y seguridad para su vehículo. Listo para ser habitado y personalizado, este apartamento es una excelente opción de arriendo.</p>
