{"id":269257,"date":"2026-02-10T20:24:07","date_gmt":"2026-02-11T01:24:07","guid":{"rendered":"https:\/\/arriendo.com\/co\/%es_type%\/%address_city%\/%neighborhood%\/bogota-la-concepcion-oficina-en-arriendo-77fe87\/"},"modified":"2026-02-10T20:24:07","modified_gmt":"2026-02-11T01:24:07","slug":"AR-269257","status":"publish","type":"properties","link":"https:\/\/arriendo.com\/co\/oficinas\/bogota\/la-concepcion\/AR-269257\/","title":{"rendered":"Oficina en  Arriendo en La concepcion, Bogot\u00e1"},"content":{"rendered":"<p>ARRIENDO oficina de 50m2 en Barrios Unidos. Muy iluminada y con vista exterior consta de 2 habitaciones, 1 ba\u00f1o completo, 1 cocineta a gas con calentador a gas, con cableado de red y pisos en baldosa de alta resistencia. Ba\u00f1o auxiliar afuera de la oficina. Tiene 1 parqueadero cubierto. El precio de arrendamiento es con la adminisraci\u00f3n incluida.<\/p>\n<p>El edificio es de cinco pisos, tiene 1 ascensor y est\u00e1 ubicado cerca a Universidades, entidades de salud, comercio, zona bancaria, supermercados, restaurantes. F\u00e1cil acceso a transporte.<\/p>\n","protected":false},"excerpt":{"rendered":"ARRIENDO oficina de 50m2 en Barrios Unidos. Muy iluminada y...","protected":false},"author":7807,"featured_media":269260,"template":"","es_locations":[110,77,2859],"es_categories":[124],"es_types":[116],"es_rent_periods":[],"es_labels":[],"es_statuses":[],"es_parkings":[],"es_roofs":[],"es_exterior_materials":[],"es_basements":[],"es_floor_coverings":[],"es_features":[2292,131,2212,2164,2145,133,2166,2175,2146,2148,2149,145,2370,2132,2272,2133,2181,2136,144,2137],"es_amenities":[2294,152,2217,2187,2153,2154,2189,2190,2155,2157,2159,2160,2371,2140,2273,158,2143,161,2289,2144],"es_neighborhoods":[],"es_tags":[],"class_list":["post-269257","properties","type-properties","status-publish","has-post-thumbnail","hentry","es_location-bogota","es_location-bogota-d-c","es_location-la-concepcion","es_category-arriendo","es_type-oficinas","es_feature-acceso-pavimentado","es_feature-ascensor","es_feature-bano-auxiliar","es_feature-bano-independiente","es_feature-calentador","es_feature-citofono","es_feature-closet","es_feature-cochera","es_feature-cocina-integral","es_feature-colegios-universidades","es_feature-garajes","es_feature-instalacion-de-gas","es_feature-oficina-de-negocios","es_feature-parques-cercanos","es_feature-piso-en-baldosa-marmol","es_feature-porteria-recepcion","es_feature-porteria-vigilancia","es_feature-trans-publico-cercano","es_feature-vista-panoramica","es_feature-zona-comercial","es_amenity-acceso-pavimentado","es_amenity-ascensor-privado","es_amenity-bano-auxiliar","es_amenity-bano-independiente","es_amenity-calentador","es_amenity-citofono","es_amenity-closet","es_amenity-cochera","es_amenity-cocina-integral","es_amenity-colegios-universidades","es_amenity-garajes","es_amenity-instalacion-de-gas","es_amenity-oficina-de-negocios","es_amenity-parques-cercanos","es_amenity-piso-en-baldosa-marmol","es_amenity-porteria-recepcion","es_amenity-trans-publico-cercano","es_amenity-vigilancia-24-7","es_amenity-vista-panoramica","es_amenity-zona-comercial","es-post-entity"],"_links":{"self":[{"href":"https:\/\/arriendo.com\/co\/wp-json\/wp\/v2\/properties\/269257","targetHints":{"allow":["GET"]}}],"collection":[{"href":"https:\/\/arriendo.com\/co\/wp-json\/wp\/v2\/properties"}],"about":[{"href":"https:\/\/arriendo.com\/co\/wp-json\/wp\/v2\/types\/properties"}],"author":[{"embeddable":true,"href":"https:\/\/arriendo.com\/co\/wp-json\/wp\/v2\/users\/7807"}],"version-history":[{"count":0,"href":"https:\/\/arriendo.com\/co\/wp-json\/wp\/v2\/properties\/269257\/revisions"}],"wp:featuredmedia":[{"embeddable":true,"href":"https:\/\/arriendo.com\/co\/wp-json\/wp\/v2\/media\/269260"}],"wp:attachment":[{"href":"https:\/\/arriendo.com\/co\/wp-json\/wp\/v2\/media?parent=269257"}],"wp:term":[{"taxonomy":"es_location","embeddable":true,"href":"https:\/\/arriendo.com\/co\/wp-json\/wp\/v2\/es_locations?post=269257"},{"taxonomy":"es_category","embeddable":true,"href":"https:\/\/arriendo.com\/co\/wp-json\/wp\/v2\/es_categories?post=269257"},{"taxonomy":"es_type","embeddable":true,"href":"https:\/\/arriendo.com\/co\/wp-json\/wp\/v2\/es_types?post=269257"},{"taxonomy":"es_rent_period","embeddable":true,"href":"https:\/\/arriendo.com\/co\/wp-json\/wp\/v2\/es_rent_periods?post=269257"},{"taxonomy":"es_label","embeddable":true,"href":"https:\/\/arriendo.com\/co\/wp-json\/wp\/v2\/es_labels?post=269257"},{"taxonomy":"es_status","embeddable":true,"href":"https:\/\/arriendo.com\/co\/wp-json\/wp\/v2\/es_statuses?post=269257"},{"taxonomy":"es_parking","embeddable":true,"href":"https:\/\/arriendo.com\/co\/wp-json\/wp\/v2\/es_parkings?post=269257"},{"taxonomy":"es_roof","embeddable":true,"href":"https:\/\/arriendo.com\/co\/wp-json\/wp\/v2\/es_roofs?post=269257"},{"taxonomy":"es_exterior_material","embeddable":true,"href":"https:\/\/arriendo.com\/co\/wp-json\/wp\/v2\/es_exterior_materials?post=269257"},{"taxonomy":"es_basement","embeddable":true,"href":"https:\/\/arriendo.com\/co\/wp-json\/wp\/v2\/es_basements?post=269257"},{"taxonomy":"es_floor_covering","embeddable":true,"href":"https:\/\/arriendo.com\/co\/wp-json\/wp\/v2\/es_floor_coverings?post=269257"},{"taxonomy":"es_feature","embeddable":true,"href":"https:\/\/arriendo.com\/co\/wp-json\/wp\/v2\/es_features?post=269257"},{"taxonomy":"es_amenity","embeddable":true,"href":"https:\/\/arriendo.com\/co\/wp-json\/wp\/v2\/es_amenities?post=269257"},{"taxonomy":"es_neighborhood","embeddable":true,"href":"https:\/\/arriendo.com\/co\/wp-json\/wp\/v2\/es_neighborhoods?post=269257"},{"taxonomy":"es_tag","embeddable":true,"href":"https:\/\/arriendo.com\/co\/wp-json\/wp\/v2\/es_tags?post=269257"}],"curies":[{"name":"wp","href":"https:\/\/api.w.org\/{rel}","templated":true}]}}

Oficina en  Arriendo en La concepcion, Bogotá

<p>ARRIENDO oficina de 50m2 en Barrios Unidos. Muy iluminada y con vista exterior consta de 2 habitaciones, 1 baño completo, 1 cocineta a gas con calentador a gas, con cableado de red y pisos en baldosa de alta resistencia. Baño auxiliar afuera de la oficina. Tiene 1 parqueadero cubierto. El precio de arrendamiento es con la adminisración incluida.</p>
<p>El edificio es de cinco pisos, tiene 1 ascensor y está ubicado cerca a Universidades, entidades de salud, comercio, zona bancaria, supermercados, restaurantes. Fácil acceso a transporte.</p>
