{"id":269036,"date":"2026-02-10T19:56:07","date_gmt":"2026-02-11T00:56:07","guid":{"rendered":"https:\/\/arriendo.com\/co\/%es_type%\/%address_city%\/%neighborhood%\/bogota-san-cristobal-sur-local-en-arriendo-en-781831\/"},"modified":"2026-02-10T19:56:07","modified_gmt":"2026-02-11T00:56:07","slug":"AR-269036","status":"publish","type":"properties","link":"https:\/\/arriendo.com\/co\/locales\/bogota\/san-cristobal-sur\/AR-269036\/","title":{"rendered":"Local en Arriendo en San cristobal sur, Bogot\u00e1"},"content":{"rendered":"<p>ARRENDAMOS Local comercial, ubicado en la avenida principal  de San Crist\u00f3bal Sur, frente a reconocidos comercios como Dollar City, Ara e Isimo a media cuadra de la Parroquia y el parque Estructurante San Crist\u00f3bal. Con un \u00e1rea de 40 m\u00b2 (4 x 10 m), este inmueble cuenta con cocineta y ba\u00f1o independiente, luces LED, techos en PVC y servicios de luz independiente agua compartida. El canon mensual es de $2.300.000, ideal para cualquier tipo de negocio que busque visibilidad y una ubicaci\u00f3n estrat\u00e9gica.. Excelente oportunidad para emprendedores o empresas que deseen posicionarse en una zona de alto tr\u00e1nsito. Contrato directo con el propietario, P\u00f3liza con Seguros Mundial. Cita previa de Domingo a Domingo<\/p>\n","protected":false},"excerpt":{"rendered":"ARRENDAMOS Local comercial, ubicado en la avenida principal de San...","protected":false},"author":7778,"featured_media":269039,"template":"","es_locations":[110,77,2887],"es_categories":[124],"es_types":[117],"es_rent_periods":[],"es_labels":[],"es_statuses":[],"es_parkings":[],"es_roofs":[],"es_exterior_materials":[],"es_basements":[],"es_floor_coverings":[],"es_features":[2293,2302,2272,2135,2136,2137],"es_amenities":[2295,2303,2273,2142,2143,2144],"es_neighborhoods":[],"es_tags":[],"class_list":["post-269036","properties","type-properties","status-publish","has-post-thumbnail","hentry","es_location-bogota","es_location-bogota-d-c","es_location-san-cristobal-sur","es_category-arriendo","es_type-locales","es_feature-cerca-centro-comercial","es_feature-cocineta","es_feature-piso-en-baldosa-marmol","es_feature-sobre-via-principal","es_feature-trans-publico-cercano","es_feature-zona-comercial","es_amenity-cerca-centro-comercial","es_amenity-cocineta","es_amenity-piso-en-baldosa-marmol","es_amenity-sobre-via-principal","es_amenity-trans-publico-cercano","es_amenity-zona-comercial","es-post-entity"],"_links":{"self":[{"href":"https:\/\/arriendo.com\/co\/wp-json\/wp\/v2\/properties\/269036","targetHints":{"allow":["GET"]}}],"collection":[{"href":"https:\/\/arriendo.com\/co\/wp-json\/wp\/v2\/properties"}],"about":[{"href":"https:\/\/arriendo.com\/co\/wp-json\/wp\/v2\/types\/properties"}],"author":[{"embeddable":true,"href":"https:\/\/arriendo.com\/co\/wp-json\/wp\/v2\/users\/7778"}],"version-history":[{"count":0,"href":"https:\/\/arriendo.com\/co\/wp-json\/wp\/v2\/properties\/269036\/revisions"}],"wp:featuredmedia":[{"embeddable":true,"href":"https:\/\/arriendo.com\/co\/wp-json\/wp\/v2\/media\/269039"}],"wp:attachment":[{"href":"https:\/\/arriendo.com\/co\/wp-json\/wp\/v2\/media?parent=269036"}],"wp:term":[{"taxonomy":"es_location","embeddable":true,"href":"https:\/\/arriendo.com\/co\/wp-json\/wp\/v2\/es_locations?post=269036"},{"taxonomy":"es_category","embeddable":true,"href":"https:\/\/arriendo.com\/co\/wp-json\/wp\/v2\/es_categories?post=269036"},{"taxonomy":"es_type","embeddable":true,"href":"https:\/\/arriendo.com\/co\/wp-json\/wp\/v2\/es_types?post=269036"},{"taxonomy":"es_rent_period","embeddable":true,"href":"https:\/\/arriendo.com\/co\/wp-json\/wp\/v2\/es_rent_periods?post=269036"},{"taxonomy":"es_label","embeddable":true,"href":"https:\/\/arriendo.com\/co\/wp-json\/wp\/v2\/es_labels?post=269036"},{"taxonomy":"es_status","embeddable":true,"href":"https:\/\/arriendo.com\/co\/wp-json\/wp\/v2\/es_statuses?post=269036"},{"taxonomy":"es_parking","embeddable":true,"href":"https:\/\/arriendo.com\/co\/wp-json\/wp\/v2\/es_parkings?post=269036"},{"taxonomy":"es_roof","embeddable":true,"href":"https:\/\/arriendo.com\/co\/wp-json\/wp\/v2\/es_roofs?post=269036"},{"taxonomy":"es_exterior_material","embeddable":true,"href":"https:\/\/arriendo.com\/co\/wp-json\/wp\/v2\/es_exterior_materials?post=269036"},{"taxonomy":"es_basement","embeddable":true,"href":"https:\/\/arriendo.com\/co\/wp-json\/wp\/v2\/es_basements?post=269036"},{"taxonomy":"es_floor_covering","embeddable":true,"href":"https:\/\/arriendo.com\/co\/wp-json\/wp\/v2\/es_floor_coverings?post=269036"},{"taxonomy":"es_feature","embeddable":true,"href":"https:\/\/arriendo.com\/co\/wp-json\/wp\/v2\/es_features?post=269036"},{"taxonomy":"es_amenity","embeddable":true,"href":"https:\/\/arriendo.com\/co\/wp-json\/wp\/v2\/es_amenities?post=269036"},{"taxonomy":"es_neighborhood","embeddable":true,"href":"https:\/\/arriendo.com\/co\/wp-json\/wp\/v2\/es_neighborhoods?post=269036"},{"taxonomy":"es_tag","embeddable":true,"href":"https:\/\/arriendo.com\/co\/wp-json\/wp\/v2\/es_tags?post=269036"}],"curies":[{"name":"wp","href":"https:\/\/api.w.org\/{rel}","templated":true}]}}

Local en Arriendo en San cristobal sur, Bogotá

<p>ARRENDAMOS Local comercial, ubicado en la avenida principal  de San Cristóbal Sur, frente a reconocidos comercios como Dollar City, Ara e Isimo a media cuadra de la Parroquia y el parque Estructurante San Cristóbal. Con un área de 40 m² (4 x 10 m), este inmueble cuenta con cocineta y baño independiente, luces LED, techos en PVC y servicios de luz independiente agua compartida. El canon mensual es de $2.300.000, ideal para cualquier tipo de negocio que busque visibilidad y una ubicación estratégica.. Excelente oportunidad para emprendedores o empresas que deseen posicionarse en una zona de alto tránsito. Contrato directo con el propietario, Póliza con Seguros Mundial. Cita previa de Domingo a Domingo</p>
