{"id":268997,"date":"2026-02-10T19:50:07","date_gmt":"2026-02-11T00:50:07","guid":{"rendered":"https:\/\/arriendo.com\/co\/%es_type%\/%address_city%\/%neighborhood%\/bogota-la-candelaria-oficina-en-arriendo-en-f7c3ff\/"},"modified":"2026-02-10T19:50:07","modified_gmt":"2026-02-11T00:50:07","slug":"AR-268997","status":"publish","type":"properties","link":"https:\/\/arriendo.com\/co\/oficinas\/bogota\/la-candelaria\/AR-268997\/","title":{"rendered":"Oficina en Arriendo en La Candelaria, Bogot\u00e1"},"content":{"rendered":"<p>Oficina en arriendo ubicada en el sexto piso de un edificio empresarial sobre la Carrera 7 con Calle 12, a una cuadra de la Plaza de Bol\u00edvar. Cuenta con un \u00e1rea total de 247 m\u00b2 distribuidos en seis espacios independientes de oficina con \u00e1reas entre 20 y 45 m\u00b2, dos ba\u00f1os, cocina, bodega de archivo y recepci\u00f3n. El edificio dispone de dos ascensores y porter\u00eda con vigilancia. Se ofrece en arriendo con mobiliario por un valor de $8.500.000 o sin mobiliario por $7.000.000, m\u00e1s administraci\u00f3n de $1.500.000. Excelente ubicaci\u00f3n con \u00f3ptimas v\u00edas de acceso y facilidad de transporte p\u00fablico.<\/p>\n","protected":false},"excerpt":{"rendered":"Oficina en arriendo ubicada en el sexto piso de un...","protected":false},"author":7778,"featured_media":269000,"template":"","es_locations":[110,77,251],"es_categories":[124],"es_types":[116],"es_rent_periods":[],"es_labels":[],"es_statuses":[],"es_parkings":[],"es_roofs":[],"es_exterior_materials":[],"es_basements":[],"es_floor_coverings":[],"es_features":[150,2427,131,2328,2388,2430,2216,2132,2418,2133,2134,2135,2136,2297,2137,2152],"es_amenities":[2387,2431,152,2330,2395,2434,156,2140,2419,158,2141,2142,2143,2299,2144,2162],"es_neighborhoods":[],"es_tags":[],"class_list":["post-268997","properties","type-properties","status-publish","has-post-thumbnail","hentry","es_location-bogota","es_location-bogota-d-c","es_location-la-candelaria","es_category-arriendo","es_type-oficinas","es_feature-alarma","es_feature-alarma-contra-incendio","es_feature-ascensor","es_feature-banos-mixtos","es_feature-control-de-acceso-digital","es_feature-deteccion-de-humo","es_feature-parqueadero-visitantes","es_feature-parques-cercanos","es_feature-piso-en-madera","es_feature-porteria-recepcion","es_feature-servicios-publicos","es_feature-sobre-via-principal","es_feature-trans-publico-cercano","es_feature-ubicada-en-edificio","es_feature-zona-comercial","es_feature-zona-residencial","es_amenity-alarma","es_amenity-alarma-contra-incendio","es_amenity-ascensor-privado","es_amenity-banos-mixtos","es_amenity-control-de-acceso-digital","es_amenity-deteccion-de-humo","es_amenity-parqueadero-visitantes","es_amenity-parques-cercanos","es_amenity-piso-en-madera","es_amenity-porteria-recepcion","es_amenity-servicios-publicos","es_amenity-sobre-via-principal","es_amenity-trans-publico-cercano","es_amenity-ubicada-en-edificio","es_amenity-zona-comercial","es_amenity-zona-residencial","es-post-entity"],"_links":{"self":[{"href":"https:\/\/arriendo.com\/co\/wp-json\/wp\/v2\/properties\/268997","targetHints":{"allow":["GET"]}}],"collection":[{"href":"https:\/\/arriendo.com\/co\/wp-json\/wp\/v2\/properties"}],"about":[{"href":"https:\/\/arriendo.com\/co\/wp-json\/wp\/v2\/types\/properties"}],"author":[{"embeddable":true,"href":"https:\/\/arriendo.com\/co\/wp-json\/wp\/v2\/users\/7778"}],"version-history":[{"count":0,"href":"https:\/\/arriendo.com\/co\/wp-json\/wp\/v2\/properties\/268997\/revisions"}],"wp:featuredmedia":[{"embeddable":true,"href":"https:\/\/arriendo.com\/co\/wp-json\/wp\/v2\/media\/269000"}],"wp:attachment":[{"href":"https:\/\/arriendo.com\/co\/wp-json\/wp\/v2\/media?parent=268997"}],"wp:term":[{"taxonomy":"es_location","embeddable":true,"href":"https:\/\/arriendo.com\/co\/wp-json\/wp\/v2\/es_locations?post=268997"},{"taxonomy":"es_category","embeddable":true,"href":"https:\/\/arriendo.com\/co\/wp-json\/wp\/v2\/es_categories?post=268997"},{"taxonomy":"es_type","embeddable":true,"href":"https:\/\/arriendo.com\/co\/wp-json\/wp\/v2\/es_types?post=268997"},{"taxonomy":"es_rent_period","embeddable":true,"href":"https:\/\/arriendo.com\/co\/wp-json\/wp\/v2\/es_rent_periods?post=268997"},{"taxonomy":"es_label","embeddable":true,"href":"https:\/\/arriendo.com\/co\/wp-json\/wp\/v2\/es_labels?post=268997"},{"taxonomy":"es_status","embeddable":true,"href":"https:\/\/arriendo.com\/co\/wp-json\/wp\/v2\/es_statuses?post=268997"},{"taxonomy":"es_parking","embeddable":true,"href":"https:\/\/arriendo.com\/co\/wp-json\/wp\/v2\/es_parkings?post=268997"},{"taxonomy":"es_roof","embeddable":true,"href":"https:\/\/arriendo.com\/co\/wp-json\/wp\/v2\/es_roofs?post=268997"},{"taxonomy":"es_exterior_material","embeddable":true,"href":"https:\/\/arriendo.com\/co\/wp-json\/wp\/v2\/es_exterior_materials?post=268997"},{"taxonomy":"es_basement","embeddable":true,"href":"https:\/\/arriendo.com\/co\/wp-json\/wp\/v2\/es_basements?post=268997"},{"taxonomy":"es_floor_covering","embeddable":true,"href":"https:\/\/arriendo.com\/co\/wp-json\/wp\/v2\/es_floor_coverings?post=268997"},{"taxonomy":"es_feature","embeddable":true,"href":"https:\/\/arriendo.com\/co\/wp-json\/wp\/v2\/es_features?post=268997"},{"taxonomy":"es_amenity","embeddable":true,"href":"https:\/\/arriendo.com\/co\/wp-json\/wp\/v2\/es_amenities?post=268997"},{"taxonomy":"es_neighborhood","embeddable":true,"href":"https:\/\/arriendo.com\/co\/wp-json\/wp\/v2\/es_neighborhoods?post=268997"},{"taxonomy":"es_tag","embeddable":true,"href":"https:\/\/arriendo.com\/co\/wp-json\/wp\/v2\/es_tags?post=268997"}],"curies":[{"name":"wp","href":"https:\/\/api.w.org\/{rel}","templated":true}]}}

Oficina en Arriendo en La Candelaria, Bogotá

<p>Oficina en arriendo ubicada en el sexto piso de un edificio empresarial sobre la Carrera 7 con Calle 12, a una cuadra de la Plaza de Bolívar. Cuenta con un área total de 247 m² distribuidos en seis espacios independientes de oficina con áreas entre 20 y 45 m², dos baños, cocina, bodega de archivo y recepción. El edificio dispone de dos ascensores y portería con vigilancia. Se ofrece en arriendo con mobiliario por un valor de $8.500.000 o sin mobiliario por $7.000.000, más administración de $1.500.000. Excelente ubicación con óptimas vías de acceso y facilidad de transporte público.</p>
