{"id":268992,"date":"2026-02-10T19:48:07","date_gmt":"2026-02-11T00:48:07","guid":{"rendered":"https:\/\/arriendo.com\/co\/%es_type%\/%address_city%\/%neighborhood%\/bogota-engativa-casa-en-arriendo-en-792874\/"},"modified":"2026-02-10T19:48:07","modified_gmt":"2026-02-11T00:48:07","slug":"AR-268992","status":"publish","type":"properties","link":"https:\/\/arriendo.com\/co\/casas\/bogota\/engativa\/AR-268992\/","title":{"rendered":"Casa en Arriendo en Engativ\u00e1, Bogot\u00e1"},"content":{"rendered":"<p>Se arrienda amplia y luminosa casa en \u00c1lamos, Bogot\u00e1, ubicada frente a un parque de m\u00e1s de 2.000 m\u00b2, en un sector tranquilo y seguro que invita al bienestar diario; cuenta con siete habitaciones totalmente amobladas (cama, mesa de noche, cl\u00f3set y televisor), cuatro ba\u00f1os con ducha, cocina dotada con estufa y menaje, patio con lavadora, cerradura digital con acceso remoto, DVR y c\u00e1maras de seguridad, lo que la convierte en una propiedad lista para vivir o generar ingresos de inmediato; su versatilidad la hace ideal para vivienda familiar, hogar geri\u00e1trico, Airbnb, wcam, jard\u00edn infantil o proyectos de alojamiento; el canon es de $4.000.000 sin amoblar y $4.700.000 amoblada, incluyendo servicios p\u00fablicos (agua, luz y gas); solicita el video general y agenda tu visita para descubrir una oportunidad \u00fanica en el coraz\u00f3n de \u00c1lamos.<\/p>\n","protected":false},"excerpt":{"rendered":"Se arrienda amplia y luminosa casa en \u00c1lamos, Bogot\u00e1, ubicada...","protected":false},"author":7778,"featured_media":268995,"template":"","es_locations":[110,77,215],"es_categories":[124],"es_types":[115],"es_rent_periods":[],"es_labels":[],"es_statuses":[],"es_parkings":[],"es_roofs":[],"es_exterior_materials":[],"es_basements":[],"es_floor_coverings":[],"es_features":[2212,2211,134,2146,2148,136,2282,145,2203,2132,2272,2150,2136,144,2151,2152,2204],"es_amenities":[2217,2210,2313,2155,2157,2158,2287,2160,2208,2140,2273,2161,2143,2289,162,2162,2209],"es_neighborhoods":[],"es_tags":[],"class_list":["post-268992","properties","type-properties","status-publish","has-post-thumbnail","hentry","es_location-bogota","es_location-bogota-d-c","es_location-engativa","es_category-arriendo","es_type-casas","es_feature-bano-auxiliar","es_feature-canchas-deportivas","es_feature-chimenea","es_feature-cocina-integral","es_feature-colegios-universidades","es_feature-estudio","es_feature-hall-de-alcobas","es_feature-instalacion-de-gas","es_feature-jardines-exteriores","es_feature-parques-cercanos","es_feature-piso-en-baldosa-marmol","es_feature-supermercados-c-comerciales","es_feature-trans-publico-cercano","es_feature-vista-panoramica","es_feature-zona-de-lavanderia","es_feature-zona-residencial","es_feature-zonas-verdes","es_amenity-bano-auxiliar","es_amenity-canchas-deportivas","es_amenity-chimenea","es_amenity-cocina-integral","es_amenity-colegios-universidades","es_amenity-estudio","es_amenity-hall-de-alcobas","es_amenity-instalacion-de-gas","es_amenity-jardines-exteriores","es_amenity-parques-cercanos","es_amenity-piso-en-baldosa-marmol","es_amenity-supermercados-c-comerciales","es_amenity-trans-publico-cercano","es_amenity-vista-panoramica","es_amenity-zona-de-lavanderia","es_amenity-zona-residencial","es_amenity-zonas-verdes","es-post-entity"],"_links":{"self":[{"href":"https:\/\/arriendo.com\/co\/wp-json\/wp\/v2\/properties\/268992","targetHints":{"allow":["GET"]}}],"collection":[{"href":"https:\/\/arriendo.com\/co\/wp-json\/wp\/v2\/properties"}],"about":[{"href":"https:\/\/arriendo.com\/co\/wp-json\/wp\/v2\/types\/properties"}],"author":[{"embeddable":true,"href":"https:\/\/arriendo.com\/co\/wp-json\/wp\/v2\/users\/7778"}],"version-history":[{"count":0,"href":"https:\/\/arriendo.com\/co\/wp-json\/wp\/v2\/properties\/268992\/revisions"}],"wp:featuredmedia":[{"embeddable":true,"href":"https:\/\/arriendo.com\/co\/wp-json\/wp\/v2\/media\/268995"}],"wp:attachment":[{"href":"https:\/\/arriendo.com\/co\/wp-json\/wp\/v2\/media?parent=268992"}],"wp:term":[{"taxonomy":"es_location","embeddable":true,"href":"https:\/\/arriendo.com\/co\/wp-json\/wp\/v2\/es_locations?post=268992"},{"taxonomy":"es_category","embeddable":true,"href":"https:\/\/arriendo.com\/co\/wp-json\/wp\/v2\/es_categories?post=268992"},{"taxonomy":"es_type","embeddable":true,"href":"https:\/\/arriendo.com\/co\/wp-json\/wp\/v2\/es_types?post=268992"},{"taxonomy":"es_rent_period","embeddable":true,"href":"https:\/\/arriendo.com\/co\/wp-json\/wp\/v2\/es_rent_periods?post=268992"},{"taxonomy":"es_label","embeddable":true,"href":"https:\/\/arriendo.com\/co\/wp-json\/wp\/v2\/es_labels?post=268992"},{"taxonomy":"es_status","embeddable":true,"href":"https:\/\/arriendo.com\/co\/wp-json\/wp\/v2\/es_statuses?post=268992"},{"taxonomy":"es_parking","embeddable":true,"href":"https:\/\/arriendo.com\/co\/wp-json\/wp\/v2\/es_parkings?post=268992"},{"taxonomy":"es_roof","embeddable":true,"href":"https:\/\/arriendo.com\/co\/wp-json\/wp\/v2\/es_roofs?post=268992"},{"taxonomy":"es_exterior_material","embeddable":true,"href":"https:\/\/arriendo.com\/co\/wp-json\/wp\/v2\/es_exterior_materials?post=268992"},{"taxonomy":"es_basement","embeddable":true,"href":"https:\/\/arriendo.com\/co\/wp-json\/wp\/v2\/es_basements?post=268992"},{"taxonomy":"es_floor_covering","embeddable":true,"href":"https:\/\/arriendo.com\/co\/wp-json\/wp\/v2\/es_floor_coverings?post=268992"},{"taxonomy":"es_feature","embeddable":true,"href":"https:\/\/arriendo.com\/co\/wp-json\/wp\/v2\/es_features?post=268992"},{"taxonomy":"es_amenity","embeddable":true,"href":"https:\/\/arriendo.com\/co\/wp-json\/wp\/v2\/es_amenities?post=268992"},{"taxonomy":"es_neighborhood","embeddable":true,"href":"https:\/\/arriendo.com\/co\/wp-json\/wp\/v2\/es_neighborhoods?post=268992"},{"taxonomy":"es_tag","embeddable":true,"href":"https:\/\/arriendo.com\/co\/wp-json\/wp\/v2\/es_tags?post=268992"}],"curies":[{"name":"wp","href":"https:\/\/api.w.org\/{rel}","templated":true}]}}

Casa en Arriendo en Engativá, Bogotá

<p>Se arrienda amplia y luminosa casa en Álamos, Bogotá, ubicada frente a un parque de más de 2.000 m², en un sector tranquilo y seguro que invita al bienestar diario; cuenta con siete habitaciones totalmente amobladas (cama, mesa de noche, clóset y televisor), cuatro baños con ducha, cocina dotada con estufa y menaje, patio con lavadora, cerradura digital con acceso remoto, DVR y cámaras de seguridad, lo que la convierte en una propiedad lista para vivir o generar ingresos de inmediato; su versatilidad la hace ideal para vivienda familiar, hogar geriátrico, Airbnb, wcam, jardín infantil o proyectos de alojamiento; el canon es de $4.000.000 sin amoblar y $4.700.000 amoblada, incluyendo servicios públicos (agua, luz y gas); solicita el video general y agenda tu visita para descubrir una oportunidad única en el corazón de Álamos.</p>

Se arrienda amplia y luminosa casa en Álamos, Bogotá, ubicada...
