{"id":268955,"date":"2026-02-10T19:42:08","date_gmt":"2026-02-11T00:42:08","guid":{"rendered":"https:\/\/arriendo.com\/co\/%es_type%\/%address_city%\/%neighborhood%\/bogota-prado-veraniego-bodega-en-arriendo-en-06cb48\/"},"modified":"2026-02-10T19:42:08","modified_gmt":"2026-02-11T00:42:08","slug":"AR-268955","status":"publish","type":"properties","link":"https:\/\/arriendo.com\/co\/bodegas\/bogota\/prado-veraniego\/AR-268955\/","title":{"rendered":"Bodega en Arriendo en Prado veraniego, Bogot\u00e1"},"content":{"rendered":"<p>PRADO VERANIEGO a una cuadra autopista norte cl 127c #45, BODEGA 174 MTS2  \u00e1rea abierta  para acondicionar , doble altura ,  Altura libre: 3.0 metro, 10 de frente por 19 de fondo , ingreso camiones , un ba\u00f1o , piso en concreto ,  detr\u00e1s Homesentry  autopista norte con 127 , zona comercial. Excelente ubicaci\u00f3n con f\u00e1cil acceso a v\u00edas principales, transporte p\u00fablico y zonas comerciales. Ideal para empresas, emprendedores o proyectos que requieren espacio amplio, seguro y bien ubicado. ESCUCHO OFERTAS&#8230;<\/p>\n","protected":false},"excerpt":{"rendered":"PRADO VERANIEGO a una cuadra autopista norte cl 127c #45,...","protected":false},"author":7726,"featured_media":268958,"template":"","es_locations":[110,77,649],"es_categories":[124],"es_types":[121],"es_rent_periods":[],"es_labels":[],"es_statuses":[],"es_parkings":[],"es_roofs":[],"es_exterior_materials":[],"es_basements":[],"es_floor_coverings":[],"es_features":[2292,2275,2200,2233,2131,2202,2357,2132,2337,2133,2181,2236,2135,2239,2463,2136,2242,2137,2300],"es_amenities":[2294,2277,2205,2248,2139,2207,2362,2140,2340,158,2194,2253,2142,2256,2465,2143,161,2260,2144,2301],"es_neighborhoods":[],"es_tags":[],"class_list":["post-268955","properties","type-properties","status-publish","has-post-thumbnail","hentry","es_location-bogota","es_location-bogota-d-c","es_location-prado-veraniego","es_category-arriendo","es_type-bodegas","es_feature-acceso-pavimentado","es_feature-bombas-de-gasolina","es_feature-cerca-a-sector-comercial","es_feature-cerca-de-zona-urbana","es_feature-circuito-cerrado-de-tv","es_feature-garaje-parqueaderos","es_feature-parqueadero-interno","es_feature-parques-cercanos","es_feature-piso-en-cemento","es_feature-porteria-recepcion","es_feature-porteria-vigilancia","es_feature-restaurantes","es_feature-sobre-via-principal","es_feature-sobre-via-secundaria","es_feature-tanques-de-agua","es_feature-trans-publico-cercano","es_feature-vigilancia-privada-247","es_feature-zona-comercial","es_feature-zona-industrial","es_amenity-acceso-pavimentado","es_amenity-bombas-de-gasolina","es_amenity-cerca-a-sector-comercial","es_amenity-cerca-de-zona-urbana","es_amenity-circuito-cerrado-de-tv","es_amenity-garaje-parqueaderos","es_amenity-parqueadero-interno","es_amenity-parques-cercanos","es_amenity-piso-en-cemento","es_amenity-porteria-recepcion","es_amenity-porteria-vigilancia","es_amenity-restaurantes","es_amenity-sobre-via-principal","es_amenity-sobre-via-secundaria","es_amenity-tanques-de-agua","es_amenity-trans-publico-cercano","es_amenity-vigilancia-24-7","es_amenity-vigilancia-privada-247","es_amenity-zona-comercial","es_amenity-zona-industrial","es-post-entity"],"_links":{"self":[{"href":"https:\/\/arriendo.com\/co\/wp-json\/wp\/v2\/properties\/268955","targetHints":{"allow":["GET"]}}],"collection":[{"href":"https:\/\/arriendo.com\/co\/wp-json\/wp\/v2\/properties"}],"about":[{"href":"https:\/\/arriendo.com\/co\/wp-json\/wp\/v2\/types\/properties"}],"author":[{"embeddable":true,"href":"https:\/\/arriendo.com\/co\/wp-json\/wp\/v2\/users\/7726"}],"version-history":[{"count":0,"href":"https:\/\/arriendo.com\/co\/wp-json\/wp\/v2\/properties\/268955\/revisions"}],"wp:featuredmedia":[{"embeddable":true,"href":"https:\/\/arriendo.com\/co\/wp-json\/wp\/v2\/media\/268958"}],"wp:attachment":[{"href":"https:\/\/arriendo.com\/co\/wp-json\/wp\/v2\/media?parent=268955"}],"wp:term":[{"taxonomy":"es_location","embeddable":true,"href":"https:\/\/arriendo.com\/co\/wp-json\/wp\/v2\/es_locations?post=268955"},{"taxonomy":"es_category","embeddable":true,"href":"https:\/\/arriendo.com\/co\/wp-json\/wp\/v2\/es_categories?post=268955"},{"taxonomy":"es_type","embeddable":true,"href":"https:\/\/arriendo.com\/co\/wp-json\/wp\/v2\/es_types?post=268955"},{"taxonomy":"es_rent_period","embeddable":true,"href":"https:\/\/arriendo.com\/co\/wp-json\/wp\/v2\/es_rent_periods?post=268955"},{"taxonomy":"es_label","embeddable":true,"href":"https:\/\/arriendo.com\/co\/wp-json\/wp\/v2\/es_labels?post=268955"},{"taxonomy":"es_status","embeddable":true,"href":"https:\/\/arriendo.com\/co\/wp-json\/wp\/v2\/es_statuses?post=268955"},{"taxonomy":"es_parking","embeddable":true,"href":"https:\/\/arriendo.com\/co\/wp-json\/wp\/v2\/es_parkings?post=268955"},{"taxonomy":"es_roof","embeddable":true,"href":"https:\/\/arriendo.com\/co\/wp-json\/wp\/v2\/es_roofs?post=268955"},{"taxonomy":"es_exterior_material","embeddable":true,"href":"https:\/\/arriendo.com\/co\/wp-json\/wp\/v2\/es_exterior_materials?post=268955"},{"taxonomy":"es_basement","embeddable":true,"href":"https:\/\/arriendo.com\/co\/wp-json\/wp\/v2\/es_basements?post=268955"},{"taxonomy":"es_floor_covering","embeddable":true,"href":"https:\/\/arriendo.com\/co\/wp-json\/wp\/v2\/es_floor_coverings?post=268955"},{"taxonomy":"es_feature","embeddable":true,"href":"https:\/\/arriendo.com\/co\/wp-json\/wp\/v2\/es_features?post=268955"},{"taxonomy":"es_amenity","embeddable":true,"href":"https:\/\/arriendo.com\/co\/wp-json\/wp\/v2\/es_amenities?post=268955"},{"taxonomy":"es_neighborhood","embeddable":true,"href":"https:\/\/arriendo.com\/co\/wp-json\/wp\/v2\/es_neighborhoods?post=268955"},{"taxonomy":"es_tag","embeddable":true,"href":"https:\/\/arriendo.com\/co\/wp-json\/wp\/v2\/es_tags?post=268955"}],"curies":[{"name":"wp","href":"https:\/\/api.w.org\/{rel}","templated":true}]}}

Bodega en Arriendo en Prado veraniego, Bogotá

<p>PRADO VERANIEGO a una cuadra autopista norte cl 127c #45, BODEGA 174 MTS2  área abierta  para acondicionar , doble altura ,  Altura libre: 3.0 metro, 10 de frente por 19 de fondo , ingreso camiones , un baño , piso en concreto ,  detrás Homesentry  autopista norte con 127 , zona comercial. Excelente ubicación con fácil acceso a vías principales, transporte público y zonas comerciales. Ideal para empresas, emprendedores o proyectos que requieren espacio amplio, seguro y bien ubicado. ESCUCHO OFERTAS&#8230;</p>
