{"id":268842,"date":"2026-02-10T19:28:07","date_gmt":"2026-02-11T00:28:07","guid":{"rendered":"https:\/\/arriendo.com\/co\/%es_type%\/%address_city%\/%neighborhood%\/bogota-san-victorino-local-en-arriendo-en-756efa\/"},"modified":"2026-02-10T19:28:07","modified_gmt":"2026-02-11T00:28:07","slug":"AR-268842","status":"publish","type":"properties","link":"https:\/\/arriendo.com\/co\/locales\/bogota\/san-victorino\/AR-268842\/","title":{"rendered":"Local en Arriendo en San victorino, Bogot\u00e1"},"content":{"rendered":"<p>CENTRO DE BOGOTA,  CALLE 12  con cra 8a.!!OPORTUNIDAD DE NEGOCIO!!! , para instalar un peque\u00f1o centro comercial de jugueteria, bisuteria y demas  , Excelente ubicacion , se arrienda amplio inmueble ubicado en un 2o. piso  en el centro de Bogot\u00e1, en la de aproximadamente 500 metros cuadrados, que cuenta con varios salones y diferentes ambientes, ideal para el funcionamiento de restaurantes, oficinas o distintos tipos de locales comerciales, con excelente ubicaci\u00f3n estrat\u00e9gica en una de las zonas m\u00e1s concurridas de la ciudad. Cerca a Transmilenio , transporte permanente, parqueaderos frente al local , excelente ubicaci\u00f3n.<\/p>\n","protected":false},"excerpt":{"rendered":"CENTRO DE BOGOTA, CALLE 12 con cra 8a.!!OPORTUNIDAD DE NEGOCIO!!!...","protected":false},"author":7726,"featured_media":268845,"template":"","es_locations":[110,77,1748],"es_categories":[124],"es_types":[117],"es_rent_periods":[],"es_labels":[],"es_statuses":[],"es_parkings":[],"es_roofs":[],"es_exterior_materials":[],"es_basements":[],"es_floor_coverings":[],"es_features":[2201,2385,2132,2272,2135,2239,2228,2137],"es_amenities":[2206,2386,2140,2273,2142,2256,2258,2144],"es_neighborhoods":[],"es_tags":[],"class_list":["post-268842","properties","type-properties","status-publish","has-post-thumbnail","hentry","es_location-bogota","es_location-bogota-d-c","es_location-san-victorino","es_category-arriendo","es_type-locales","es_feature-en-zona-comercial","es_feature-local-exterior","es_feature-parques-cercanos","es_feature-piso-en-baldosa-marmol","es_feature-sobre-via-principal","es_feature-sobre-via-secundaria","es_feature-ventilacion-natural","es_feature-zona-comercial","es_amenity-en-zona-comercial","es_amenity-local-exterior","es_amenity-parques-cercanos","es_amenity-piso-en-baldosa-marmol","es_amenity-sobre-via-principal","es_amenity-sobre-via-secundaria","es_amenity-ventilacion-natural","es_amenity-zona-comercial","es-post-entity"],"_links":{"self":[{"href":"https:\/\/arriendo.com\/co\/wp-json\/wp\/v2\/properties\/268842","targetHints":{"allow":["GET"]}}],"collection":[{"href":"https:\/\/arriendo.com\/co\/wp-json\/wp\/v2\/properties"}],"about":[{"href":"https:\/\/arriendo.com\/co\/wp-json\/wp\/v2\/types\/properties"}],"author":[{"embeddable":true,"href":"https:\/\/arriendo.com\/co\/wp-json\/wp\/v2\/users\/7726"}],"version-history":[{"count":0,"href":"https:\/\/arriendo.com\/co\/wp-json\/wp\/v2\/properties\/268842\/revisions"}],"wp:featuredmedia":[{"embeddable":true,"href":"https:\/\/arriendo.com\/co\/wp-json\/wp\/v2\/media\/268845"}],"wp:attachment":[{"href":"https:\/\/arriendo.com\/co\/wp-json\/wp\/v2\/media?parent=268842"}],"wp:term":[{"taxonomy":"es_location","embeddable":true,"href":"https:\/\/arriendo.com\/co\/wp-json\/wp\/v2\/es_locations?post=268842"},{"taxonomy":"es_category","embeddable":true,"href":"https:\/\/arriendo.com\/co\/wp-json\/wp\/v2\/es_categories?post=268842"},{"taxonomy":"es_type","embeddable":true,"href":"https:\/\/arriendo.com\/co\/wp-json\/wp\/v2\/es_types?post=268842"},{"taxonomy":"es_rent_period","embeddable":true,"href":"https:\/\/arriendo.com\/co\/wp-json\/wp\/v2\/es_rent_periods?post=268842"},{"taxonomy":"es_label","embeddable":true,"href":"https:\/\/arriendo.com\/co\/wp-json\/wp\/v2\/es_labels?post=268842"},{"taxonomy":"es_status","embeddable":true,"href":"https:\/\/arriendo.com\/co\/wp-json\/wp\/v2\/es_statuses?post=268842"},{"taxonomy":"es_parking","embeddable":true,"href":"https:\/\/arriendo.com\/co\/wp-json\/wp\/v2\/es_parkings?post=268842"},{"taxonomy":"es_roof","embeddable":true,"href":"https:\/\/arriendo.com\/co\/wp-json\/wp\/v2\/es_roofs?post=268842"},{"taxonomy":"es_exterior_material","embeddable":true,"href":"https:\/\/arriendo.com\/co\/wp-json\/wp\/v2\/es_exterior_materials?post=268842"},{"taxonomy":"es_basement","embeddable":true,"href":"https:\/\/arriendo.com\/co\/wp-json\/wp\/v2\/es_basements?post=268842"},{"taxonomy":"es_floor_covering","embeddable":true,"href":"https:\/\/arriendo.com\/co\/wp-json\/wp\/v2\/es_floor_coverings?post=268842"},{"taxonomy":"es_feature","embeddable":true,"href":"https:\/\/arriendo.com\/co\/wp-json\/wp\/v2\/es_features?post=268842"},{"taxonomy":"es_amenity","embeddable":true,"href":"https:\/\/arriendo.com\/co\/wp-json\/wp\/v2\/es_amenities?post=268842"},{"taxonomy":"es_neighborhood","embeddable":true,"href":"https:\/\/arriendo.com\/co\/wp-json\/wp\/v2\/es_neighborhoods?post=268842"},{"taxonomy":"es_tag","embeddable":true,"href":"https:\/\/arriendo.com\/co\/wp-json\/wp\/v2\/es_tags?post=268842"}],"curies":[{"name":"wp","href":"https:\/\/api.w.org\/{rel}","templated":true}]}}

Local en Arriendo en San victorino, Bogotá

<p>CENTRO DE BOGOTA,  CALLE 12  con cra 8a.!!OPORTUNIDAD DE NEGOCIO!!! , para instalar un pequeño centro comercial de jugueteria, bisuteria y demas  , Excelente ubicacion , se arrienda amplio inmueble ubicado en un 2o. piso  en el centro de Bogotá, en la de aproximadamente 500 metros cuadrados, que cuenta con varios salones y diferentes ambientes, ideal para el funcionamiento de restaurantes, oficinas o distintos tipos de locales comerciales, con excelente ubicación estratégica en una de las zonas más concurridas de la ciudad. Cerca a Transmilenio , transporte permanente, parqueaderos frente al local , excelente ubicación.</p>
