{"id":268439,"date":"2026-02-10T18:34:07","date_gmt":"2026-02-10T23:34:07","guid":{"rendered":"https:\/\/arriendo.com\/co\/%es_type%\/%address_city%\/%neighborhood%\/bogota-unicentro-bogota-local-en-arriendo-f2deaf\/"},"modified":"2026-02-10T18:34:07","modified_gmt":"2026-02-10T23:34:07","slug":"AR-268439","status":"publish","type":"properties","link":"https:\/\/arriendo.com\/co\/locales\/bogota\/unicentro-bogota\/AR-268439\/","title":{"rendered":"Local en  Arriendo en Unicentro Bogot\u00e1, Bogot\u00e1"},"content":{"rendered":"<p>Local ubicado estrat\u00e9gicamente en una de las \u00e1reas con muy buen tr\u00e1fico, en el mejor centro comercial de Bogot\u00e1, UNICENTRO .  <\/p>\n<p>Con un \u00e1rea de 585Mts ideal para almacenes de grandes superficies. Espacio abierto y adaptable! <\/p>\n<p>El local cuenta con instalaciones el\u00e9ctricas, bater\u00eda de ba\u00f1os y  dep\u00f3sito. <\/p>\n<p>Unicentro ofrece servicio de seguridad 24 horas, amplios estacionamientos y acceso directo desde el transporte p\u00fablico.<\/p>\n<p>No te pierdas esta oportunidad para que tu marca haga parte del mejor centro comercial de Bogot\u00e1. <\/p>\n<p>Valor de administraci\u00f3n de Siete millones ochocientos mil pesos <\/p>\n<p>Valor del c\u00e1non + iva + administraci\u00f3n.<\/p>\n","protected":false},"excerpt":{"rendered":"Local ubicado estrat\u00e9gicamente en una de las \u00e1reas con muy...","protected":false},"author":7599,"featured_media":268442,"template":"","es_locations":[110,77,2470],"es_categories":[124],"es_types":[117],"es_rent_periods":[],"es_labels":[],"es_statuses":[],"es_parkings":[],"es_roofs":[],"es_exterior_materials":[],"es_basements":[],"es_floor_coverings":[],"es_features":[151,2216,2132,2181,2135,2137,2152],"es_amenities":[2270,156,2140,2142,161,2144,2162],"es_neighborhoods":[],"es_tags":[],"class_list":["post-268439","properties","type-properties","status-publish","has-post-thumbnail","hentry","es_location-bogota","es_location-bogota-d-c","es_location-unicentro-bogota","es_category-arriendo","es_type-locales","es_feature-deposito-bodega","es_feature-parqueadero-visitantes","es_feature-parques-cercanos","es_feature-porteria-vigilancia","es_feature-sobre-via-principal","es_feature-zona-comercial","es_feature-zona-residencial","es_amenity-deposito-bodega","es_amenity-parqueadero-visitantes","es_amenity-parques-cercanos","es_amenity-sobre-via-principal","es_amenity-vigilancia-24-7","es_amenity-zona-comercial","es_amenity-zona-residencial","es-post-entity"],"_links":{"self":[{"href":"https:\/\/arriendo.com\/co\/wp-json\/wp\/v2\/properties\/268439","targetHints":{"allow":["GET"]}}],"collection":[{"href":"https:\/\/arriendo.com\/co\/wp-json\/wp\/v2\/properties"}],"about":[{"href":"https:\/\/arriendo.com\/co\/wp-json\/wp\/v2\/types\/properties"}],"author":[{"embeddable":true,"href":"https:\/\/arriendo.com\/co\/wp-json\/wp\/v2\/users\/7599"}],"version-history":[{"count":0,"href":"https:\/\/arriendo.com\/co\/wp-json\/wp\/v2\/properties\/268439\/revisions"}],"wp:featuredmedia":[{"embeddable":true,"href":"https:\/\/arriendo.com\/co\/wp-json\/wp\/v2\/media\/268442"}],"wp:attachment":[{"href":"https:\/\/arriendo.com\/co\/wp-json\/wp\/v2\/media?parent=268439"}],"wp:term":[{"taxonomy":"es_location","embeddable":true,"href":"https:\/\/arriendo.com\/co\/wp-json\/wp\/v2\/es_locations?post=268439"},{"taxonomy":"es_category","embeddable":true,"href":"https:\/\/arriendo.com\/co\/wp-json\/wp\/v2\/es_categories?post=268439"},{"taxonomy":"es_type","embeddable":true,"href":"https:\/\/arriendo.com\/co\/wp-json\/wp\/v2\/es_types?post=268439"},{"taxonomy":"es_rent_period","embeddable":true,"href":"https:\/\/arriendo.com\/co\/wp-json\/wp\/v2\/es_rent_periods?post=268439"},{"taxonomy":"es_label","embeddable":true,"href":"https:\/\/arriendo.com\/co\/wp-json\/wp\/v2\/es_labels?post=268439"},{"taxonomy":"es_status","embeddable":true,"href":"https:\/\/arriendo.com\/co\/wp-json\/wp\/v2\/es_statuses?post=268439"},{"taxonomy":"es_parking","embeddable":true,"href":"https:\/\/arriendo.com\/co\/wp-json\/wp\/v2\/es_parkings?post=268439"},{"taxonomy":"es_roof","embeddable":true,"href":"https:\/\/arriendo.com\/co\/wp-json\/wp\/v2\/es_roofs?post=268439"},{"taxonomy":"es_exterior_material","embeddable":true,"href":"https:\/\/arriendo.com\/co\/wp-json\/wp\/v2\/es_exterior_materials?post=268439"},{"taxonomy":"es_basement","embeddable":true,"href":"https:\/\/arriendo.com\/co\/wp-json\/wp\/v2\/es_basements?post=268439"},{"taxonomy":"es_floor_covering","embeddable":true,"href":"https:\/\/arriendo.com\/co\/wp-json\/wp\/v2\/es_floor_coverings?post=268439"},{"taxonomy":"es_feature","embeddable":true,"href":"https:\/\/arriendo.com\/co\/wp-json\/wp\/v2\/es_features?post=268439"},{"taxonomy":"es_amenity","embeddable":true,"href":"https:\/\/arriendo.com\/co\/wp-json\/wp\/v2\/es_amenities?post=268439"},{"taxonomy":"es_neighborhood","embeddable":true,"href":"https:\/\/arriendo.com\/co\/wp-json\/wp\/v2\/es_neighborhoods?post=268439"},{"taxonomy":"es_tag","embeddable":true,"href":"https:\/\/arriendo.com\/co\/wp-json\/wp\/v2\/es_tags?post=268439"}],"curies":[{"name":"wp","href":"https:\/\/api.w.org\/{rel}","templated":true}]}}

Local en  Arriendo en Unicentro Bogotá, Bogotá

<p>Local ubicado estratégicamente en una de las áreas con muy buen tráfico, en el mejor centro comercial de Bogotá, UNICENTRO .  </p>
<p>Con un área de 585Mts ideal para almacenes de grandes superficies. Espacio abierto y adaptable! </p>
<p>El local cuenta con instalaciones eléctricas, batería de baños y  depósito. </p>
<p>Unicentro ofrece servicio de seguridad 24 horas, amplios estacionamientos y acceso directo desde el transporte público.</p>
<p>No te pierdas esta oportunidad para que tu marca haga parte del mejor centro comercial de Bogotá. </p>
<p>Valor de administración de Siete millones ochocientos mil pesos </p>
<p>Valor del cánon + iva + administración.</p>

Local ubicado estratégicamente en una de las áreas con muy...
