{"id":268131,"date":"2026-02-10T17:54:07","date_gmt":"2026-02-10T22:54:07","guid":{"rendered":"https:\/\/arriendo.com\/co\/%es_type%\/%address_city%\/%neighborhood%\/bogota-la-cabrera-apartamento-en-arriendo-en-f089a4\/"},"modified":"2026-02-10T17:54:07","modified_gmt":"2026-02-10T22:54:07","slug":"AR-268131","status":"publish","type":"properties","link":"https:\/\/arriendo.com\/co\/apartamentos\/bogota\/la-cabrera\/AR-268131\/","title":{"rendered":"Apartamento en Arriendo en La cabrera, Bogot\u00e1"},"content":{"rendered":"<p>Se alquila amplio apartamento duplex,  ubicado en una de las zonas m\u00e1s exclusivas de Bogot\u00e1 D.C. en el barrio la cabrera, cuenta con una extensi\u00f3n privada de 103 metros cuadrados, distribuidos en la primera planta esta la sala comedor con chimenea, cocina abierta con nevera, estufa a gas y zona de lavander\u00eda,  ba\u00f1o social, al bajar a la segunda planta estan las dos alcobas la principal con ba\u00f1o y  closet empotrados, la segunda alcoba  con ba\u00f1o fuera de ella y closet<\/p>\n<p>El apartamento cuenta con 2 garajes independientes y un dep\u00f3sito. El edificio cuenta con una zona de lavanderia comunal  en el 1er piso, un sal\u00f3n social con  terraza.  dos ascensores, porter\u00eda y vigilancia las 24 horas del d\u00eda.<\/p>\n<p>Su ubicaci\u00f3n privilegiada te ofrece la cercan\u00eda a centros comerciales, colegios, universidades y una amplia variedad de establecimientos que facilitan la vida cotidiana. Adem\u00e1s, cuenta con parqueadero para visitantes, lo que hace m\u00e1s f\u00e1cil recibir a tus invitados. No pierdas la oportunidad de vivir en este inmueble \u00fanico, cont\u00e1ctame para m\u00e1s informaci\u00f3n y separar una visita. \u00a1Te encantar\u00e1!<\/p>\n","protected":false},"excerpt":{"rendered":"Se alquila amplio apartamento duplex, ubicado en una de las...","protected":false},"author":7475,"featured_media":268134,"template":"","es_locations":[110,77,226],"es_categories":[124],"es_types":[114],"es_rent_periods":[],"es_labels":[],"es_statuses":[],"es_parkings":[],"es_roofs":[],"es_exterior_materials":[],"es_basements":[],"es_floor_coverings":[],"es_features":[131,2212,2164,2263,2145,134,133,2166,2274,2148,151,2216,2133,2181,2182,2150,2185],"es_amenities":[152,2217,2187,2269,2153,2313,2154,2189,2278,2157,2270,156,158,159,2161,161,2173],"es_neighborhoods":[],"es_tags":[],"class_list":["post-268131","properties","type-properties","status-publish","has-post-thumbnail","hentry","es_location-bogota","es_location-bogota-d-c","es_location-la-cabrera","es_category-arriendo","es_type-apartamentos","es_feature-ascensor","es_feature-bano-auxiliar","es_feature-bano-independiente","es_feature-barra-estilo-americano","es_feature-calentador","es_feature-chimenea","es_feature-citofono","es_feature-closet","es_feature-cocina-equipada","es_feature-colegios-universidades","es_feature-deposito-bodega","es_feature-parqueadero-visitantes","es_feature-porteria-recepcion","es_feature-porteria-vigilancia","es_feature-salon-comunal","es_feature-supermercados-c-comerciales","es_feature-zona-infantil","es_amenity-ascensor-privado","es_amenity-bano-auxiliar","es_amenity-bano-independiente","es_amenity-barra-estilo-americano","es_amenity-calentador","es_amenity-chimenea","es_amenity-citofono","es_amenity-closet","es_amenity-cocina-equipada","es_amenity-colegios-universidades","es_amenity-deposito-bodega","es_amenity-parqueadero-visitantes","es_amenity-porteria-recepcion","es_amenity-salon-comunal","es_amenity-supermercados-c-comerciales","es_amenity-vigilancia-24-7","es_amenity-zona-infantil","es-post-entity"],"_links":{"self":[{"href":"https:\/\/arriendo.com\/co\/wp-json\/wp\/v2\/properties\/268131","targetHints":{"allow":["GET"]}}],"collection":[{"href":"https:\/\/arriendo.com\/co\/wp-json\/wp\/v2\/properties"}],"about":[{"href":"https:\/\/arriendo.com\/co\/wp-json\/wp\/v2\/types\/properties"}],"author":[{"embeddable":true,"href":"https:\/\/arriendo.com\/co\/wp-json\/wp\/v2\/users\/7475"}],"version-history":[{"count":0,"href":"https:\/\/arriendo.com\/co\/wp-json\/wp\/v2\/properties\/268131\/revisions"}],"wp:featuredmedia":[{"embeddable":true,"href":"https:\/\/arriendo.com\/co\/wp-json\/wp\/v2\/media\/268134"}],"wp:attachment":[{"href":"https:\/\/arriendo.com\/co\/wp-json\/wp\/v2\/media?parent=268131"}],"wp:term":[{"taxonomy":"es_location","embeddable":true,"href":"https:\/\/arriendo.com\/co\/wp-json\/wp\/v2\/es_locations?post=268131"},{"taxonomy":"es_category","embeddable":true,"href":"https:\/\/arriendo.com\/co\/wp-json\/wp\/v2\/es_categories?post=268131"},{"taxonomy":"es_type","embeddable":true,"href":"https:\/\/arriendo.com\/co\/wp-json\/wp\/v2\/es_types?post=268131"},{"taxonomy":"es_rent_period","embeddable":true,"href":"https:\/\/arriendo.com\/co\/wp-json\/wp\/v2\/es_rent_periods?post=268131"},{"taxonomy":"es_label","embeddable":true,"href":"https:\/\/arriendo.com\/co\/wp-json\/wp\/v2\/es_labels?post=268131"},{"taxonomy":"es_status","embeddable":true,"href":"https:\/\/arriendo.com\/co\/wp-json\/wp\/v2\/es_statuses?post=268131"},{"taxonomy":"es_parking","embeddable":true,"href":"https:\/\/arriendo.com\/co\/wp-json\/wp\/v2\/es_parkings?post=268131"},{"taxonomy":"es_roof","embeddable":true,"href":"https:\/\/arriendo.com\/co\/wp-json\/wp\/v2\/es_roofs?post=268131"},{"taxonomy":"es_exterior_material","embeddable":true,"href":"https:\/\/arriendo.com\/co\/wp-json\/wp\/v2\/es_exterior_materials?post=268131"},{"taxonomy":"es_basement","embeddable":true,"href":"https:\/\/arriendo.com\/co\/wp-json\/wp\/v2\/es_basements?post=268131"},{"taxonomy":"es_floor_covering","embeddable":true,"href":"https:\/\/arriendo.com\/co\/wp-json\/wp\/v2\/es_floor_coverings?post=268131"},{"taxonomy":"es_feature","embeddable":true,"href":"https:\/\/arriendo.com\/co\/wp-json\/wp\/v2\/es_features?post=268131"},{"taxonomy":"es_amenity","embeddable":true,"href":"https:\/\/arriendo.com\/co\/wp-json\/wp\/v2\/es_amenities?post=268131"},{"taxonomy":"es_neighborhood","embeddable":true,"href":"https:\/\/arriendo.com\/co\/wp-json\/wp\/v2\/es_neighborhoods?post=268131"},{"taxonomy":"es_tag","embeddable":true,"href":"https:\/\/arriendo.com\/co\/wp-json\/wp\/v2\/es_tags?post=268131"}],"curies":[{"name":"wp","href":"https:\/\/api.w.org\/{rel}","templated":true}]}}

Apartamento en Arriendo en La cabrera, Bogotá

<p>Se alquila amplio apartamento duplex,  ubicado en una de las zonas más exclusivas de Bogotá D.C. en el barrio la cabrera, cuenta con una extensión privada de 103 metros cuadrados, distribuidos en la primera planta esta la sala comedor con chimenea, cocina abierta con nevera, estufa a gas y zona de lavandería,  baño social, al bajar a la segunda planta estan las dos alcobas la principal con baño y  closet empotrados, la segunda alcoba  con baño fuera de ella y closet</p>
<p>El apartamento cuenta con 2 garajes independientes y un depósito. El edificio cuenta con una zona de lavanderia comunal  en el 1er piso, un salón social con  terraza.  dos ascensores, portería y vigilancia las 24 horas del día.</p>
<p>Su ubicación privilegiada te ofrece la cercanía a centros comerciales, colegios, universidades y una amplia variedad de establecimientos que facilitan la vida cotidiana. Además, cuenta con parqueadero para visitantes, lo que hace más fácil recibir a tus invitados. No pierdas la oportunidad de vivir en este inmueble único, contáctame para más información y separar una visita. ¡Te encantará!</p>
