{"id":267748,"date":"2026-02-10T17:02:07","date_gmt":"2026-02-10T22:02:07","guid":{"rendered":"https:\/\/arriendo.com\/co\/%es_type%\/%address_city%\/%neighborhood%\/bogota-tierra-buena-apartamento-en-arriendo-en-f13fd7\/"},"modified":"2026-02-10T17:02:07","modified_gmt":"2026-02-10T22:02:07","slug":"AR-267748","status":"publish","type":"properties","link":"https:\/\/arriendo.com\/co\/apartamentos\/bogota\/tierra-buena\/AR-267748\/","title":{"rendered":"Apartamento en Arriendo en Tierra Buena, Bogot\u00e1"},"content":{"rendered":"<p>Excelente oportunidad de arrendamiento: acogedor apartamento exterior en un tercer piso. Este inmueble cuenta con dos c\u00f3modas alcobas, un ba\u00f1o completo, un luminoso sal\u00f3n comedor, cocina funcional y una pr\u00e1ctica zona de ropas. Su ubicaci\u00f3n estrat\u00e9gica garantiza f\u00e1cil acceso a v\u00edas principales, cercan\u00eda a supermercados de cadena, paraderos del SITP y una vibrante zona comercial, facilitando as\u00ed su d\u00eda a d\u00eda. Ideal para quienes buscan comodidad y accesibilidad.<\/p>\n","protected":false},"excerpt":{"rendered":"Excelente oportunidad de arrendamiento: acogedor apartamento exterior en un tercer...","protected":false},"author":4102,"featured_media":267751,"template":"","es_locations":[110,77,3017],"es_categories":[124],"es_types":[114],"es_rent_periods":[],"es_labels":[],"es_statuses":[],"es_parkings":[],"es_roofs":[],"es_exterior_materials":[],"es_basements":[],"es_floor_coverings":[],"es_features":[2145,2211,2131,2146,2148,2196,2282,145,2132,2133,2181,2135,2150,2136,2376,2137,2151,2185,2152,2204],"es_amenities":[2153,2210,2139,2155,2157,2197,2287,2160,2140,158,2142,2161,2143,161,2377,2144,162,2173,2162,2209],"es_neighborhoods":[],"es_tags":[],"class_list":["post-267748","properties","type-properties","status-publish","has-post-thumbnail","hentry","es_location-bogota","es_location-bogota-d-c","es_location-tierra-buena","es_category-arriendo","es_type-apartamentos","es_feature-calentador","es_feature-canchas-deportivas","es_feature-circuito-cerrado-de-tv","es_feature-cocina-integral","es_feature-colegios-universidades","es_feature-en-conjunto-cerrado","es_feature-hall-de-alcobas","es_feature-instalacion-de-gas","es_feature-parques-cercanos","es_feature-porteria-recepcion","es_feature-porteria-vigilancia","es_feature-sobre-via-principal","es_feature-supermercados-c-comerciales","es_feature-trans-publico-cercano","es_feature-vivienda-multifamiliar","es_feature-zona-comercial","es_feature-zona-de-lavanderia","es_feature-zona-infantil","es_feature-zona-residencial","es_feature-zonas-verdes","es_amenity-calentador","es_amenity-canchas-deportivas","es_amenity-circuito-cerrado-de-tv","es_amenity-cocina-integral","es_amenity-colegios-universidades","es_amenity-en-conjunto-cerrado","es_amenity-hall-de-alcobas","es_amenity-instalacion-de-gas","es_amenity-parques-cercanos","es_amenity-porteria-recepcion","es_amenity-sobre-via-principal","es_amenity-supermercados-c-comerciales","es_amenity-trans-publico-cercano","es_amenity-vigilancia-24-7","es_amenity-vivienda-multifamiliar","es_amenity-zona-comercial","es_amenity-zona-de-lavanderia","es_amenity-zona-infantil","es_amenity-zona-residencial","es_amenity-zonas-verdes","es-post-entity"],"_links":{"self":[{"href":"https:\/\/arriendo.com\/co\/wp-json\/wp\/v2\/properties\/267748","targetHints":{"allow":["GET"]}}],"collection":[{"href":"https:\/\/arriendo.com\/co\/wp-json\/wp\/v2\/properties"}],"about":[{"href":"https:\/\/arriendo.com\/co\/wp-json\/wp\/v2\/types\/properties"}],"author":[{"embeddable":true,"href":"https:\/\/arriendo.com\/co\/wp-json\/wp\/v2\/users\/4102"}],"version-history":[{"count":0,"href":"https:\/\/arriendo.com\/co\/wp-json\/wp\/v2\/properties\/267748\/revisions"}],"wp:featuredmedia":[{"embeddable":true,"href":"https:\/\/arriendo.com\/co\/wp-json\/wp\/v2\/media\/267751"}],"wp:attachment":[{"href":"https:\/\/arriendo.com\/co\/wp-json\/wp\/v2\/media?parent=267748"}],"wp:term":[{"taxonomy":"es_location","embeddable":true,"href":"https:\/\/arriendo.com\/co\/wp-json\/wp\/v2\/es_locations?post=267748"},{"taxonomy":"es_category","embeddable":true,"href":"https:\/\/arriendo.com\/co\/wp-json\/wp\/v2\/es_categories?post=267748"},{"taxonomy":"es_type","embeddable":true,"href":"https:\/\/arriendo.com\/co\/wp-json\/wp\/v2\/es_types?post=267748"},{"taxonomy":"es_rent_period","embeddable":true,"href":"https:\/\/arriendo.com\/co\/wp-json\/wp\/v2\/es_rent_periods?post=267748"},{"taxonomy":"es_label","embeddable":true,"href":"https:\/\/arriendo.com\/co\/wp-json\/wp\/v2\/es_labels?post=267748"},{"taxonomy":"es_status","embeddable":true,"href":"https:\/\/arriendo.com\/co\/wp-json\/wp\/v2\/es_statuses?post=267748"},{"taxonomy":"es_parking","embeddable":true,"href":"https:\/\/arriendo.com\/co\/wp-json\/wp\/v2\/es_parkings?post=267748"},{"taxonomy":"es_roof","embeddable":true,"href":"https:\/\/arriendo.com\/co\/wp-json\/wp\/v2\/es_roofs?post=267748"},{"taxonomy":"es_exterior_material","embeddable":true,"href":"https:\/\/arriendo.com\/co\/wp-json\/wp\/v2\/es_exterior_materials?post=267748"},{"taxonomy":"es_basement","embeddable":true,"href":"https:\/\/arriendo.com\/co\/wp-json\/wp\/v2\/es_basements?post=267748"},{"taxonomy":"es_floor_covering","embeddable":true,"href":"https:\/\/arriendo.com\/co\/wp-json\/wp\/v2\/es_floor_coverings?post=267748"},{"taxonomy":"es_feature","embeddable":true,"href":"https:\/\/arriendo.com\/co\/wp-json\/wp\/v2\/es_features?post=267748"},{"taxonomy":"es_amenity","embeddable":true,"href":"https:\/\/arriendo.com\/co\/wp-json\/wp\/v2\/es_amenities?post=267748"},{"taxonomy":"es_neighborhood","embeddable":true,"href":"https:\/\/arriendo.com\/co\/wp-json\/wp\/v2\/es_neighborhoods?post=267748"},{"taxonomy":"es_tag","embeddable":true,"href":"https:\/\/arriendo.com\/co\/wp-json\/wp\/v2\/es_tags?post=267748"}],"curies":[{"name":"wp","href":"https:\/\/api.w.org\/{rel}","templated":true}]}}

Apartamento en Arriendo en Tierra Buena, Bogotá

<p>Excelente oportunidad de arrendamiento: acogedor apartamento exterior en un tercer piso. Este inmueble cuenta con dos cómodas alcobas, un baño completo, un luminoso salón comedor, cocina funcional y una práctica zona de ropas. Su ubicación estratégica garantiza fácil acceso a vías principales, cercanía a supermercados de cadena, paraderos del SITP y una vibrante zona comercial, facilitando así su día a día. Ideal para quienes buscan comodidad y accesibilidad.</p>
