{"id":267213,"date":"2026-02-10T16:06:24","date_gmt":"2026-02-10T21:06:24","guid":{"rendered":"https:\/\/arriendo.com\/co\/%es_type%\/%address_city%\/%neighborhood%\/pereira-cerritos-apartamento-en-arriendo-en-0c31da\/"},"modified":"2026-02-10T16:06:24","modified_gmt":"2026-02-10T21:06:24","slug":"AR-267213","status":"publish","type":"properties","link":"https:\/\/arriendo.com\/co\/apartamentos\/pereira\/cerritos\/AR-267213\/","title":{"rendered":"Apartamento en Arriendo en Cerritos, Pereira"},"content":{"rendered":"<p>Exclusivo apartamento en renta en Ivory, con una generosa \u00e1rea de 130 m\u00b2. Este espacioso inmueble cuenta con tres luminosas habitaciones y tres ba\u00f1os completos, ofreciendo privacidad y confort. Dispone de un estudio ideal para trabajo remoto o como espacio adicional. La sala comedor se integra armoniosamente con un balc\u00f3n que invita a disfrutar de vistas agradables. La moderna cocina integral, equipada con una pr\u00e1ctica isla americana, es perfecta para los amantes de la gastronom\u00eda. Incluye una zona de ropas independiente, dos parqueaderos privados y un cuarto \u00fatil, garantizando funcionalidad y almacenamiento.&#8221;<\/p>\n","protected":false},"excerpt":{"rendered":"Exclusivo apartamento en renta en Ivory, con una generosa \u00e1rea...","protected":false},"author":7191,"featured_media":267216,"template":"","es_locations":[232,231,102],"es_categories":[124],"es_types":[114],"es_rent_periods":[],"es_labels":[],"es_statuses":[],"es_parkings":[],"es_roofs":[],"es_exterior_materials":[],"es_basements":[],"es_floor_coverings":[],"es_features":[131,132,2263,2146,2196,145],"es_amenities":[152,2186,2269,2155,2197,2160],"es_neighborhoods":[],"es_tags":[],"class_list":["post-267213","properties","type-properties","status-publish","has-post-thumbnail","hentry","es_location-cerritos","es_location-pereira","es_location-risaralda","es_category-arriendo","es_type-apartamentos","es_feature-ascensor","es_feature-balcon","es_feature-barra-estilo-americano","es_feature-cocina-integral","es_feature-en-conjunto-cerrado","es_feature-instalacion-de-gas","es_amenity-ascensor-privado","es_amenity-balcon","es_amenity-barra-estilo-americano","es_amenity-cocina-integral","es_amenity-en-conjunto-cerrado","es_amenity-instalacion-de-gas","es-post-entity"],"_links":{"self":[{"href":"https:\/\/arriendo.com\/co\/wp-json\/wp\/v2\/properties\/267213","targetHints":{"allow":["GET"]}}],"collection":[{"href":"https:\/\/arriendo.com\/co\/wp-json\/wp\/v2\/properties"}],"about":[{"href":"https:\/\/arriendo.com\/co\/wp-json\/wp\/v2\/types\/properties"}],"author":[{"embeddable":true,"href":"https:\/\/arriendo.com\/co\/wp-json\/wp\/v2\/users\/7191"}],"version-history":[{"count":0,"href":"https:\/\/arriendo.com\/co\/wp-json\/wp\/v2\/properties\/267213\/revisions"}],"wp:featuredmedia":[{"embeddable":true,"href":"https:\/\/arriendo.com\/co\/wp-json\/wp\/v2\/media\/267216"}],"wp:attachment":[{"href":"https:\/\/arriendo.com\/co\/wp-json\/wp\/v2\/media?parent=267213"}],"wp:term":[{"taxonomy":"es_location","embeddable":true,"href":"https:\/\/arriendo.com\/co\/wp-json\/wp\/v2\/es_locations?post=267213"},{"taxonomy":"es_category","embeddable":true,"href":"https:\/\/arriendo.com\/co\/wp-json\/wp\/v2\/es_categories?post=267213"},{"taxonomy":"es_type","embeddable":true,"href":"https:\/\/arriendo.com\/co\/wp-json\/wp\/v2\/es_types?post=267213"},{"taxonomy":"es_rent_period","embeddable":true,"href":"https:\/\/arriendo.com\/co\/wp-json\/wp\/v2\/es_rent_periods?post=267213"},{"taxonomy":"es_label","embeddable":true,"href":"https:\/\/arriendo.com\/co\/wp-json\/wp\/v2\/es_labels?post=267213"},{"taxonomy":"es_status","embeddable":true,"href":"https:\/\/arriendo.com\/co\/wp-json\/wp\/v2\/es_statuses?post=267213"},{"taxonomy":"es_parking","embeddable":true,"href":"https:\/\/arriendo.com\/co\/wp-json\/wp\/v2\/es_parkings?post=267213"},{"taxonomy":"es_roof","embeddable":true,"href":"https:\/\/arriendo.com\/co\/wp-json\/wp\/v2\/es_roofs?post=267213"},{"taxonomy":"es_exterior_material","embeddable":true,"href":"https:\/\/arriendo.com\/co\/wp-json\/wp\/v2\/es_exterior_materials?post=267213"},{"taxonomy":"es_basement","embeddable":true,"href":"https:\/\/arriendo.com\/co\/wp-json\/wp\/v2\/es_basements?post=267213"},{"taxonomy":"es_floor_covering","embeddable":true,"href":"https:\/\/arriendo.com\/co\/wp-json\/wp\/v2\/es_floor_coverings?post=267213"},{"taxonomy":"es_feature","embeddable":true,"href":"https:\/\/arriendo.com\/co\/wp-json\/wp\/v2\/es_features?post=267213"},{"taxonomy":"es_amenity","embeddable":true,"href":"https:\/\/arriendo.com\/co\/wp-json\/wp\/v2\/es_amenities?post=267213"},{"taxonomy":"es_neighborhood","embeddable":true,"href":"https:\/\/arriendo.com\/co\/wp-json\/wp\/v2\/es_neighborhoods?post=267213"},{"taxonomy":"es_tag","embeddable":true,"href":"https:\/\/arriendo.com\/co\/wp-json\/wp\/v2\/es_tags?post=267213"}],"curies":[{"name":"wp","href":"https:\/\/api.w.org\/{rel}","templated":true}]}}

<p>Exclusivo apartamento en renta en Ivory, con una generosa área de 130 m². Este espacioso inmueble cuenta con tres luminosas habitaciones y tres baños completos, ofreciendo privacidad y confort. Dispone de un estudio ideal para trabajo remoto o como espacio adicional. La sala comedor se integra armoniosamente con un balcón que invita a disfrutar de vistas agradables. La moderna cocina integral, equipada con una práctica isla americana, es perfecta para los amantes de la gastronomía. Incluye una zona de ropas independiente, dos parqueaderos privados y un cuarto útil, garantizando funcionalidad y almacenamiento.&#8221;</p>

Exclusivo apartamento en renta en Ivory, con una generosa área...
