{"id":266224,"date":"2026-02-10T14:01:06","date_gmt":"2026-02-10T19:01:06","guid":{"rendered":"https:\/\/arriendo.com\/co\/%es_type%\/%address_city%\/%neighborhood%\/bogota-quinta-camacho-oficina-en-arriendo-2b544e\/"},"modified":"2026-02-10T14:01:06","modified_gmt":"2026-02-10T19:01:06","slug":"AR-266224","status":"publish","type":"properties","link":"https:\/\/arriendo.com\/co\/oficinas\/bogota\/quinta-camacho\/AR-266224\/","title":{"rendered":"Oficina en  Arriendo en Quinta camacho, Bogot\u00e1"},"content":{"rendered":"<p>Oficinas ubicadas en el coraz\u00f3n de la zona financiera de Bogot\u00e1 en la calle 72, piso alto con vista al sur y norte de la ciudad dando iluminaci\u00f3n natural en toda la oficina, 4 ascensores, cocineta con zona para comedor, 2 bater\u00edas de ba\u00f1os ( una de hombres y otra para las damas), una oficina privada con ba\u00f1o independiente, espacios abiertos donde se pueden ubicar oficinas independientes, 2 s\u00f3tanos de parqueaderos con vigilancia privada 24 horas, rentrada  con recepcionistas y  con tarjeta magn\u00e9tica, 10 parqueaderos contactar a Camilo Calderon<\/p>\n","protected":false},"excerpt":{"rendered":"Oficinas ubicadas en el coraz\u00f3n de la zona financiera de...","protected":false},"author":6965,"featured_media":266227,"template":"","es_locations":[110,77,987],"es_categories":[124],"es_types":[116],"es_rent_periods":[],"es_labels":[],"es_statuses":[],"es_parkings":[],"es_roofs":[],"es_exterior_materials":[],"es_basements":[],"es_floor_coverings":[],"es_features":[149,131,2224,2131,133,2302,2213,2490,2226,2393,2216,2132,2418,2133,2134,2135,2390,2136,2297,2137],"es_amenities":[2329,152,2247,2139,2154,2303,2218,2491,2251,2396,156,2140,2419,158,2141,2142,2398,2143,2299,2144],"es_neighborhoods":[],"es_tags":[],"class_list":["post-266224","properties","type-properties","status-publish","has-post-thumbnail","hentry","es_location-bogota","es_location-bogota-d-c","es_location-quinta-camacho","es_category-arriendo","es_type-oficinas","es_feature-aire-acondicionado","es_feature-ascensor","es_feature-cableado-de-red","es_feature-circuito-cerrado-de-tv","es_feature-citofono","es_feature-cocineta","es_feature-comedor","es_feature-cuarto-de-escoltas","es_feature-escalera-de-emergencia","es_feature-parqueadero-inteligente","es_feature-parqueadero-visitantes","es_feature-parques-cercanos","es_feature-piso-en-madera","es_feature-porteria-recepcion","es_feature-servicios-publicos","es_feature-sobre-via-principal","es_feature-tarjetas-inteligentes","es_feature-trans-publico-cercano","es_feature-ubicada-en-edificio","es_feature-zona-comercial","es_amenity-aire-acondicionado","es_amenity-ascensor-privado","es_amenity-cableado-de-red","es_amenity-circuito-cerrado-de-tv","es_amenity-citofono","es_amenity-cocineta","es_amenity-comedor","es_amenity-cuarto-de-escoltas","es_amenity-escalera-de-emergencia","es_amenity-parqueadero-inteligente","es_amenity-parqueadero-visitantes","es_amenity-parques-cercanos","es_amenity-piso-en-madera","es_amenity-porteria-recepcion","es_amenity-servicios-publicos","es_amenity-sobre-via-principal","es_amenity-tarjetas-inteligentes","es_amenity-trans-publico-cercano","es_amenity-ubicada-en-edificio","es_amenity-zona-comercial","es-post-entity"],"_links":{"self":[{"href":"https:\/\/arriendo.com\/co\/wp-json\/wp\/v2\/properties\/266224","targetHints":{"allow":["GET"]}}],"collection":[{"href":"https:\/\/arriendo.com\/co\/wp-json\/wp\/v2\/properties"}],"about":[{"href":"https:\/\/arriendo.com\/co\/wp-json\/wp\/v2\/types\/properties"}],"author":[{"embeddable":true,"href":"https:\/\/arriendo.com\/co\/wp-json\/wp\/v2\/users\/6965"}],"version-history":[{"count":0,"href":"https:\/\/arriendo.com\/co\/wp-json\/wp\/v2\/properties\/266224\/revisions"}],"wp:featuredmedia":[{"embeddable":true,"href":"https:\/\/arriendo.com\/co\/wp-json\/wp\/v2\/media\/266227"}],"wp:attachment":[{"href":"https:\/\/arriendo.com\/co\/wp-json\/wp\/v2\/media?parent=266224"}],"wp:term":[{"taxonomy":"es_location","embeddable":true,"href":"https:\/\/arriendo.com\/co\/wp-json\/wp\/v2\/es_locations?post=266224"},{"taxonomy":"es_category","embeddable":true,"href":"https:\/\/arriendo.com\/co\/wp-json\/wp\/v2\/es_categories?post=266224"},{"taxonomy":"es_type","embeddable":true,"href":"https:\/\/arriendo.com\/co\/wp-json\/wp\/v2\/es_types?post=266224"},{"taxonomy":"es_rent_period","embeddable":true,"href":"https:\/\/arriendo.com\/co\/wp-json\/wp\/v2\/es_rent_periods?post=266224"},{"taxonomy":"es_label","embeddable":true,"href":"https:\/\/arriendo.com\/co\/wp-json\/wp\/v2\/es_labels?post=266224"},{"taxonomy":"es_status","embeddable":true,"href":"https:\/\/arriendo.com\/co\/wp-json\/wp\/v2\/es_statuses?post=266224"},{"taxonomy":"es_parking","embeddable":true,"href":"https:\/\/arriendo.com\/co\/wp-json\/wp\/v2\/es_parkings?post=266224"},{"taxonomy":"es_roof","embeddable":true,"href":"https:\/\/arriendo.com\/co\/wp-json\/wp\/v2\/es_roofs?post=266224"},{"taxonomy":"es_exterior_material","embeddable":true,"href":"https:\/\/arriendo.com\/co\/wp-json\/wp\/v2\/es_exterior_materials?post=266224"},{"taxonomy":"es_basement","embeddable":true,"href":"https:\/\/arriendo.com\/co\/wp-json\/wp\/v2\/es_basements?post=266224"},{"taxonomy":"es_floor_covering","embeddable":true,"href":"https:\/\/arriendo.com\/co\/wp-json\/wp\/v2\/es_floor_coverings?post=266224"},{"taxonomy":"es_feature","embeddable":true,"href":"https:\/\/arriendo.com\/co\/wp-json\/wp\/v2\/es_features?post=266224"},{"taxonomy":"es_amenity","embeddable":true,"href":"https:\/\/arriendo.com\/co\/wp-json\/wp\/v2\/es_amenities?post=266224"},{"taxonomy":"es_neighborhood","embeddable":true,"href":"https:\/\/arriendo.com\/co\/wp-json\/wp\/v2\/es_neighborhoods?post=266224"},{"taxonomy":"es_tag","embeddable":true,"href":"https:\/\/arriendo.com\/co\/wp-json\/wp\/v2\/es_tags?post=266224"}],"curies":[{"name":"wp","href":"https:\/\/api.w.org\/{rel}","templated":true}]}}

Oficina en  Arriendo en Quinta camacho, Bogotá

<p>Oficinas ubicadas en el corazón de la zona financiera de Bogotá en la calle 72, piso alto con vista al sur y norte de la ciudad dando iluminación natural en toda la oficina, 4 ascensores, cocineta con zona para comedor, 2 baterías de baños ( una de hombres y otra para las damas), una oficina privada con baño independiente, espacios abiertos donde se pueden ubicar oficinas independientes, 2 sótanos de parqueaderos con vigilancia privada 24 horas, rentrada  con recepcionistas y  con tarjeta magnética, 10 parqueaderos contactar a Camilo Calderon</p>

Oficinas ubicadas en el corazón de la zona financiera de...
