{"id":266020,"date":"2026-02-10T13:37:06","date_gmt":"2026-02-10T18:37:06","guid":{"rendered":"https:\/\/arriendo.com\/co\/%es_type%\/%address_city%\/%neighborhood%\/bogota-santa-teresa-apartamento-en-arriendo-en-2879c7\/"},"modified":"2026-02-10T13:37:06","modified_gmt":"2026-02-10T18:37:06","slug":"AR-266020","status":"publish","type":"properties","link":"https:\/\/arriendo.com\/co\/apartamentos\/bogota\/santa-teresa\/AR-266020\/","title":{"rendered":"Apartamento en Arriendo en Santa teresa, Bogot\u00e1"},"content":{"rendered":"<p>Excelente apartamento exterior de 53.30 m2 con 3 alcobas con closet, 1 ba\u00f1o completo, sala-comedor amplia, cocina cerrada a gas, zona de lavander\u00eda, hall de alcobas y parqueadero privado. En edificio con vigilancia 24\/7, CCTV, cancha multideportiva, parque infantil, parqueadero de visitantes, bicicletero, y zona para descansar o tomar el sol. <\/p>\n<p>En zona residencial con acceso a parques, supermercados, colegios, v\u00edas principales, transporte p\u00fablico y centros m\u00e9dicos.<\/p>\n","protected":false},"excerpt":{"rendered":"Excelente apartamento exterior de 53.30 m2 con 3 alcobas con...","protected":false},"author":6934,"featured_media":266023,"template":"","es_locations":[110,77,408],"es_categories":[124],"es_types":[114],"es_rent_periods":[],"es_labels":[],"es_statuses":[],"es_parkings":[],"es_roofs":[],"es_exterior_materials":[],"es_basements":[],"es_floor_coverings":[],"es_features":[2168,2211,2293,133,2166,2146,145,2203,2272,2227,2136,144,2185,2152],"es_amenities":[2195,2210,2295,2154,2189,2155,2160,2208,2273,2255,2143,2289,2173,2162],"es_neighborhoods":[],"es_tags":[],"class_list":["post-266020","properties","type-properties","status-publish","has-post-thumbnail","hentry","es_location-bogota","es_location-bogota-d-c","es_location-santa-teresa","es_category-arriendo","es_type-apartamentos","es_feature-area-urbana","es_feature-canchas-deportivas","es_feature-cerca-centro-comercial","es_feature-citofono","es_feature-closet","es_feature-cocina-integral","es_feature-instalacion-de-gas","es_feature-jardines-exteriores","es_feature-piso-en-baldosa-marmol","es_feature-shut-de-basura","es_feature-trans-publico-cercano","es_feature-vista-panoramica","es_feature-zona-infantil","es_feature-zona-residencial","es_amenity-area-urbana","es_amenity-canchas-deportivas","es_amenity-cerca-centro-comercial","es_amenity-citofono","es_amenity-closet","es_amenity-cocina-integral","es_amenity-instalacion-de-gas","es_amenity-jardines-exteriores","es_amenity-piso-en-baldosa-marmol","es_amenity-shut-de-basura","es_amenity-trans-publico-cercano","es_amenity-vista-panoramica","es_amenity-zona-infantil","es_amenity-zona-residencial","es-post-entity"],"_links":{"self":[{"href":"https:\/\/arriendo.com\/co\/wp-json\/wp\/v2\/properties\/266020","targetHints":{"allow":["GET"]}}],"collection":[{"href":"https:\/\/arriendo.com\/co\/wp-json\/wp\/v2\/properties"}],"about":[{"href":"https:\/\/arriendo.com\/co\/wp-json\/wp\/v2\/types\/properties"}],"author":[{"embeddable":true,"href":"https:\/\/arriendo.com\/co\/wp-json\/wp\/v2\/users\/6934"}],"version-history":[{"count":0,"href":"https:\/\/arriendo.com\/co\/wp-json\/wp\/v2\/properties\/266020\/revisions"}],"wp:featuredmedia":[{"embeddable":true,"href":"https:\/\/arriendo.com\/co\/wp-json\/wp\/v2\/media\/266023"}],"wp:attachment":[{"href":"https:\/\/arriendo.com\/co\/wp-json\/wp\/v2\/media?parent=266020"}],"wp:term":[{"taxonomy":"es_location","embeddable":true,"href":"https:\/\/arriendo.com\/co\/wp-json\/wp\/v2\/es_locations?post=266020"},{"taxonomy":"es_category","embeddable":true,"href":"https:\/\/arriendo.com\/co\/wp-json\/wp\/v2\/es_categories?post=266020"},{"taxonomy":"es_type","embeddable":true,"href":"https:\/\/arriendo.com\/co\/wp-json\/wp\/v2\/es_types?post=266020"},{"taxonomy":"es_rent_period","embeddable":true,"href":"https:\/\/arriendo.com\/co\/wp-json\/wp\/v2\/es_rent_periods?post=266020"},{"taxonomy":"es_label","embeddable":true,"href":"https:\/\/arriendo.com\/co\/wp-json\/wp\/v2\/es_labels?post=266020"},{"taxonomy":"es_status","embeddable":true,"href":"https:\/\/arriendo.com\/co\/wp-json\/wp\/v2\/es_statuses?post=266020"},{"taxonomy":"es_parking","embeddable":true,"href":"https:\/\/arriendo.com\/co\/wp-json\/wp\/v2\/es_parkings?post=266020"},{"taxonomy":"es_roof","embeddable":true,"href":"https:\/\/arriendo.com\/co\/wp-json\/wp\/v2\/es_roofs?post=266020"},{"taxonomy":"es_exterior_material","embeddable":true,"href":"https:\/\/arriendo.com\/co\/wp-json\/wp\/v2\/es_exterior_materials?post=266020"},{"taxonomy":"es_basement","embeddable":true,"href":"https:\/\/arriendo.com\/co\/wp-json\/wp\/v2\/es_basements?post=266020"},{"taxonomy":"es_floor_covering","embeddable":true,"href":"https:\/\/arriendo.com\/co\/wp-json\/wp\/v2\/es_floor_coverings?post=266020"},{"taxonomy":"es_feature","embeddable":true,"href":"https:\/\/arriendo.com\/co\/wp-json\/wp\/v2\/es_features?post=266020"},{"taxonomy":"es_amenity","embeddable":true,"href":"https:\/\/arriendo.com\/co\/wp-json\/wp\/v2\/es_amenities?post=266020"},{"taxonomy":"es_neighborhood","embeddable":true,"href":"https:\/\/arriendo.com\/co\/wp-json\/wp\/v2\/es_neighborhoods?post=266020"},{"taxonomy":"es_tag","embeddable":true,"href":"https:\/\/arriendo.com\/co\/wp-json\/wp\/v2\/es_tags?post=266020"}],"curies":[{"name":"wp","href":"https:\/\/api.w.org\/{rel}","templated":true}]}}

Apartamento en Arriendo en Santa teresa, Bogotá

<p>Excelente apartamento exterior de 53.30 m2 con 3 alcobas con closet, 1 baño completo, sala-comedor amplia, cocina cerrada a gas, zona de lavandería, hall de alcobas y parqueadero privado. En edificio con vigilancia 24/7, CCTV, cancha multideportiva, parque infantil, parqueadero de visitantes, bicicletero, y zona para descansar o tomar el sol. </p>
<p>En zona residencial con acceso a parques, supermercados, colegios, vías principales, transporte público y centros médicos.</p>
