{"id":266003,"date":"2026-02-10T13:35:08","date_gmt":"2026-02-10T18:35:08","guid":{"rendered":"https:\/\/arriendo.com\/co\/%es_type%\/%address_city%\/%neighborhood%\/bogota-el-virrey-apartamento-en-arriendo-en-c483e2\/"},"modified":"2026-02-10T13:35:08","modified_gmt":"2026-02-10T18:35:08","slug":"AR-266003","status":"publish","type":"properties","link":"https:\/\/arriendo.com\/co\/apartamentos\/bogota\/el-virrey\/AR-266003\/","title":{"rendered":"Apartamento en Arriendo en El Virrey, Bogot\u00e1"},"content":{"rendered":"<p>Hermoso y acogedor apartamento amoblado de 74.38 m2. Cuenta con 2 alcobas amplias,  sala-comedor, estudio o zona de estar, cocina integral, 1 ba\u00f1o completo, 1 ba\u00f1o social, zona de lavanderia, 2 parqueaderos cubiertos y dep\u00f3sito.<\/p>\n<p>En edificio con vigilacia 24\/7, CCTV, terraza BBQ, sala de recepci\u00f3n y gimnasio.<\/p>\n<p>En zona exclusiva y tranquila, con acceso a parques, restaurantes, centros comerciales, clinicas, vias principales, colegios, universidades y mucho mas!.<\/p>\n","protected":false},"excerpt":{"rendered":"Hermoso y acogedor apartamento amoblado de 74.38 m2. Cuenta con...","protected":false},"author":6934,"featured_media":266006,"template":"","es_locations":[110,77,1398],"es_categories":[124],"es_types":[114],"es_rent_periods":[],"es_labels":[],"es_statuses":[],"es_parkings":[],"es_roofs":[],"es_exterior_materials":[],"es_basements":[],"es_floor_coverings":[],"es_features":[131,2212,2145,2131,133,2146,2148,151,136,2149,2179,2282,2132,2133,2181,2150,143,2136,2151,2152],"es_amenities":[152,2217,2153,2139,2154,2155,2157,2270,2158,2159,154,2287,2140,158,2161,2290,2143,161,162,2162],"es_neighborhoods":[],"es_tags":[],"class_list":["post-266003","properties","type-properties","status-publish","has-post-thumbnail","hentry","es_location-bogota","es_location-bogota-d-c","es_location-el-virrey","es_category-arriendo","es_type-apartamentos","es_feature-ascensor","es_feature-bano-auxiliar","es_feature-calentador","es_feature-circuito-cerrado-de-tv","es_feature-citofono","es_feature-cocina-integral","es_feature-colegios-universidades","es_feature-deposito-bodega","es_feature-estudio","es_feature-garajes","es_feature-gimnasio","es_feature-hall-de-alcobas","es_feature-parques-cercanos","es_feature-porteria-recepcion","es_feature-porteria-vigilancia","es_feature-supermercados-c-comerciales","es_feature-terraza","es_feature-trans-publico-cercano","es_feature-zona-de-lavanderia","es_feature-zona-residencial","es_amenity-ascensor-privado","es_amenity-bano-auxiliar","es_amenity-calentador","es_amenity-circuito-cerrado-de-tv","es_amenity-citofono","es_amenity-cocina-integral","es_amenity-colegios-universidades","es_amenity-deposito-bodega","es_amenity-estudio","es_amenity-garajes","es_amenity-gimnasio","es_amenity-hall-de-alcobas","es_amenity-parques-cercanos","es_amenity-porteria-recepcion","es_amenity-supermercados-c-comerciales","es_amenity-terraza","es_amenity-trans-publico-cercano","es_amenity-vigilancia-24-7","es_amenity-zona-de-lavanderia","es_amenity-zona-residencial","es-post-entity"],"_links":{"self":[{"href":"https:\/\/arriendo.com\/co\/wp-json\/wp\/v2\/properties\/266003","targetHints":{"allow":["GET"]}}],"collection":[{"href":"https:\/\/arriendo.com\/co\/wp-json\/wp\/v2\/properties"}],"about":[{"href":"https:\/\/arriendo.com\/co\/wp-json\/wp\/v2\/types\/properties"}],"author":[{"embeddable":true,"href":"https:\/\/arriendo.com\/co\/wp-json\/wp\/v2\/users\/6934"}],"version-history":[{"count":0,"href":"https:\/\/arriendo.com\/co\/wp-json\/wp\/v2\/properties\/266003\/revisions"}],"wp:featuredmedia":[{"embeddable":true,"href":"https:\/\/arriendo.com\/co\/wp-json\/wp\/v2\/media\/266006"}],"wp:attachment":[{"href":"https:\/\/arriendo.com\/co\/wp-json\/wp\/v2\/media?parent=266003"}],"wp:term":[{"taxonomy":"es_location","embeddable":true,"href":"https:\/\/arriendo.com\/co\/wp-json\/wp\/v2\/es_locations?post=266003"},{"taxonomy":"es_category","embeddable":true,"href":"https:\/\/arriendo.com\/co\/wp-json\/wp\/v2\/es_categories?post=266003"},{"taxonomy":"es_type","embeddable":true,"href":"https:\/\/arriendo.com\/co\/wp-json\/wp\/v2\/es_types?post=266003"},{"taxonomy":"es_rent_period","embeddable":true,"href":"https:\/\/arriendo.com\/co\/wp-json\/wp\/v2\/es_rent_periods?post=266003"},{"taxonomy":"es_label","embeddable":true,"href":"https:\/\/arriendo.com\/co\/wp-json\/wp\/v2\/es_labels?post=266003"},{"taxonomy":"es_status","embeddable":true,"href":"https:\/\/arriendo.com\/co\/wp-json\/wp\/v2\/es_statuses?post=266003"},{"taxonomy":"es_parking","embeddable":true,"href":"https:\/\/arriendo.com\/co\/wp-json\/wp\/v2\/es_parkings?post=266003"},{"taxonomy":"es_roof","embeddable":true,"href":"https:\/\/arriendo.com\/co\/wp-json\/wp\/v2\/es_roofs?post=266003"},{"taxonomy":"es_exterior_material","embeddable":true,"href":"https:\/\/arriendo.com\/co\/wp-json\/wp\/v2\/es_exterior_materials?post=266003"},{"taxonomy":"es_basement","embeddable":true,"href":"https:\/\/arriendo.com\/co\/wp-json\/wp\/v2\/es_basements?post=266003"},{"taxonomy":"es_floor_covering","embeddable":true,"href":"https:\/\/arriendo.com\/co\/wp-json\/wp\/v2\/es_floor_coverings?post=266003"},{"taxonomy":"es_feature","embeddable":true,"href":"https:\/\/arriendo.com\/co\/wp-json\/wp\/v2\/es_features?post=266003"},{"taxonomy":"es_amenity","embeddable":true,"href":"https:\/\/arriendo.com\/co\/wp-json\/wp\/v2\/es_amenities?post=266003"},{"taxonomy":"es_neighborhood","embeddable":true,"href":"https:\/\/arriendo.com\/co\/wp-json\/wp\/v2\/es_neighborhoods?post=266003"},{"taxonomy":"es_tag","embeddable":true,"href":"https:\/\/arriendo.com\/co\/wp-json\/wp\/v2\/es_tags?post=266003"}],"curies":[{"name":"wp","href":"https:\/\/api.w.org\/{rel}","templated":true}]}}

Apartamento en Arriendo en El Virrey, Bogotá

<p>Hermoso y acogedor apartamento amoblado de 74.38 m2. Cuenta con 2 alcobas amplias,  sala-comedor, estudio o zona de estar, cocina integral, 1 baño completo, 1 baño social, zona de lavanderia, 2 parqueaderos cubiertos y depósito.</p>
<p>En edificio con vigilacia 24/7, CCTV, terraza BBQ, sala de recepción y gimnasio.</p>
<p>En zona exclusiva y tranquila, con acceso a parques, restaurantes, centros comerciales, clinicas, vias principales, colegios, universidades y mucho mas!.</p>
