{"id":265986,"date":"2026-02-10T13:33:07","date_gmt":"2026-02-10T18:33:07","guid":{"rendered":"https:\/\/arriendo.com\/co\/%es_type%\/%address_city%\/%neighborhood%\/bogota-caobos-salazar-casa-en-arriendo-en-353075\/"},"modified":"2026-02-10T13:33:07","modified_gmt":"2026-02-10T18:33:07","slug":"AR-265986","status":"publish","type":"properties","link":"https:\/\/arriendo.com\/co\/casas\/bogota\/caobos-salazar\/AR-265986\/","title":{"rendered":"Casa en arriendo en Caobos salazar, Bogot\u00e1"},"content":{"rendered":"<p>Amplia y hermosa casa de uso mixto comercial, 2 pisos y 224 m2. El primer piso cuenta con espacio para 2 parqueaderos, antejardin, comedor o espacio de 17 m2, patio de ropas con lavadero, cocina integral y estufa elctrica, espacio para oficinas de 42 m2 con circuito electrico independiente, un ba\u00f1o, cuarto y ba\u00f1o del servicio, patio y deposito. El segundo piso cuenta con 4 alcobas, sala o espacio de 14 m2 y 2 ba\u00f1os completos. Cuenta con CCTV.<\/p>\n","protected":false},"excerpt":{"rendered":"Amplia y hermosa casa de uso mixto comercial, 2 pisos...","protected":false},"author":6934,"featured_media":265989,"template":"","es_locations":[110,77,1075],"es_categories":[124],"es_types":[115],"es_rent_periods":[],"es_labels":[],"es_statuses":[],"es_parkings":[],"es_roofs":[],"es_exterior_materials":[],"es_basements":[],"es_floor_coverings":[],"es_features":[2212,2145,2131,2146,2148,2331,151,2225,2282,2203,2132,2220,2150,2136,2137,2151,2152,2204],"es_amenities":[2217,2153,2139,2155,2157,2332,2270,2250,2287,2208,2140,2221,2161,2143,2144,162,2162,2209],"es_neighborhoods":[],"es_tags":[],"class_list":["post-265986","properties","type-properties","status-publish","has-post-thumbnail","hentry","es_location-bogota","es_location-bogota-d-c","es_location-caobos-salazar","es_category-arriendo","es_type-casas","es_feature-bano-auxiliar","es_feature-calentador","es_feature-circuito-cerrado-de-tv","es_feature-cocina-integral","es_feature-colegios-universidades","es_feature-cuarto-de-servicio","es_feature-deposito-bodega","es_feature-despensa","es_feature-hall-de-alcobas","es_feature-jardines-exteriores","es_feature-parques-cercanos","es_feature-patio","es_feature-supermercados-c-comerciales","es_feature-trans-publico-cercano","es_feature-zona-comercial","es_feature-zona-de-lavanderia","es_feature-zona-residencial","es_feature-zonas-verdes","es_amenity-bano-auxiliar","es_amenity-calentador","es_amenity-circuito-cerrado-de-tv","es_amenity-cocina-integral","es_amenity-colegios-universidades","es_amenity-cuarto-de-servicio","es_amenity-deposito-bodega","es_amenity-despensa","es_amenity-hall-de-alcobas","es_amenity-jardines-exteriores","es_amenity-parques-cercanos","es_amenity-patio","es_amenity-supermercados-c-comerciales","es_amenity-trans-publico-cercano","es_amenity-zona-comercial","es_amenity-zona-de-lavanderia","es_amenity-zona-residencial","es_amenity-zonas-verdes","es-post-entity"],"_links":{"self":[{"href":"https:\/\/arriendo.com\/co\/wp-json\/wp\/v2\/properties\/265986","targetHints":{"allow":["GET"]}}],"collection":[{"href":"https:\/\/arriendo.com\/co\/wp-json\/wp\/v2\/properties"}],"about":[{"href":"https:\/\/arriendo.com\/co\/wp-json\/wp\/v2\/types\/properties"}],"author":[{"embeddable":true,"href":"https:\/\/arriendo.com\/co\/wp-json\/wp\/v2\/users\/6934"}],"version-history":[{"count":0,"href":"https:\/\/arriendo.com\/co\/wp-json\/wp\/v2\/properties\/265986\/revisions"}],"wp:featuredmedia":[{"embeddable":true,"href":"https:\/\/arriendo.com\/co\/wp-json\/wp\/v2\/media\/265989"}],"wp:attachment":[{"href":"https:\/\/arriendo.com\/co\/wp-json\/wp\/v2\/media?parent=265986"}],"wp:term":[{"taxonomy":"es_location","embeddable":true,"href":"https:\/\/arriendo.com\/co\/wp-json\/wp\/v2\/es_locations?post=265986"},{"taxonomy":"es_category","embeddable":true,"href":"https:\/\/arriendo.com\/co\/wp-json\/wp\/v2\/es_categories?post=265986"},{"taxonomy":"es_type","embeddable":true,"href":"https:\/\/arriendo.com\/co\/wp-json\/wp\/v2\/es_types?post=265986"},{"taxonomy":"es_rent_period","embeddable":true,"href":"https:\/\/arriendo.com\/co\/wp-json\/wp\/v2\/es_rent_periods?post=265986"},{"taxonomy":"es_label","embeddable":true,"href":"https:\/\/arriendo.com\/co\/wp-json\/wp\/v2\/es_labels?post=265986"},{"taxonomy":"es_status","embeddable":true,"href":"https:\/\/arriendo.com\/co\/wp-json\/wp\/v2\/es_statuses?post=265986"},{"taxonomy":"es_parking","embeddable":true,"href":"https:\/\/arriendo.com\/co\/wp-json\/wp\/v2\/es_parkings?post=265986"},{"taxonomy":"es_roof","embeddable":true,"href":"https:\/\/arriendo.com\/co\/wp-json\/wp\/v2\/es_roofs?post=265986"},{"taxonomy":"es_exterior_material","embeddable":true,"href":"https:\/\/arriendo.com\/co\/wp-json\/wp\/v2\/es_exterior_materials?post=265986"},{"taxonomy":"es_basement","embeddable":true,"href":"https:\/\/arriendo.com\/co\/wp-json\/wp\/v2\/es_basements?post=265986"},{"taxonomy":"es_floor_covering","embeddable":true,"href":"https:\/\/arriendo.com\/co\/wp-json\/wp\/v2\/es_floor_coverings?post=265986"},{"taxonomy":"es_feature","embeddable":true,"href":"https:\/\/arriendo.com\/co\/wp-json\/wp\/v2\/es_features?post=265986"},{"taxonomy":"es_amenity","embeddable":true,"href":"https:\/\/arriendo.com\/co\/wp-json\/wp\/v2\/es_amenities?post=265986"},{"taxonomy":"es_neighborhood","embeddable":true,"href":"https:\/\/arriendo.com\/co\/wp-json\/wp\/v2\/es_neighborhoods?post=265986"},{"taxonomy":"es_tag","embeddable":true,"href":"https:\/\/arriendo.com\/co\/wp-json\/wp\/v2\/es_tags?post=265986"}],"curies":[{"name":"wp","href":"https:\/\/api.w.org\/{rel}","templated":true}]}}

Casa en arriendo en Caobos salazar, Bogotá

<p>Amplia y hermosa casa de uso mixto comercial, 2 pisos y 224 m2. El primer piso cuenta con espacio para 2 parqueaderos, antejardin, comedor o espacio de 17 m2, patio de ropas con lavadero, cocina integral y estufa elctrica, espacio para oficinas de 42 m2 con circuito electrico independiente, un baño, cuarto y baño del servicio, patio y deposito. El segundo piso cuenta con 4 alcobas, sala o espacio de 14 m2 y 2 baños completos. Cuenta con CCTV.</p>
