{"id":265760,"date":"2026-02-10T13:03:06","date_gmt":"2026-02-10T18:03:06","guid":{"rendered":"https:\/\/arriendo.com\/co\/%es_type%\/%address_city%\/%neighborhood%\/bogota-san-rafael-casa-en-arriendo-en-ab8bcc\/"},"modified":"2026-02-10T13:03:06","modified_gmt":"2026-02-10T18:03:06","slug":"AR-265760","status":"publish","type":"properties","link":"https:\/\/arriendo.com\/co\/casas\/bogota\/san-rafael\/AR-265760\/","title":{"rendered":"Casa en Arriendo en San rafael, Bogot\u00e1"},"content":{"rendered":"<p>Ariendo casa apta para empresa en el barrio San Rafael, distribuida as\u00ed:  en el primer piso hay un garaje y espacios abiertos bastante amplios  como tambien tres alcobas y un ba\u00f1o, en el segundo piso hay 3 alcobas, una de ella con ba\u00f1o privado y  ba\u00f1o social, espacio amplio y abierto y una cocina (SIN instalacion de gas). en el tercer piso medio con dos cuartos amplios.<\/p>\n","protected":false},"excerpt":{"rendered":"Ariendo casa apta para empresa en el barrio San Rafael,...","protected":false},"author":6883,"featured_media":265763,"template":"","es_locations":[110,77,585],"es_categories":[124],"es_types":[115],"es_rent_periods":[],"es_labels":[],"es_statuses":[],"es_parkings":[],"es_roofs":[],"es_exterior_materials":[],"es_basements":[],"es_floor_coverings":[],"es_features":[2212,2146,2148,151,2282,2132,2220,2272,2150,2136,2137,2152],"es_amenities":[2217,2155,2157,2270,2287,2140,2221,2273,2161,2143,2144,2162],"es_neighborhoods":[],"es_tags":[],"class_list":["post-265760","properties","type-properties","status-publish","has-post-thumbnail","hentry","es_location-bogota","es_location-bogota-d-c","es_location-san-rafael","es_category-arriendo","es_type-casas","es_feature-bano-auxiliar","es_feature-cocina-integral","es_feature-colegios-universidades","es_feature-deposito-bodega","es_feature-hall-de-alcobas","es_feature-parques-cercanos","es_feature-patio","es_feature-piso-en-baldosa-marmol","es_feature-supermercados-c-comerciales","es_feature-trans-publico-cercano","es_feature-zona-comercial","es_feature-zona-residencial","es_amenity-bano-auxiliar","es_amenity-cocina-integral","es_amenity-colegios-universidades","es_amenity-deposito-bodega","es_amenity-hall-de-alcobas","es_amenity-parques-cercanos","es_amenity-patio","es_amenity-piso-en-baldosa-marmol","es_amenity-supermercados-c-comerciales","es_amenity-trans-publico-cercano","es_amenity-zona-comercial","es_amenity-zona-residencial","es-post-entity"],"_links":{"self":[{"href":"https:\/\/arriendo.com\/co\/wp-json\/wp\/v2\/properties\/265760","targetHints":{"allow":["GET"]}}],"collection":[{"href":"https:\/\/arriendo.com\/co\/wp-json\/wp\/v2\/properties"}],"about":[{"href":"https:\/\/arriendo.com\/co\/wp-json\/wp\/v2\/types\/properties"}],"author":[{"embeddable":true,"href":"https:\/\/arriendo.com\/co\/wp-json\/wp\/v2\/users\/6883"}],"version-history":[{"count":0,"href":"https:\/\/arriendo.com\/co\/wp-json\/wp\/v2\/properties\/265760\/revisions"}],"wp:featuredmedia":[{"embeddable":true,"href":"https:\/\/arriendo.com\/co\/wp-json\/wp\/v2\/media\/265763"}],"wp:attachment":[{"href":"https:\/\/arriendo.com\/co\/wp-json\/wp\/v2\/media?parent=265760"}],"wp:term":[{"taxonomy":"es_location","embeddable":true,"href":"https:\/\/arriendo.com\/co\/wp-json\/wp\/v2\/es_locations?post=265760"},{"taxonomy":"es_category","embeddable":true,"href":"https:\/\/arriendo.com\/co\/wp-json\/wp\/v2\/es_categories?post=265760"},{"taxonomy":"es_type","embeddable":true,"href":"https:\/\/arriendo.com\/co\/wp-json\/wp\/v2\/es_types?post=265760"},{"taxonomy":"es_rent_period","embeddable":true,"href":"https:\/\/arriendo.com\/co\/wp-json\/wp\/v2\/es_rent_periods?post=265760"},{"taxonomy":"es_label","embeddable":true,"href":"https:\/\/arriendo.com\/co\/wp-json\/wp\/v2\/es_labels?post=265760"},{"taxonomy":"es_status","embeddable":true,"href":"https:\/\/arriendo.com\/co\/wp-json\/wp\/v2\/es_statuses?post=265760"},{"taxonomy":"es_parking","embeddable":true,"href":"https:\/\/arriendo.com\/co\/wp-json\/wp\/v2\/es_parkings?post=265760"},{"taxonomy":"es_roof","embeddable":true,"href":"https:\/\/arriendo.com\/co\/wp-json\/wp\/v2\/es_roofs?post=265760"},{"taxonomy":"es_exterior_material","embeddable":true,"href":"https:\/\/arriendo.com\/co\/wp-json\/wp\/v2\/es_exterior_materials?post=265760"},{"taxonomy":"es_basement","embeddable":true,"href":"https:\/\/arriendo.com\/co\/wp-json\/wp\/v2\/es_basements?post=265760"},{"taxonomy":"es_floor_covering","embeddable":true,"href":"https:\/\/arriendo.com\/co\/wp-json\/wp\/v2\/es_floor_coverings?post=265760"},{"taxonomy":"es_feature","embeddable":true,"href":"https:\/\/arriendo.com\/co\/wp-json\/wp\/v2\/es_features?post=265760"},{"taxonomy":"es_amenity","embeddable":true,"href":"https:\/\/arriendo.com\/co\/wp-json\/wp\/v2\/es_amenities?post=265760"},{"taxonomy":"es_neighborhood","embeddable":true,"href":"https:\/\/arriendo.com\/co\/wp-json\/wp\/v2\/es_neighborhoods?post=265760"},{"taxonomy":"es_tag","embeddable":true,"href":"https:\/\/arriendo.com\/co\/wp-json\/wp\/v2\/es_tags?post=265760"}],"curies":[{"name":"wp","href":"https:\/\/api.w.org\/{rel}","templated":true}]}}

Casa en Arriendo en San rafael, Bogotá

<p>Ariendo casa apta para empresa en el barrio San Rafael, distribuida así:  en el primer piso hay un garaje y espacios abiertos bastante amplios  como tambien tres alcobas y un baño, en el segundo piso hay 3 alcobas, una de ella con baño privado y  baño social, espacio amplio y abierto y una cocina (SIN instalacion de gas). en el tercer piso medio con dos cuartos amplios.</p>
