{"id":265425,"date":"2026-02-10T12:25:07","date_gmt":"2026-02-10T17:25:07","guid":{"rendered":"https:\/\/arriendo.com\/co\/%es_type%\/%address_city%\/%neighborhood%\/medellin-la-almeria-apartamento-en-arriendo-en-374239\/"},"modified":"2026-02-10T12:25:07","modified_gmt":"2026-02-10T17:25:07","slug":"AR-265425","status":"publish","type":"properties","link":"https:\/\/arriendo.com\/co\/apartamentos\/medellin\/la-almeria\/AR-265425\/","title":{"rendered":"Apartamento en Arriendo en La Almeria, Medell\u00edn"},"content":{"rendered":"<p>Se arrienda apartamento en La Almer\u00eda, Medell\u00edn<br \/>\nApartamento totalmente remodelado, con acabados de lujo, ubicado en una urbanizaci\u00f3n muy central y de f\u00e1cil acceso.<br \/>\nCuenta con tres habitaciones m\u00e1s alcoba del servicio con ba\u00f1o, dos ba\u00f1os adicionales, amplia zona social, cocina moderna y excelentes espacios iluminados.<br \/>\nLa unidad es completa, con piscina, zonas verdes, porter\u00eda y vigilancia las 24 horas. Incluye parqueadero privado.<br \/>\nSu ubicaci\u00f3n en La Almer\u00eda te permite estar cerca de todo: v\u00edas principales, transporte p\u00fablico, centros comerciales y zonas de gran valorizaci\u00f3n en Medell\u00edn.<br \/>\nIdeal para quienes buscan confort, ubicaci\u00f3n y exclusividad en un solo lugar.<\/p>\n","protected":false},"excerpt":{"rendered":"Se arrienda apartamento en La Almer\u00eda, Medell\u00edn Apartamento totalmente remodelado,...","protected":false},"author":6756,"featured_media":265428,"template":"","es_locations":[79,2998,305],"es_categories":[124],"es_types":[114],"es_rent_periods":[],"es_labels":[],"es_statuses":[],"es_parkings":[],"es_roofs":[],"es_exterior_materials":[],"es_basements":[],"es_floor_coverings":[],"es_features":[2292,131,132,2212,2164,2199,2166,2146,2148,2266,2331,2196,136,2179,2180,2133,2181,2151,2185,2152,2204],"es_amenities":[2294,152,2186,2217,2187,2198,2189,2155,2157,2264,2332,2197,2158,154,157,158,161,162,2173,2162,2209],"es_neighborhoods":[],"es_tags":[],"class_list":["post-265425","properties","type-properties","status-publish","has-post-thumbnail","hentry","es_location-antioquia","es_location-la-almeria","es_location-medellin","es_category-arriendo","es_type-apartamentos","es_feature-acceso-pavimentado","es_feature-ascensor","es_feature-balcon","es_feature-bano-auxiliar","es_feature-bano-independiente","es_feature-cancha-de-futbol","es_feature-closet","es_feature-cocina-integral","es_feature-colegios-universidades","es_feature-con-casa-club","es_feature-cuarto-de-servicio","es_feature-en-conjunto-cerrado","es_feature-estudio","es_feature-gimnasio","es_feature-piscina","es_feature-porteria-recepcion","es_feature-porteria-vigilancia","es_feature-zona-de-lavanderia","es_feature-zona-infantil","es_feature-zona-residencial","es_feature-zonas-verdes","es_amenity-acceso-pavimentado","es_amenity-ascensor-privado","es_amenity-balcon","es_amenity-bano-auxiliar","es_amenity-bano-independiente","es_amenity-cancha-de-futbol","es_amenity-closet","es_amenity-cocina-integral","es_amenity-colegios-universidades","es_amenity-con-casa-club","es_amenity-cuarto-de-servicio","es_amenity-en-conjunto-cerrado","es_amenity-estudio","es_amenity-gimnasio","es_amenity-piscina","es_amenity-porteria-recepcion","es_amenity-vigilancia-24-7","es_amenity-zona-de-lavanderia","es_amenity-zona-infantil","es_amenity-zona-residencial","es_amenity-zonas-verdes","es-post-entity"],"_links":{"self":[{"href":"https:\/\/arriendo.com\/co\/wp-json\/wp\/v2\/properties\/265425","targetHints":{"allow":["GET"]}}],"collection":[{"href":"https:\/\/arriendo.com\/co\/wp-json\/wp\/v2\/properties"}],"about":[{"href":"https:\/\/arriendo.com\/co\/wp-json\/wp\/v2\/types\/properties"}],"author":[{"embeddable":true,"href":"https:\/\/arriendo.com\/co\/wp-json\/wp\/v2\/users\/6756"}],"version-history":[{"count":0,"href":"https:\/\/arriendo.com\/co\/wp-json\/wp\/v2\/properties\/265425\/revisions"}],"wp:featuredmedia":[{"embeddable":true,"href":"https:\/\/arriendo.com\/co\/wp-json\/wp\/v2\/media\/265428"}],"wp:attachment":[{"href":"https:\/\/arriendo.com\/co\/wp-json\/wp\/v2\/media?parent=265425"}],"wp:term":[{"taxonomy":"es_location","embeddable":true,"href":"https:\/\/arriendo.com\/co\/wp-json\/wp\/v2\/es_locations?post=265425"},{"taxonomy":"es_category","embeddable":true,"href":"https:\/\/arriendo.com\/co\/wp-json\/wp\/v2\/es_categories?post=265425"},{"taxonomy":"es_type","embeddable":true,"href":"https:\/\/arriendo.com\/co\/wp-json\/wp\/v2\/es_types?post=265425"},{"taxonomy":"es_rent_period","embeddable":true,"href":"https:\/\/arriendo.com\/co\/wp-json\/wp\/v2\/es_rent_periods?post=265425"},{"taxonomy":"es_label","embeddable":true,"href":"https:\/\/arriendo.com\/co\/wp-json\/wp\/v2\/es_labels?post=265425"},{"taxonomy":"es_status","embeddable":true,"href":"https:\/\/arriendo.com\/co\/wp-json\/wp\/v2\/es_statuses?post=265425"},{"taxonomy":"es_parking","embeddable":true,"href":"https:\/\/arriendo.com\/co\/wp-json\/wp\/v2\/es_parkings?post=265425"},{"taxonomy":"es_roof","embeddable":true,"href":"https:\/\/arriendo.com\/co\/wp-json\/wp\/v2\/es_roofs?post=265425"},{"taxonomy":"es_exterior_material","embeddable":true,"href":"https:\/\/arriendo.com\/co\/wp-json\/wp\/v2\/es_exterior_materials?post=265425"},{"taxonomy":"es_basement","embeddable":true,"href":"https:\/\/arriendo.com\/co\/wp-json\/wp\/v2\/es_basements?post=265425"},{"taxonomy":"es_floor_covering","embeddable":true,"href":"https:\/\/arriendo.com\/co\/wp-json\/wp\/v2\/es_floor_coverings?post=265425"},{"taxonomy":"es_feature","embeddable":true,"href":"https:\/\/arriendo.com\/co\/wp-json\/wp\/v2\/es_features?post=265425"},{"taxonomy":"es_amenity","embeddable":true,"href":"https:\/\/arriendo.com\/co\/wp-json\/wp\/v2\/es_amenities?post=265425"},{"taxonomy":"es_neighborhood","embeddable":true,"href":"https:\/\/arriendo.com\/co\/wp-json\/wp\/v2\/es_neighborhoods?post=265425"},{"taxonomy":"es_tag","embeddable":true,"href":"https:\/\/arriendo.com\/co\/wp-json\/wp\/v2\/es_tags?post=265425"}],"curies":[{"name":"wp","href":"https:\/\/api.w.org\/{rel}","templated":true}]}}

Apartamento en Arriendo en La Almeria, Medellín

<p>Se arrienda apartamento en La Almería, Medellín<br />
Apartamento totalmente remodelado, con acabados de lujo, ubicado en una urbanización muy central y de fácil acceso.<br />
Cuenta con tres habitaciones más alcoba del servicio con baño, dos baños adicionales, amplia zona social, cocina moderna y excelentes espacios iluminados.<br />
La unidad es completa, con piscina, zonas verdes, portería y vigilancia las 24 horas. Incluye parqueadero privado.<br />
Su ubicación en La Almería te permite estar cerca de todo: vías principales, transporte público, centros comerciales y zonas de gran valorización en Medellín.<br />
Ideal para quienes buscan confort, ubicación y exclusividad en un solo lugar.</p>

Se arrienda apartamento en La Almería, Medellín Apartamento totalmente remodelado,...
