{"id":265274,"date":"2026-02-10T12:05:07","date_gmt":"2026-02-10T17:05:07","guid":{"rendered":"https:\/\/arriendo.com\/co\/%es_type%\/%address_city%\/%neighborhood%\/medellin-el-poblado-apartamento-en-arriendo-en-3edf80\/"},"modified":"2026-02-10T12:05:08","modified_gmt":"2026-02-10T17:05:08","slug":"AR-265274","status":"publish","type":"properties","link":"https:\/\/arriendo.com\/co\/apartamentos\/medellin\/el-poblado\/AR-265274\/","title":{"rendered":"Apartamento en Arriendo en El Poblado, Medell\u00edn"},"content":{"rendered":"<p>RENTA DE APARTAMENTO LOS PARRA POBLADO MEDELLIN. Piso alto de 2 niveles con vista, con \u00e1rea de 207 M2, cuenta con 3 alcobas, cada una con ba\u00f1o, ba\u00f1o social, alcoba del servicio, sala comedor, cocina integral y equipada, zona de ropas, 2 parqueaderos privados, 2 cuartos \u00fatiles, uno de los ba\u00f1os es estilo spa y cuenta con sistema de sonido. Tambi\u00e9n cuenta con fibra \u00f3ptica, puerta blindada, ventanas tintadas. En unidad residencial, cuenta con porter\u00eda 24H, piscina, jacuzzi, gimnasio, estudio de yoga, spa turco, sal\u00f3n para eventos, jardines, zona infantil, zona de mascotas. Ubicado en sector residencial, sector exclusivo, cerca a sector financiero a minutos de restaurantes, centros comerciales, entre otros sitios de inter\u00e9s. Agenta Tu Cita<\/p>\n","protected":false},"excerpt":{"rendered":"RENTA DE APARTAMENTO LOS PARRA POBLADO MEDELLIN. Piso alto de...","protected":false},"author":4102,"featured_media":265277,"template":"","es_locations":[79,308,305],"es_categories":[124],"es_types":[114],"es_rent_periods":[],"es_labels":[],"es_statuses":[],"es_parkings":[],"es_roofs":[],"es_exterior_materials":[],"es_basements":[],"es_floor_coverings":[],"es_features":[2292,131,132,2212,2164,2211,2131,2166,2146,2148,151,2196,136,2149,2179,2282,2203,2216,2132,2180,2272,2133,2181,2182,2150,2136,144,2151,2185,2152,2204],"es_amenities":[2294,152,2186,2217,2187,2210,2139,2189,2155,2157,2270,2197,2158,2159,154,2287,2208,156,2140,157,2273,158,159,2161,2143,161,2289,162,2173,2162,2209],"es_neighborhoods":[],"es_tags":[],"class_list":["post-265274","properties","type-properties","status-publish","has-post-thumbnail","hentry","es_location-antioquia","es_location-el-poblado","es_location-medellin","es_category-arriendo","es_type-apartamentos","es_feature-acceso-pavimentado","es_feature-ascensor","es_feature-balcon","es_feature-bano-auxiliar","es_feature-bano-independiente","es_feature-canchas-deportivas","es_feature-circuito-cerrado-de-tv","es_feature-closet","es_feature-cocina-integral","es_feature-colegios-universidades","es_feature-deposito-bodega","es_feature-en-conjunto-cerrado","es_feature-estudio","es_feature-garajes","es_feature-gimnasio","es_feature-hall-de-alcobas","es_feature-jardines-exteriores","es_feature-parqueadero-visitantes","es_feature-parques-cercanos","es_feature-piscina","es_feature-piso-en-baldosa-marmol","es_feature-porteria-recepcion","es_feature-porteria-vigilancia","es_feature-salon-comunal","es_feature-supermercados-c-comerciales","es_feature-trans-publico-cercano","es_feature-vista-panoramica","es_feature-zona-de-lavanderia","es_feature-zona-infantil","es_feature-zona-residencial","es_feature-zonas-verdes","es_amenity-acceso-pavimentado","es_amenity-ascensor-privado","es_amenity-balcon","es_amenity-bano-auxiliar","es_amenity-bano-independiente","es_amenity-canchas-deportivas","es_amenity-circuito-cerrado-de-tv","es_amenity-closet","es_amenity-cocina-integral","es_amenity-colegios-universidades","es_amenity-deposito-bodega","es_amenity-en-conjunto-cerrado","es_amenity-estudio","es_amenity-garajes","es_amenity-gimnasio","es_amenity-hall-de-alcobas","es_amenity-jardines-exteriores","es_amenity-parqueadero-visitantes","es_amenity-parques-cercanos","es_amenity-piscina","es_amenity-piso-en-baldosa-marmol","es_amenity-porteria-recepcion","es_amenity-salon-comunal","es_amenity-supermercados-c-comerciales","es_amenity-trans-publico-cercano","es_amenity-vigilancia-24-7","es_amenity-vista-panoramica","es_amenity-zona-de-lavanderia","es_amenity-zona-infantil","es_amenity-zona-residencial","es_amenity-zonas-verdes","es-post-entity"],"_links":{"self":[{"href":"https:\/\/arriendo.com\/co\/wp-json\/wp\/v2\/properties\/265274","targetHints":{"allow":["GET"]}}],"collection":[{"href":"https:\/\/arriendo.com\/co\/wp-json\/wp\/v2\/properties"}],"about":[{"href":"https:\/\/arriendo.com\/co\/wp-json\/wp\/v2\/types\/properties"}],"author":[{"embeddable":true,"href":"https:\/\/arriendo.com\/co\/wp-json\/wp\/v2\/users\/4102"}],"version-history":[{"count":0,"href":"https:\/\/arriendo.com\/co\/wp-json\/wp\/v2\/properties\/265274\/revisions"}],"wp:featuredmedia":[{"embeddable":true,"href":"https:\/\/arriendo.com\/co\/wp-json\/wp\/v2\/media\/265277"}],"wp:attachment":[{"href":"https:\/\/arriendo.com\/co\/wp-json\/wp\/v2\/media?parent=265274"}],"wp:term":[{"taxonomy":"es_location","embeddable":true,"href":"https:\/\/arriendo.com\/co\/wp-json\/wp\/v2\/es_locations?post=265274"},{"taxonomy":"es_category","embeddable":true,"href":"https:\/\/arriendo.com\/co\/wp-json\/wp\/v2\/es_categories?post=265274"},{"taxonomy":"es_type","embeddable":true,"href":"https:\/\/arriendo.com\/co\/wp-json\/wp\/v2\/es_types?post=265274"},{"taxonomy":"es_rent_period","embeddable":true,"href":"https:\/\/arriendo.com\/co\/wp-json\/wp\/v2\/es_rent_periods?post=265274"},{"taxonomy":"es_label","embeddable":true,"href":"https:\/\/arriendo.com\/co\/wp-json\/wp\/v2\/es_labels?post=265274"},{"taxonomy":"es_status","embeddable":true,"href":"https:\/\/arriendo.com\/co\/wp-json\/wp\/v2\/es_statuses?post=265274"},{"taxonomy":"es_parking","embeddable":true,"href":"https:\/\/arriendo.com\/co\/wp-json\/wp\/v2\/es_parkings?post=265274"},{"taxonomy":"es_roof","embeddable":true,"href":"https:\/\/arriendo.com\/co\/wp-json\/wp\/v2\/es_roofs?post=265274"},{"taxonomy":"es_exterior_material","embeddable":true,"href":"https:\/\/arriendo.com\/co\/wp-json\/wp\/v2\/es_exterior_materials?post=265274"},{"taxonomy":"es_basement","embeddable":true,"href":"https:\/\/arriendo.com\/co\/wp-json\/wp\/v2\/es_basements?post=265274"},{"taxonomy":"es_floor_covering","embeddable":true,"href":"https:\/\/arriendo.com\/co\/wp-json\/wp\/v2\/es_floor_coverings?post=265274"},{"taxonomy":"es_feature","embeddable":true,"href":"https:\/\/arriendo.com\/co\/wp-json\/wp\/v2\/es_features?post=265274"},{"taxonomy":"es_amenity","embeddable":true,"href":"https:\/\/arriendo.com\/co\/wp-json\/wp\/v2\/es_amenities?post=265274"},{"taxonomy":"es_neighborhood","embeddable":true,"href":"https:\/\/arriendo.com\/co\/wp-json\/wp\/v2\/es_neighborhoods?post=265274"},{"taxonomy":"es_tag","embeddable":true,"href":"https:\/\/arriendo.com\/co\/wp-json\/wp\/v2\/es_tags?post=265274"}],"curies":[{"name":"wp","href":"https:\/\/api.w.org\/{rel}","templated":true}]}}

Apartamento en Arriendo en El Poblado, Medellín

<p>RENTA DE APARTAMENTO LOS PARRA POBLADO MEDELLIN. Piso alto de 2 niveles con vista, con área de 207 M2, cuenta con 3 alcobas, cada una con baño, baño social, alcoba del servicio, sala comedor, cocina integral y equipada, zona de ropas, 2 parqueaderos privados, 2 cuartos útiles, uno de los baños es estilo spa y cuenta con sistema de sonido. También cuenta con fibra óptica, puerta blindada, ventanas tintadas. En unidad residencial, cuenta con portería 24H, piscina, jacuzzi, gimnasio, estudio de yoga, spa turco, salón para eventos, jardines, zona infantil, zona de mascotas. Ubicado en sector residencial, sector exclusivo, cerca a sector financiero a minutos de restaurantes, centros comerciales, entre otros sitios de interés. Agenta Tu Cita</p>
