{"id":265079,"date":"2026-02-10T11:43:06","date_gmt":"2026-02-10T16:43:06","guid":{"rendered":"https:\/\/arriendo.com\/co\/%es_type%\/%address_city%\/%neighborhood%\/bogota-lagos-de-torca-casa-en-arriendo-en-a67eee\/"},"modified":"2026-02-10T11:43:06","modified_gmt":"2026-02-10T16:43:06","slug":"AR-265079","status":"publish","type":"properties","link":"https:\/\/arriendo.com\/co\/casas\/bogota\/lagos-de-torca\/AR-265079\/","title":{"rendered":"Casa en Arriendo en Lagos de Torca, Bogot\u00e1"},"content":{"rendered":"<p>Descubra el equilibrio perfecto entre la vida urbana y la serenidad campestre en esta espectacular casa en arriendo, ubicada en el exclusivo Conjunto Residencial Mora Verde etapa II. Goce de una ubicaci\u00f3n privilegiada con f\u00e1cil acceso a colegios, universidades, centros comerciales y las principales v\u00edas como la Autopista Norte, V\u00eda Arrayanes y V\u00eda Guaimaral.<\/p>\n<p>Esta impresionante casa de 158m2 se distribuye en tres niveles, ofreciendo un dise\u00f1o moderno y funcional. En el primer nivel, el hall de ingreso le da la bienvenida a una majestuosa sala comedor con doble altura, amplios ventanales de piso a techo y un encantador jard\u00edn interior, creando un ambiente luminoso y acogedor. El estudio con ba\u00f1o privado y un ba\u00f1o social complementan este espacio. La cocina abierta, espaciosa y moderna, cuenta con una pr\u00e1ctica barra tipo americano, generosos muebles para almacenamiento y horno empotrado, ideal para los amantes de la gastronom\u00eda. Al fondo, encontrar\u00e1 una c\u00f3moda zona de lavander\u00eda.<\/p>\n<p>Acceda al segundo nivel a trav\u00e9s de c\u00f3modas escaleras de madera, donde encontrar\u00e1 tres habitaciones llenas de luz natural. La primera, con ba\u00f1o privado, un amplio cl\u00f3set y un relajante jacuzzi; la segunda, con un balc\u00f3n que ofrece vistas al exterior; y la tercera, con cl\u00f3set. Ambas habitaciones comparten un ba\u00f1o completo.<\/p>\n<p>El tercer piso est\u00e1 dedicado a la privacidad y el confort, albergando la habitaci\u00f3n principal. Este santuario personal cuenta con un espacioso vestier, ba\u00f1o privado y acceso directo a una amplia terraza cubierta, perfecta para disfrutar de momentos de tranquilidad.<\/p>\n<p>La propiedad incluye dos parqueaderos frontales. Adem\u00e1s, el Conjunto Residencial Mora Verde le ofrece un estilo de vida inigualable con sus amenidades de primer nivel: gimnasio, piscina, zona para ni\u00f1os y vigilancia 24 horas, garantizando seguridad y entretenimiento para toda la familia. Viva la experiencia de un hogar donde cada detalle ha sido pensado para su bienestar.<\/p>\n","protected":false},"excerpt":{"rendered":"Descubra el equilibrio perfecto entre la vida urbana y la...","protected":false},"author":4102,"featured_media":265082,"template":"","es_locations":[110,77,1056],"es_categories":[124],"es_types":[115],"es_rent_periods":[],"es_labels":[],"es_statuses":[],"es_parkings":[],"es_roofs":[],"es_exterior_materials":[],"es_basements":[],"es_floor_coverings":[],"es_features":[132,2212,2145,2211,134,2131,133,2146,2147,2148,151,2225,2196,136,2149,2179,2282,145,2203,2216,2132,2220,2180,2272,2365,2133,2181,2380,2182,2150,143,144,2151,2185,2152,2204],"es_amenities":[2186,2217,2153,2210,2313,2139,2154,2155,2156,2157,2270,2250,2197,2158,2159,154,2287,2160,2208,156,2140,2221,157,2273,2366,158,2383,159,2161,2290,161,2289,162,2173,2162,2209],"es_neighborhoods":[],"es_tags":[],"class_list":["post-265079","properties","type-properties","status-publish","has-post-thumbnail","hentry","es_location-bogota","es_location-bogota-d-c","es_location-lagos-de-torca","es_category-arriendo","es_type-casas","es_feature-balcon","es_feature-bano-auxiliar","es_feature-calentador","es_feature-canchas-deportivas","es_feature-chimenea","es_feature-circuito-cerrado-de-tv","es_feature-citofono","es_feature-cocina-integral","es_feature-cocina-tipo-americano","es_feature-colegios-universidades","es_feature-deposito-bodega","es_feature-despensa","es_feature-en-conjunto-cerrado","es_feature-estudio","es_feature-garajes","es_feature-gimnasio","es_feature-hall-de-alcobas","es_feature-instalacion-de-gas","es_feature-jardines-exteriores","es_feature-parqueadero-visitantes","es_feature-parques-cercanos","es_feature-patio","es_feature-piscina","es_feature-piso-en-baldosa-marmol","es_feature-planta-electrica","es_feature-porteria-recepcion","es_feature-porteria-vigilancia","es_feature-sala-de-internet","es_feature-salon-comunal","es_feature-supermercados-c-comerciales","es_feature-terraza","es_feature-vista-panoramica","es_feature-zona-de-lavanderia","es_feature-zona-infantil","es_feature-zona-residencial","es_feature-zonas-verdes","es_amenity-balcon","es_amenity-bano-auxiliar","es_amenity-calentador","es_amenity-canchas-deportivas","es_amenity-chimenea","es_amenity-circuito-cerrado-de-tv","es_amenity-citofono","es_amenity-cocina-integral","es_amenity-cocina-tipo-americano","es_amenity-colegios-universidades","es_amenity-deposito-bodega","es_amenity-despensa","es_amenity-en-conjunto-cerrado","es_amenity-estudio","es_amenity-garajes","es_amenity-gimnasio","es_amenity-hall-de-alcobas","es_amenity-instalacion-de-gas","es_amenity-jardines-exteriores","es_amenity-parqueadero-visitantes","es_amenity-parques-cercanos","es_amenity-patio","es_amenity-piscina","es_amenity-piso-en-baldosa-marmol","es_amenity-planta-electrica","es_amenity-porteria-recepcion","es_amenity-sala-de-internet","es_amenity-salon-comunal","es_amenity-supermercados-c-comerciales","es_amenity-terraza","es_amenity-vigilancia-24-7","es_amenity-vista-panoramica","es_amenity-zona-de-lavanderia","es_amenity-zona-infantil","es_amenity-zona-residencial","es_amenity-zonas-verdes","es-post-entity"],"_links":{"self":[{"href":"https:\/\/arriendo.com\/co\/wp-json\/wp\/v2\/properties\/265079","targetHints":{"allow":["GET"]}}],"collection":[{"href":"https:\/\/arriendo.com\/co\/wp-json\/wp\/v2\/properties"}],"about":[{"href":"https:\/\/arriendo.com\/co\/wp-json\/wp\/v2\/types\/properties"}],"author":[{"embeddable":true,"href":"https:\/\/arriendo.com\/co\/wp-json\/wp\/v2\/users\/4102"}],"version-history":[{"count":0,"href":"https:\/\/arriendo.com\/co\/wp-json\/wp\/v2\/properties\/265079\/revisions"}],"wp:featuredmedia":[{"embeddable":true,"href":"https:\/\/arriendo.com\/co\/wp-json\/wp\/v2\/media\/265082"}],"wp:attachment":[{"href":"https:\/\/arriendo.com\/co\/wp-json\/wp\/v2\/media?parent=265079"}],"wp:term":[{"taxonomy":"es_location","embeddable":true,"href":"https:\/\/arriendo.com\/co\/wp-json\/wp\/v2\/es_locations?post=265079"},{"taxonomy":"es_category","embeddable":true,"href":"https:\/\/arriendo.com\/co\/wp-json\/wp\/v2\/es_categories?post=265079"},{"taxonomy":"es_type","embeddable":true,"href":"https:\/\/arriendo.com\/co\/wp-json\/wp\/v2\/es_types?post=265079"},{"taxonomy":"es_rent_period","embeddable":true,"href":"https:\/\/arriendo.com\/co\/wp-json\/wp\/v2\/es_rent_periods?post=265079"},{"taxonomy":"es_label","embeddable":true,"href":"https:\/\/arriendo.com\/co\/wp-json\/wp\/v2\/es_labels?post=265079"},{"taxonomy":"es_status","embeddable":true,"href":"https:\/\/arriendo.com\/co\/wp-json\/wp\/v2\/es_statuses?post=265079"},{"taxonomy":"es_parking","embeddable":true,"href":"https:\/\/arriendo.com\/co\/wp-json\/wp\/v2\/es_parkings?post=265079"},{"taxonomy":"es_roof","embeddable":true,"href":"https:\/\/arriendo.com\/co\/wp-json\/wp\/v2\/es_roofs?post=265079"},{"taxonomy":"es_exterior_material","embeddable":true,"href":"https:\/\/arriendo.com\/co\/wp-json\/wp\/v2\/es_exterior_materials?post=265079"},{"taxonomy":"es_basement","embeddable":true,"href":"https:\/\/arriendo.com\/co\/wp-json\/wp\/v2\/es_basements?post=265079"},{"taxonomy":"es_floor_covering","embeddable":true,"href":"https:\/\/arriendo.com\/co\/wp-json\/wp\/v2\/es_floor_coverings?post=265079"},{"taxonomy":"es_feature","embeddable":true,"href":"https:\/\/arriendo.com\/co\/wp-json\/wp\/v2\/es_features?post=265079"},{"taxonomy":"es_amenity","embeddable":true,"href":"https:\/\/arriendo.com\/co\/wp-json\/wp\/v2\/es_amenities?post=265079"},{"taxonomy":"es_neighborhood","embeddable":true,"href":"https:\/\/arriendo.com\/co\/wp-json\/wp\/v2\/es_neighborhoods?post=265079"},{"taxonomy":"es_tag","embeddable":true,"href":"https:\/\/arriendo.com\/co\/wp-json\/wp\/v2\/es_tags?post=265079"}],"curies":[{"name":"wp","href":"https:\/\/api.w.org\/{rel}","templated":true}]}}

Casa en Arriendo en Lagos de Torca, Bogotá

<p>Descubra el equilibrio perfecto entre la vida urbana y la serenidad campestre en esta espectacular casa en arriendo, ubicada en el exclusivo Conjunto Residencial Mora Verde etapa II. Goce de una ubicación privilegiada con fácil acceso a colegios, universidades, centros comerciales y las principales vías como la Autopista Norte, Vía Arrayanes y Vía Guaimaral.</p>
<p>Esta impresionante casa de 158m2 se distribuye en tres niveles, ofreciendo un diseño moderno y funcional. En el primer nivel, el hall de ingreso le da la bienvenida a una majestuosa sala comedor con doble altura, amplios ventanales de piso a techo y un encantador jardín interior, creando un ambiente luminoso y acogedor. El estudio con baño privado y un baño social complementan este espacio. La cocina abierta, espaciosa y moderna, cuenta con una práctica barra tipo americano, generosos muebles para almacenamiento y horno empotrado, ideal para los amantes de la gastronomía. Al fondo, encontrará una cómoda zona de lavandería.</p>
<p>Acceda al segundo nivel a través de cómodas escaleras de madera, donde encontrará tres habitaciones llenas de luz natural. La primera, con baño privado, un amplio clóset y un relajante jacuzzi; la segunda, con un balcón que ofrece vistas al exterior; y la tercera, con clóset. Ambas habitaciones comparten un baño completo.</p>
<p>El tercer piso está dedicado a la privacidad y el confort, albergando la habitación principal. Este santuario personal cuenta con un espacioso vestier, baño privado y acceso directo a una amplia terraza cubierta, perfecta para disfrutar de momentos de tranquilidad.</p>
<p>La propiedad incluye dos parqueaderos frontales. Además, el Conjunto Residencial Mora Verde le ofrece un estilo de vida inigualable con sus amenidades de primer nivel: gimnasio, piscina, zona para niños y vigilancia 24 horas, garantizando seguridad y entretenimiento para toda la familia. Viva la experiencia de un hogar donde cada detalle ha sido pensado para su bienestar.</p>
