{"id":253790,"date":"2026-01-30T08:52:51","date_gmt":"2026-01-30T13:52:51","guid":{"rendered":"https:\/\/arriendo.com\/co\/%es_type%\/%address_city%\/%neighborhood%\/cali-santa-teresita-casa-en-arriendo-en-36a220\/"},"modified":"2026-01-30T08:52:51","modified_gmt":"2026-01-30T13:52:51","slug":"AR-253790","status":"publish","type":"properties","link":"https:\/\/arriendo.com\/co\/casas\/cali\/santa-teresita\/AR-253790\/","title":{"rendered":"Casa en Arriendo en Santa teresita, Cali"},"content":{"rendered":"<p>\u00a1Aqu\u00ed tenemos las llaves de tus sue\u00f1os! (Hogar o Negocio) &#8211; Ven por ellas<\/p>\n<p>Casa en renta: $8.000.000 Precio de OPORTUNIDAD<br \/>\nTipo de propiedad: Casa<br \/>\n* Ubicaci\u00f3n: El Pe\u00f1\u00f3n, Zona Oeste Cali<br \/>\n* Superficie: 398 m\u00b2 construidos \/ 420 m\u00b2 de terreno<br \/>\n* N\u00famero de habitaciones: 6 con amplios cl\u00f3sets<br \/>\n* N\u00famero de ba\u00f1os: 6<br \/>\n* Pisos: 3<\/p>\n<p>Bell\u00edsima casa ubicada en sector del Pe\u00f1\u00f3n especial, ideal para restaurante, hotel, coworking, familias grandes, etc.<br \/>\n* Equipamiento: L\u00e1mparas originales de la propiedad en m\u00e1rmol, muebles de madera empotrados en diferentes zonas de la casa y hermosos vitrales.<br \/>\n*Amplia cocina integral con estantes \u00a1Para ORGANIZAR todo!<br \/>\n*Hermoso patio interior enchapado en piedra<br \/>\n*Aqu\u00ed todos tendr\u00e1n su \u00a1espacio ideal!, dise\u00f1ados para tu comodidad.<br \/>\n*Te cabr\u00e1 todo aunque tengas muebles grandes<br \/>\n*Balc\u00f3n para tomar un descanso, disfrutando de la brisa caracter\u00edstica de las tardes cale\u00f1as y de un delicioso cafecito<br \/>\n*Otras amenidades: dep\u00f3sito, ba\u00f1o social y garaje para 3 carros<br \/>\n\u00a1Cont\u00e1ctanos YA para agendar tu cita!<\/p>\n","protected":false},"excerpt":{"rendered":"\u00a1Aqu\u00ed tenemos las llaves de tus sue\u00f1os! (Hogar o Negocio)...","protected":false},"author":7012,"featured_media":253793,"template":"","es_locations":[179,321],"es_categories":[124],"es_types":[115],"es_rent_periods":[],"es_labels":[],"es_statuses":[],"es_parkings":[],"es_roofs":[],"es_exterior_materials":[],"es_basements":[],"es_floor_coverings":[],"es_features":[132,2146,2147,2331,151,2149,2282,2132,2220,2272,2150,2136,2137,2151,2152],"es_amenities":[2186,2155,2156,2332,2270,2159,2287,2140,2221,2273,2161,2143,2144,162,2162],"es_neighborhoods":[],"es_tags":[],"class_list":["post-253790","properties","type-properties","status-publish","has-post-thumbnail","hentry","es_location-cali","es_location-santa-teresita","es_category-arriendo","es_type-casas","es_feature-balcon","es_feature-cocina-integral","es_feature-cocina-tipo-americano","es_feature-cuarto-de-servicio","es_feature-deposito-bodega","es_feature-garajes","es_feature-hall-de-alcobas","es_feature-parques-cercanos","es_feature-patio","es_feature-piso-en-baldosa-marmol","es_feature-supermercados-c-comerciales","es_feature-trans-publico-cercano","es_feature-zona-comercial","es_feature-zona-de-lavanderia","es_feature-zona-residencial","es_amenity-balcon","es_amenity-cocina-integral","es_amenity-cocina-tipo-americano","es_amenity-cuarto-de-servicio","es_amenity-deposito-bodega","es_amenity-garajes","es_amenity-hall-de-alcobas","es_amenity-parques-cercanos","es_amenity-patio","es_amenity-piso-en-baldosa-marmol","es_amenity-supermercados-c-comerciales","es_amenity-trans-publico-cercano","es_amenity-zona-comercial","es_amenity-zona-de-lavanderia","es_amenity-zona-residencial","es-post-entity"],"_links":{"self":[{"href":"https:\/\/arriendo.com\/co\/wp-json\/wp\/v2\/properties\/253790","targetHints":{"allow":["GET"]}}],"collection":[{"href":"https:\/\/arriendo.com\/co\/wp-json\/wp\/v2\/properties"}],"about":[{"href":"https:\/\/arriendo.com\/co\/wp-json\/wp\/v2\/types\/properties"}],"author":[{"embeddable":true,"href":"https:\/\/arriendo.com\/co\/wp-json\/wp\/v2\/users\/7012"}],"version-history":[{"count":0,"href":"https:\/\/arriendo.com\/co\/wp-json\/wp\/v2\/properties\/253790\/revisions"}],"wp:featuredmedia":[{"embeddable":true,"href":"https:\/\/arriendo.com\/co\/wp-json\/wp\/v2\/media\/253793"}],"wp:attachment":[{"href":"https:\/\/arriendo.com\/co\/wp-json\/wp\/v2\/media?parent=253790"}],"wp:term":[{"taxonomy":"es_location","embeddable":true,"href":"https:\/\/arriendo.com\/co\/wp-json\/wp\/v2\/es_locations?post=253790"},{"taxonomy":"es_category","embeddable":true,"href":"https:\/\/arriendo.com\/co\/wp-json\/wp\/v2\/es_categories?post=253790"},{"taxonomy":"es_type","embeddable":true,"href":"https:\/\/arriendo.com\/co\/wp-json\/wp\/v2\/es_types?post=253790"},{"taxonomy":"es_rent_period","embeddable":true,"href":"https:\/\/arriendo.com\/co\/wp-json\/wp\/v2\/es_rent_periods?post=253790"},{"taxonomy":"es_label","embeddable":true,"href":"https:\/\/arriendo.com\/co\/wp-json\/wp\/v2\/es_labels?post=253790"},{"taxonomy":"es_status","embeddable":true,"href":"https:\/\/arriendo.com\/co\/wp-json\/wp\/v2\/es_statuses?post=253790"},{"taxonomy":"es_parking","embeddable":true,"href":"https:\/\/arriendo.com\/co\/wp-json\/wp\/v2\/es_parkings?post=253790"},{"taxonomy":"es_roof","embeddable":true,"href":"https:\/\/arriendo.com\/co\/wp-json\/wp\/v2\/es_roofs?post=253790"},{"taxonomy":"es_exterior_material","embeddable":true,"href":"https:\/\/arriendo.com\/co\/wp-json\/wp\/v2\/es_exterior_materials?post=253790"},{"taxonomy":"es_basement","embeddable":true,"href":"https:\/\/arriendo.com\/co\/wp-json\/wp\/v2\/es_basements?post=253790"},{"taxonomy":"es_floor_covering","embeddable":true,"href":"https:\/\/arriendo.com\/co\/wp-json\/wp\/v2\/es_floor_coverings?post=253790"},{"taxonomy":"es_feature","embeddable":true,"href":"https:\/\/arriendo.com\/co\/wp-json\/wp\/v2\/es_features?post=253790"},{"taxonomy":"es_amenity","embeddable":true,"href":"https:\/\/arriendo.com\/co\/wp-json\/wp\/v2\/es_amenities?post=253790"},{"taxonomy":"es_neighborhood","embeddable":true,"href":"https:\/\/arriendo.com\/co\/wp-json\/wp\/v2\/es_neighborhoods?post=253790"},{"taxonomy":"es_tag","embeddable":true,"href":"https:\/\/arriendo.com\/co\/wp-json\/wp\/v2\/es_tags?post=253790"}],"curies":[{"name":"wp","href":"https:\/\/api.w.org\/{rel}","templated":true}]}}

<p>¡Aquí tenemos las llaves de tus sueños! (Hogar o Negocio) &#8211; Ven por ellas</p>
<p>Casa en renta: $8.000.000 Precio de OPORTUNIDAD<br />
Tipo de propiedad: Casa<br />
* Ubicación: El Peñón, Zona Oeste Cali<br />
* Superficie: 398 m² construidos / 420 m² de terreno<br />
* Número de habitaciones: 6 con amplios clósets<br />
* Número de baños: 6<br />
* Pisos: 3</p>
<p>Bellísima casa ubicada en sector del Peñón especial, ideal para restaurante, hotel, coworking, familias grandes, etc.<br />
* Equipamiento: Lámparas originales de la propiedad en mármol, muebles de madera empotrados en diferentes zonas de la casa y hermosos vitrales.<br />
*Amplia cocina integral con estantes ¡Para ORGANIZAR todo!<br />
*Hermoso patio interior enchapado en piedra<br />
*Aquí todos tendrán su ¡espacio ideal!, diseñados para tu comodidad.<br />
*Te cabrá todo aunque tengas muebles grandes<br />
*Balcón para tomar un descanso, disfrutando de la brisa característica de las tardes caleñas y de un delicioso cafecito<br />
*Otras amenidades: depósito, baño social y garaje para 3 carros<br />
¡Contáctanos YA para agendar tu cita!</p>

¡Aquí tenemos las llaves de tus sueños! (Hogar o Negocio)...
