{"id":253781,"date":"2026-01-30T08:51:51","date_gmt":"2026-01-30T13:51:51","guid":{"rendered":"https:\/\/arriendo.com\/co\/%es_type%\/%address_city%\/%neighborhood%\/cali-centenario-oficina-en-arriendo-7453da\/"},"modified":"2026-01-30T08:51:51","modified_gmt":"2026-01-30T13:51:51","slug":"AR-253781","status":"publish","type":"properties","link":"https:\/\/arriendo.com\/co\/oficinas\/cali\/centenario\/AR-253781\/","title":{"rendered":"Oficina en  Arriendo en Centenario, Cali"},"content":{"rendered":"<p>RENTAMOS OFICINA CON UBICACI\u00d3N ESTRAT\u00c9GICA                                                                                   \u00a1Descubre la oficina de tus sue\u00f1os en el coraz\u00f3n de Cali!<br \/>\nTe presentamos esta oficina ubicada en el segundo piso y con un \u00e1rea de 17,88 mt\u00b2 cuadrados. Esta acogedora oficina puede ser tuya por una renta mensual de $1.100.000, que incluye los gastos de administraci\u00f3n.<br \/>\nImagina trabajar en un espacio lleno de luz natural, con puerta de acceso en vidrio opalizado. Adem\u00e1s, cuenta con un ba\u00f1o privado y la comodidad de un ascensor. Situada en una zona privilegiada, estar\u00e1s rodeado de centros comerciales, bancos, con f\u00e1cil acceso a transporte p\u00fablico y una variada oferta gastron\u00f3mica.<br \/>\n\u00a1Aprovecha la oportunidad de establecer tu negocio en este enclave de prosperidad!<br \/>\nPonte en contacto con nosotros hoy mismo para programar una visita.<br \/>\n\u00a1Act\u00faa ya y asegura tu lugar en esta vibrante comunidad empresarial!<br \/>\nPor favor, ten en cuenta que no dispone de parqueadero interno.<br \/>\nLlama ahora y haz de \u00e9sta oficina tu nuevo lugar de trabajo.<br \/>\n\u00a1Te esperamos con los brazos abiertos para mostrarte tu futuro centro neur\u00e1lgico de operaciones en Cali!<\/p>\n","protected":false},"excerpt":{"rendered":"RENTAMOS OFICINA CON UBICACI\u00d3N ESTRAT\u00c9GICA \u00a1Descubre la oficina de tus...","protected":false},"author":7012,"featured_media":253784,"template":"","es_locations":[179,1287],"es_categories":[124],"es_types":[116],"es_rent_periods":[],"es_labels":[],"es_statuses":[],"es_parkings":[],"es_roofs":[],"es_exterior_materials":[],"es_basements":[],"es_floor_coverings":[],"es_features":[131,2328,2216,2132,2272,2134,2135,2136,2297,2137,2152],"es_amenities":[152,2330,156,2140,2273,2141,2142,2143,2299,2144,2162],"es_neighborhoods":[],"es_tags":[],"class_list":["post-253781","properties","type-properties","status-publish","has-post-thumbnail","hentry","es_location-cali","es_location-centenario","es_category-arriendo","es_type-oficinas","es_feature-ascensor","es_feature-banos-mixtos","es_feature-parqueadero-visitantes","es_feature-parques-cercanos","es_feature-piso-en-baldosa-marmol","es_feature-servicios-publicos","es_feature-sobre-via-principal","es_feature-trans-publico-cercano","es_feature-ubicada-en-edificio","es_feature-zona-comercial","es_feature-zona-residencial","es_amenity-ascensor-privado","es_amenity-banos-mixtos","es_amenity-parqueadero-visitantes","es_amenity-parques-cercanos","es_amenity-piso-en-baldosa-marmol","es_amenity-servicios-publicos","es_amenity-sobre-via-principal","es_amenity-trans-publico-cercano","es_amenity-ubicada-en-edificio","es_amenity-zona-comercial","es_amenity-zona-residencial","es-post-entity"],"_links":{"self":[{"href":"https:\/\/arriendo.com\/co\/wp-json\/wp\/v2\/properties\/253781","targetHints":{"allow":["GET"]}}],"collection":[{"href":"https:\/\/arriendo.com\/co\/wp-json\/wp\/v2\/properties"}],"about":[{"href":"https:\/\/arriendo.com\/co\/wp-json\/wp\/v2\/types\/properties"}],"author":[{"embeddable":true,"href":"https:\/\/arriendo.com\/co\/wp-json\/wp\/v2\/users\/7012"}],"version-history":[{"count":0,"href":"https:\/\/arriendo.com\/co\/wp-json\/wp\/v2\/properties\/253781\/revisions"}],"wp:featuredmedia":[{"embeddable":true,"href":"https:\/\/arriendo.com\/co\/wp-json\/wp\/v2\/media\/253784"}],"wp:attachment":[{"href":"https:\/\/arriendo.com\/co\/wp-json\/wp\/v2\/media?parent=253781"}],"wp:term":[{"taxonomy":"es_location","embeddable":true,"href":"https:\/\/arriendo.com\/co\/wp-json\/wp\/v2\/es_locations?post=253781"},{"taxonomy":"es_category","embeddable":true,"href":"https:\/\/arriendo.com\/co\/wp-json\/wp\/v2\/es_categories?post=253781"},{"taxonomy":"es_type","embeddable":true,"href":"https:\/\/arriendo.com\/co\/wp-json\/wp\/v2\/es_types?post=253781"},{"taxonomy":"es_rent_period","embeddable":true,"href":"https:\/\/arriendo.com\/co\/wp-json\/wp\/v2\/es_rent_periods?post=253781"},{"taxonomy":"es_label","embeddable":true,"href":"https:\/\/arriendo.com\/co\/wp-json\/wp\/v2\/es_labels?post=253781"},{"taxonomy":"es_status","embeddable":true,"href":"https:\/\/arriendo.com\/co\/wp-json\/wp\/v2\/es_statuses?post=253781"},{"taxonomy":"es_parking","embeddable":true,"href":"https:\/\/arriendo.com\/co\/wp-json\/wp\/v2\/es_parkings?post=253781"},{"taxonomy":"es_roof","embeddable":true,"href":"https:\/\/arriendo.com\/co\/wp-json\/wp\/v2\/es_roofs?post=253781"},{"taxonomy":"es_exterior_material","embeddable":true,"href":"https:\/\/arriendo.com\/co\/wp-json\/wp\/v2\/es_exterior_materials?post=253781"},{"taxonomy":"es_basement","embeddable":true,"href":"https:\/\/arriendo.com\/co\/wp-json\/wp\/v2\/es_basements?post=253781"},{"taxonomy":"es_floor_covering","embeddable":true,"href":"https:\/\/arriendo.com\/co\/wp-json\/wp\/v2\/es_floor_coverings?post=253781"},{"taxonomy":"es_feature","embeddable":true,"href":"https:\/\/arriendo.com\/co\/wp-json\/wp\/v2\/es_features?post=253781"},{"taxonomy":"es_amenity","embeddable":true,"href":"https:\/\/arriendo.com\/co\/wp-json\/wp\/v2\/es_amenities?post=253781"},{"taxonomy":"es_neighborhood","embeddable":true,"href":"https:\/\/arriendo.com\/co\/wp-json\/wp\/v2\/es_neighborhoods?post=253781"},{"taxonomy":"es_tag","embeddable":true,"href":"https:\/\/arriendo.com\/co\/wp-json\/wp\/v2\/es_tags?post=253781"}],"curies":[{"name":"wp","href":"https:\/\/api.w.org\/{rel}","templated":true}]}}

<p>RENTAMOS OFICINA CON UBICACIÓN ESTRATÉGICA                                                                                   ¡Descubre la oficina de tus sueños en el corazón de Cali!<br />
Te presentamos esta oficina ubicada en el segundo piso y con un área de 17,88 mt² cuadrados. Esta acogedora oficina puede ser tuya por una renta mensual de $1.100.000, que incluye los gastos de administración.<br />
Imagina trabajar en un espacio lleno de luz natural, con puerta de acceso en vidrio opalizado. Además, cuenta con un baño privado y la comodidad de un ascensor. Situada en una zona privilegiada, estarás rodeado de centros comerciales, bancos, con fácil acceso a transporte público y una variada oferta gastronómica.<br />
¡Aprovecha la oportunidad de establecer tu negocio en este enclave de prosperidad!<br />
Ponte en contacto con nosotros hoy mismo para programar una visita.<br />
¡Actúa ya y asegura tu lugar en esta vibrante comunidad empresarial!<br />
Por favor, ten en cuenta que no dispone de parqueadero interno.<br />
Llama ahora y haz de ésta oficina tu nuevo lugar de trabajo.<br />
¡Te esperamos con los brazos abiertos para mostrarte tu futuro centro neurálgico de operaciones en Cali!</p>

RENTAMOS OFICINA CON UBICACIÓN ESTRATÉGICA ¡Descubre la oficina de tus...
