{"id":253730,"date":"2026-01-30T08:45:51","date_gmt":"2026-01-30T13:45:51","guid":{"rendered":"https:\/\/arriendo.com\/co\/%es_type%\/%address_city%\/%neighborhood%\/cali-zona-oeste-apartamento-en-arriendo-f340d4\/"},"modified":"2026-01-30T08:45:51","modified_gmt":"2026-01-30T13:45:51","slug":"AR-253730","status":"publish","type":"properties","link":"https:\/\/arriendo.com\/co\/apartamentos\/cali\/zona-oeste\/AR-253730\/","title":{"rendered":"Apartamento en  Arriendo en Zona Oeste, Cali"},"content":{"rendered":"<p>APARTAMENTO EN RENTA o VENTA<br \/>\n\u00c1rea privada: 113,13 mtr2<br \/>\n3 habitaciones, 2 ba\u00f1os, 1 ba\u00f1o social, cuarto de servicio con ba\u00f1o, 2 garajes en servidumbre<br \/>\n1 Cuarto \u00fatil, Edificio con sal\u00f3n social, sauna turco, piscina y mini gimnasio <\/p>\n<p>Valor Arriendo: $3.700.000 con Administraci\u00f3n incluida.<br \/>\nAdministraci\u00f3n: $879.000<br \/>\nValor Venta: $500 millones<\/p>\n","protected":false},"excerpt":{"rendered":"APARTAMENTO EN RENTA o VENTA \u00c1rea privada: 113,13 mtr2 3...","protected":false},"author":7012,"featured_media":253733,"template":"","es_locations":[179,2782],"es_categories":[124],"es_types":[114],"es_rent_periods":[],"es_labels":[],"es_statuses":[],"es_parkings":[],"es_roofs":[],"es_exterior_materials":[],"es_basements":[],"es_floor_coverings":[],"es_features":[131,2212,2146,2147,2196,2149,2179,2282,2132,2180,2272,2133,2181,2182,2167,2150,2136,2376,2137,2151,2152],"es_amenities":[152,2217,2155,2156,2197,2159,154,2287,2140,157,2273,158,159,2171,2161,2143,161,2377,2144,162,2162],"es_neighborhoods":[],"es_tags":[],"class_list":["post-253730","properties","type-properties","status-publish","has-post-thumbnail","hentry","es_location-cali","es_location-zona-oeste","es_category-arriendo","es_type-apartamentos","es_feature-ascensor","es_feature-bano-auxiliar","es_feature-cocina-integral","es_feature-cocina-tipo-americano","es_feature-en-conjunto-cerrado","es_feature-garajes","es_feature-gimnasio","es_feature-hall-de-alcobas","es_feature-parques-cercanos","es_feature-piscina","es_feature-piso-en-baldosa-marmol","es_feature-porteria-recepcion","es_feature-porteria-vigilancia","es_feature-salon-comunal","es_feature-sauna-turco-jacuzzi","es_feature-supermercados-c-comerciales","es_feature-trans-publico-cercano","es_feature-vivienda-multifamiliar","es_feature-zona-comercial","es_feature-zona-de-lavanderia","es_feature-zona-residencial","es_amenity-ascensor-privado","es_amenity-bano-auxiliar","es_amenity-cocina-integral","es_amenity-cocina-tipo-americano","es_amenity-en-conjunto-cerrado","es_amenity-garajes","es_amenity-gimnasio","es_amenity-hall-de-alcobas","es_amenity-parques-cercanos","es_amenity-piscina","es_amenity-piso-en-baldosa-marmol","es_amenity-porteria-recepcion","es_amenity-salon-comunal","es_amenity-sauna-turco-jacuzzi","es_amenity-supermercados-c-comerciales","es_amenity-trans-publico-cercano","es_amenity-vigilancia-24-7","es_amenity-vivienda-multifamiliar","es_amenity-zona-comercial","es_amenity-zona-de-lavanderia","es_amenity-zona-residencial","es-post-entity"],"_links":{"self":[{"href":"https:\/\/arriendo.com\/co\/wp-json\/wp\/v2\/properties\/253730","targetHints":{"allow":["GET"]}}],"collection":[{"href":"https:\/\/arriendo.com\/co\/wp-json\/wp\/v2\/properties"}],"about":[{"href":"https:\/\/arriendo.com\/co\/wp-json\/wp\/v2\/types\/properties"}],"author":[{"embeddable":true,"href":"https:\/\/arriendo.com\/co\/wp-json\/wp\/v2\/users\/7012"}],"version-history":[{"count":0,"href":"https:\/\/arriendo.com\/co\/wp-json\/wp\/v2\/properties\/253730\/revisions"}],"wp:featuredmedia":[{"embeddable":true,"href":"https:\/\/arriendo.com\/co\/wp-json\/wp\/v2\/media\/253733"}],"wp:attachment":[{"href":"https:\/\/arriendo.com\/co\/wp-json\/wp\/v2\/media?parent=253730"}],"wp:term":[{"taxonomy":"es_location","embeddable":true,"href":"https:\/\/arriendo.com\/co\/wp-json\/wp\/v2\/es_locations?post=253730"},{"taxonomy":"es_category","embeddable":true,"href":"https:\/\/arriendo.com\/co\/wp-json\/wp\/v2\/es_categories?post=253730"},{"taxonomy":"es_type","embeddable":true,"href":"https:\/\/arriendo.com\/co\/wp-json\/wp\/v2\/es_types?post=253730"},{"taxonomy":"es_rent_period","embeddable":true,"href":"https:\/\/arriendo.com\/co\/wp-json\/wp\/v2\/es_rent_periods?post=253730"},{"taxonomy":"es_label","embeddable":true,"href":"https:\/\/arriendo.com\/co\/wp-json\/wp\/v2\/es_labels?post=253730"},{"taxonomy":"es_status","embeddable":true,"href":"https:\/\/arriendo.com\/co\/wp-json\/wp\/v2\/es_statuses?post=253730"},{"taxonomy":"es_parking","embeddable":true,"href":"https:\/\/arriendo.com\/co\/wp-json\/wp\/v2\/es_parkings?post=253730"},{"taxonomy":"es_roof","embeddable":true,"href":"https:\/\/arriendo.com\/co\/wp-json\/wp\/v2\/es_roofs?post=253730"},{"taxonomy":"es_exterior_material","embeddable":true,"href":"https:\/\/arriendo.com\/co\/wp-json\/wp\/v2\/es_exterior_materials?post=253730"},{"taxonomy":"es_basement","embeddable":true,"href":"https:\/\/arriendo.com\/co\/wp-json\/wp\/v2\/es_basements?post=253730"},{"taxonomy":"es_floor_covering","embeddable":true,"href":"https:\/\/arriendo.com\/co\/wp-json\/wp\/v2\/es_floor_coverings?post=253730"},{"taxonomy":"es_feature","embeddable":true,"href":"https:\/\/arriendo.com\/co\/wp-json\/wp\/v2\/es_features?post=253730"},{"taxonomy":"es_amenity","embeddable":true,"href":"https:\/\/arriendo.com\/co\/wp-json\/wp\/v2\/es_amenities?post=253730"},{"taxonomy":"es_neighborhood","embeddable":true,"href":"https:\/\/arriendo.com\/co\/wp-json\/wp\/v2\/es_neighborhoods?post=253730"},{"taxonomy":"es_tag","embeddable":true,"href":"https:\/\/arriendo.com\/co\/wp-json\/wp\/v2\/es_tags?post=253730"}],"curies":[{"name":"wp","href":"https:\/\/api.w.org\/{rel}","templated":true}]}}

<p>APARTAMENTO EN RENTA o VENTA<br />
Área privada: 113,13 mtr2<br />
3 habitaciones, 2 baños, 1 baño social, cuarto de servicio con baño, 2 garajes en servidumbre<br />
1 Cuarto útil, Edificio con salón social, sauna turco, piscina y mini gimnasio </p>
<p>Valor Arriendo: $3.700.000 con Administración incluida.<br />
Administración: $879.000<br />
Valor Venta: $500 millones</p>

APARTAMENTO EN RENTA o VENTA Área privada: 113,13 mtr2 3...
