{"id":253550,"date":"2026-01-30T08:24:51","date_gmt":"2026-01-30T13:24:51","guid":{"rendered":"https:\/\/arriendo.com\/co\/%es_type%\/%address_city%\/%neighborhood%\/cali-san-fernando-viejo-apartaestudio-en-arriendo-en-333f13\/"},"modified":"2026-01-30T08:24:51","modified_gmt":"2026-01-30T13:24:51","slug":"AR-253550","status":"publish","type":"properties","link":"https:\/\/arriendo.com\/co\/apartaestudios\/cali\/san-fernando-viejo\/AR-253550\/","title":{"rendered":"Apartaestudio en Arriendo en San fernando viejo, Cali"},"content":{"rendered":"<p>\u00a1Descubre el lugar perfecto para vivir! Este apartaestudio de 32 metros cuadrados es una excelente opci\u00f3n para aquellos que buscan un hogar c\u00f3modo y acogedor. lo que lo hace ideal para familias peque\u00f1as o parejas. Est\u00e1 ubicado en una zona segura y tranquila, lo que lo hace ideal para aquellos que buscan un lugar para relajarse. El precio de arriendo para dos personas es de $750.000, con servicios incluidos energ\u00eda, agua, una excelente oferta para un lugar tan c\u00f3modo , comun\u00edcate con Gladys Arcos al 3157684810. \u00a1No esperes m\u00e1s y ven a vivir tu sue\u00f1o!<\/p>\n","protected":false},"excerpt":{"rendered":"\u00a1Descubre el lugar perfecto para vivir! Este apartaestudio de 32...","protected":false},"author":6934,"featured_media":253553,"template":"","es_locations":[179,2566],"es_categories":[124],"es_types":[299],"es_rent_periods":[],"es_labels":[],"es_statuses":[],"es_parkings":[],"es_roofs":[],"es_exterior_materials":[],"es_basements":[],"es_floor_coverings":[],"es_features":[2293,2166,145,2272,2136,2137,2152],"es_amenities":[2295,2189,2160,2273,2143,2144,2162],"es_neighborhoods":[],"es_tags":[],"class_list":["post-253550","properties","type-properties","status-publish","has-post-thumbnail","hentry","es_location-cali","es_location-san-fernando-viejo","es_category-arriendo","es_type-apartaestudios","es_feature-cerca-centro-comercial","es_feature-closet","es_feature-instalacion-de-gas","es_feature-piso-en-baldosa-marmol","es_feature-trans-publico-cercano","es_feature-zona-comercial","es_feature-zona-residencial","es_amenity-cerca-centro-comercial","es_amenity-closet","es_amenity-instalacion-de-gas","es_amenity-piso-en-baldosa-marmol","es_amenity-trans-publico-cercano","es_amenity-zona-comercial","es_amenity-zona-residencial","es-post-entity"],"_links":{"self":[{"href":"https:\/\/arriendo.com\/co\/wp-json\/wp\/v2\/properties\/253550","targetHints":{"allow":["GET"]}}],"collection":[{"href":"https:\/\/arriendo.com\/co\/wp-json\/wp\/v2\/properties"}],"about":[{"href":"https:\/\/arriendo.com\/co\/wp-json\/wp\/v2\/types\/properties"}],"author":[{"embeddable":true,"href":"https:\/\/arriendo.com\/co\/wp-json\/wp\/v2\/users\/6934"}],"version-history":[{"count":0,"href":"https:\/\/arriendo.com\/co\/wp-json\/wp\/v2\/properties\/253550\/revisions"}],"wp:featuredmedia":[{"embeddable":true,"href":"https:\/\/arriendo.com\/co\/wp-json\/wp\/v2\/media\/253553"}],"wp:attachment":[{"href":"https:\/\/arriendo.com\/co\/wp-json\/wp\/v2\/media?parent=253550"}],"wp:term":[{"taxonomy":"es_location","embeddable":true,"href":"https:\/\/arriendo.com\/co\/wp-json\/wp\/v2\/es_locations?post=253550"},{"taxonomy":"es_category","embeddable":true,"href":"https:\/\/arriendo.com\/co\/wp-json\/wp\/v2\/es_categories?post=253550"},{"taxonomy":"es_type","embeddable":true,"href":"https:\/\/arriendo.com\/co\/wp-json\/wp\/v2\/es_types?post=253550"},{"taxonomy":"es_rent_period","embeddable":true,"href":"https:\/\/arriendo.com\/co\/wp-json\/wp\/v2\/es_rent_periods?post=253550"},{"taxonomy":"es_label","embeddable":true,"href":"https:\/\/arriendo.com\/co\/wp-json\/wp\/v2\/es_labels?post=253550"},{"taxonomy":"es_status","embeddable":true,"href":"https:\/\/arriendo.com\/co\/wp-json\/wp\/v2\/es_statuses?post=253550"},{"taxonomy":"es_parking","embeddable":true,"href":"https:\/\/arriendo.com\/co\/wp-json\/wp\/v2\/es_parkings?post=253550"},{"taxonomy":"es_roof","embeddable":true,"href":"https:\/\/arriendo.com\/co\/wp-json\/wp\/v2\/es_roofs?post=253550"},{"taxonomy":"es_exterior_material","embeddable":true,"href":"https:\/\/arriendo.com\/co\/wp-json\/wp\/v2\/es_exterior_materials?post=253550"},{"taxonomy":"es_basement","embeddable":true,"href":"https:\/\/arriendo.com\/co\/wp-json\/wp\/v2\/es_basements?post=253550"},{"taxonomy":"es_floor_covering","embeddable":true,"href":"https:\/\/arriendo.com\/co\/wp-json\/wp\/v2\/es_floor_coverings?post=253550"},{"taxonomy":"es_feature","embeddable":true,"href":"https:\/\/arriendo.com\/co\/wp-json\/wp\/v2\/es_features?post=253550"},{"taxonomy":"es_amenity","embeddable":true,"href":"https:\/\/arriendo.com\/co\/wp-json\/wp\/v2\/es_amenities?post=253550"},{"taxonomy":"es_neighborhood","embeddable":true,"href":"https:\/\/arriendo.com\/co\/wp-json\/wp\/v2\/es_neighborhoods?post=253550"},{"taxonomy":"es_tag","embeddable":true,"href":"https:\/\/arriendo.com\/co\/wp-json\/wp\/v2\/es_tags?post=253550"}],"curies":[{"name":"wp","href":"https:\/\/api.w.org\/{rel}","templated":true}]}}

<p>¡Descubre el lugar perfecto para vivir! Este apartaestudio de 32 metros cuadrados es una excelente opción para aquellos que buscan un hogar cómodo y acogedor. lo que lo hace ideal para familias pequeñas o parejas. Está ubicado en una zona segura y tranquila, lo que lo hace ideal para aquellos que buscan un lugar para relajarse. El precio de arriendo para dos personas es de $750.000, con servicios incluidos energía, agua, una excelente oferta para un lugar tan cómodo , comunícate con Gladys Arcos al 3157684810. ¡No esperes más y ven a vivir tu sueño!</p>
