{"id":252819,"date":"2026-01-30T02:47:50","date_gmt":"2026-01-30T07:47:50","guid":{"rendered":"https:\/\/arriendo.com\/co\/%es_type%\/%address_city%\/%neighborhood%\/bogota-chico-reservado-apartamento-en-arriendo-en-650d19\/"},"modified":"2026-01-30T02:47:50","modified_gmt":"2026-01-30T07:47:50","slug":"AR-252819","status":"publish","type":"properties","link":"https:\/\/arriendo.com\/co\/apartamentos\/bogota\/chico-reservado\/AR-252819\/","title":{"rendered":"Apartamento en Arriendo en Chic\u00f3 Reservado, Bogot\u00e1"},"content":{"rendered":"<p>Descubra este cautivador apartamento d\u00faplex amoblado, un verdadero luz natural y confort. Sus amplios ventanales enmarcan vistas encantadoras. El primer nivel le da la bienvenida a un espacio social perfectamente dise\u00f1ado; una sala comedor con una agradable chimenea. La cocina abierta con estilo americano y zona de lavander\u00eda. Segundo nivel, 2 habituaciones, principal con ba\u00f1o. El apto cuenta con 2 parqueaderos.<\/p>\n","protected":false},"excerpt":{"rendered":"Descubra este cautivador apartamento d\u00faplex amoblado, un verdadero luz natural...","protected":false},"author":4102,"featured_media":252822,"template":"","es_locations":[110,77,236],"es_categories":[124],"es_types":[114],"es_rent_periods":[],"es_labels":[],"es_statuses":[],"es_parkings":[],"es_roofs":[],"es_exterior_materials":[],"es_basements":[],"es_floor_coverings":[],"es_features":[131,2145,134,2131,2146,2378,136,2282,145,2132,2133,2181,2150,2136,2137,2151,2152,2204],"es_amenities":[152,2153,2313,2139,2155,2381,2158,2287,2160,2140,158,2161,2143,161,2144,162,2162,2209],"es_neighborhoods":[],"es_tags":[],"class_list":["post-252819","properties","type-properties","status-publish","has-post-thumbnail","hentry","es_location-bogota","es_location-bogota-d-c","es_location-chico-reservado","es_category-arriendo","es_type-apartamentos","es_feature-ascensor","es_feature-calentador","es_feature-chimenea","es_feature-circuito-cerrado-de-tv","es_feature-cocina-integral","es_feature-duplex","es_feature-estudio","es_feature-hall-de-alcobas","es_feature-instalacion-de-gas","es_feature-parques-cercanos","es_feature-porteria-recepcion","es_feature-porteria-vigilancia","es_feature-supermercados-c-comerciales","es_feature-trans-publico-cercano","es_feature-zona-comercial","es_feature-zona-de-lavanderia","es_feature-zona-residencial","es_feature-zonas-verdes","es_amenity-ascensor-privado","es_amenity-calentador","es_amenity-chimenea","es_amenity-circuito-cerrado-de-tv","es_amenity-cocina-integral","es_amenity-duplex","es_amenity-estudio","es_amenity-hall-de-alcobas","es_amenity-instalacion-de-gas","es_amenity-parques-cercanos","es_amenity-porteria-recepcion","es_amenity-supermercados-c-comerciales","es_amenity-trans-publico-cercano","es_amenity-vigilancia-24-7","es_amenity-zona-comercial","es_amenity-zona-de-lavanderia","es_amenity-zona-residencial","es_amenity-zonas-verdes","es-post-entity"],"_links":{"self":[{"href":"https:\/\/arriendo.com\/co\/wp-json\/wp\/v2\/properties\/252819","targetHints":{"allow":["GET"]}}],"collection":[{"href":"https:\/\/arriendo.com\/co\/wp-json\/wp\/v2\/properties"}],"about":[{"href":"https:\/\/arriendo.com\/co\/wp-json\/wp\/v2\/types\/properties"}],"author":[{"embeddable":true,"href":"https:\/\/arriendo.com\/co\/wp-json\/wp\/v2\/users\/4102"}],"version-history":[{"count":0,"href":"https:\/\/arriendo.com\/co\/wp-json\/wp\/v2\/properties\/252819\/revisions"}],"wp:featuredmedia":[{"embeddable":true,"href":"https:\/\/arriendo.com\/co\/wp-json\/wp\/v2\/media\/252822"}],"wp:attachment":[{"href":"https:\/\/arriendo.com\/co\/wp-json\/wp\/v2\/media?parent=252819"}],"wp:term":[{"taxonomy":"es_location","embeddable":true,"href":"https:\/\/arriendo.com\/co\/wp-json\/wp\/v2\/es_locations?post=252819"},{"taxonomy":"es_category","embeddable":true,"href":"https:\/\/arriendo.com\/co\/wp-json\/wp\/v2\/es_categories?post=252819"},{"taxonomy":"es_type","embeddable":true,"href":"https:\/\/arriendo.com\/co\/wp-json\/wp\/v2\/es_types?post=252819"},{"taxonomy":"es_rent_period","embeddable":true,"href":"https:\/\/arriendo.com\/co\/wp-json\/wp\/v2\/es_rent_periods?post=252819"},{"taxonomy":"es_label","embeddable":true,"href":"https:\/\/arriendo.com\/co\/wp-json\/wp\/v2\/es_labels?post=252819"},{"taxonomy":"es_status","embeddable":true,"href":"https:\/\/arriendo.com\/co\/wp-json\/wp\/v2\/es_statuses?post=252819"},{"taxonomy":"es_parking","embeddable":true,"href":"https:\/\/arriendo.com\/co\/wp-json\/wp\/v2\/es_parkings?post=252819"},{"taxonomy":"es_roof","embeddable":true,"href":"https:\/\/arriendo.com\/co\/wp-json\/wp\/v2\/es_roofs?post=252819"},{"taxonomy":"es_exterior_material","embeddable":true,"href":"https:\/\/arriendo.com\/co\/wp-json\/wp\/v2\/es_exterior_materials?post=252819"},{"taxonomy":"es_basement","embeddable":true,"href":"https:\/\/arriendo.com\/co\/wp-json\/wp\/v2\/es_basements?post=252819"},{"taxonomy":"es_floor_covering","embeddable":true,"href":"https:\/\/arriendo.com\/co\/wp-json\/wp\/v2\/es_floor_coverings?post=252819"},{"taxonomy":"es_feature","embeddable":true,"href":"https:\/\/arriendo.com\/co\/wp-json\/wp\/v2\/es_features?post=252819"},{"taxonomy":"es_amenity","embeddable":true,"href":"https:\/\/arriendo.com\/co\/wp-json\/wp\/v2\/es_amenities?post=252819"},{"taxonomy":"es_neighborhood","embeddable":true,"href":"https:\/\/arriendo.com\/co\/wp-json\/wp\/v2\/es_neighborhoods?post=252819"},{"taxonomy":"es_tag","embeddable":true,"href":"https:\/\/arriendo.com\/co\/wp-json\/wp\/v2\/es_tags?post=252819"}],"curies":[{"name":"wp","href":"https:\/\/api.w.org\/{rel}","templated":true}]}}

Apartamento en Arriendo en Chicó Reservado, Bogotá

<p>Descubra este cautivador apartamento dúplex amoblado, un verdadero luz natural y confort. Sus amplios ventanales enmarcan vistas encantadoras. El primer nivel le da la bienvenida a un espacio social perfectamente diseñado; una sala comedor con una agradable chimenea. La cocina abierta con estilo americano y zona de lavandería. Segundo nivel, 2 habituaciones, principal con baño. El apto cuenta con 2 parqueaderos.</p>

Descubra este cautivador apartamento dúplex amoblado, un verdadero luz natural...
