{"id":252697,"date":"2026-01-30T02:33:50","date_gmt":"2026-01-30T07:33:50","guid":{"rendered":"https:\/\/arriendo.com\/co\/%es_type%\/%address_city%\/%neighborhood%\/armenia-los-profesionales-local-en-arriendo-e69158\/"},"modified":"2026-01-30T02:33:50","modified_gmt":"2026-01-30T07:33:50","slug":"AR-252697","status":"publish","type":"properties","link":"https:\/\/arriendo.com\/co\/locales\/armenia\/los-profesionales\/AR-252697\/","title":{"rendered":"Local en  Arriendo en Los profesionales, Armenia"},"content":{"rendered":"<p>local comercial o consultorio para renta en sector norte de Armenia. Se ubica en primer piso de edificio residencial, con centro medico al lado. Cuenta con buenos acabados, buena iluminaci\u00f3n gracias a su amplia fachada en vidrio. Se conforma por espacio de trabajo para 4 puestos en al entrada, ba\u00f1o privado, \u00e1rea para sala de juntas, cocineta y \u00e1rea adicional para 2 puestos mas. Cerca a colegios, universidades, supermercados, estaciones de servicio y sector residencial tranquilo.<\/p>\n","protected":false},"excerpt":{"rendered":"local comercial o consultorio para renta en sector norte de...","protected":false},"author":4102,"featured_media":252700,"template":"","es_locations":[347,2939,101],"es_categories":[124],"es_types":[117],"es_rent_periods":[],"es_labels":[],"es_statuses":[],"es_parkings":[],"es_roofs":[],"es_exterior_materials":[],"es_basements":[],"es_floor_coverings":[],"es_features":[2265,2131,2302,2296,2176,2385,2216,2132,2272,2181,2283,2239,2228,2241,2242,2152],"es_amenities":[2268,2139,2303,2298,2191,2386,156,2140,2273,2288,2256,2258,161,2259,2260,2162],"es_neighborhoods":[],"es_tags":[],"class_list":["post-252697","properties","type-properties","status-publish","has-post-thumbnail","hentry","es_location-armenia","es_location-los-profesionales","es_location-quindio","es_category-arriendo","es_type-locales","es_feature-bahia-exterior-de-parqueo","es_feature-circuito-cerrado-de-tv","es_feature-cocineta","es_feature-en-edificio","es_feature-en-zona-residencial","es_feature-local-exterior","es_feature-parqueadero-visitantes","es_feature-parques-cercanos","es_feature-piso-en-baldosa-marmol","es_feature-porteria-vigilancia","es_feature-servicio-de-internet","es_feature-sobre-via-secundaria","es_feature-ventilacion-natural","es_feature-vigilancia-24x7","es_feature-vigilancia-privada-247","es_feature-zona-residencial","es_amenity-bahia-exterior-de-parqueo","es_amenity-circuito-cerrado-de-tv","es_amenity-cocineta","es_amenity-en-edificio","es_amenity-en-zona-residencial","es_amenity-local-exterior","es_amenity-parqueadero-visitantes","es_amenity-parques-cercanos","es_amenity-piso-en-baldosa-marmol","es_amenity-servicio-de-internet","es_amenity-sobre-via-secundaria","es_amenity-ventilacion-natural","es_amenity-vigilancia-24-7","es_amenity-vigilancia-24x7","es_amenity-vigilancia-privada-247","es_amenity-zona-residencial","es-post-entity"],"_links":{"self":[{"href":"https:\/\/arriendo.com\/co\/wp-json\/wp\/v2\/properties\/252697","targetHints":{"allow":["GET"]}}],"collection":[{"href":"https:\/\/arriendo.com\/co\/wp-json\/wp\/v2\/properties"}],"about":[{"href":"https:\/\/arriendo.com\/co\/wp-json\/wp\/v2\/types\/properties"}],"author":[{"embeddable":true,"href":"https:\/\/arriendo.com\/co\/wp-json\/wp\/v2\/users\/4102"}],"version-history":[{"count":0,"href":"https:\/\/arriendo.com\/co\/wp-json\/wp\/v2\/properties\/252697\/revisions"}],"wp:featuredmedia":[{"embeddable":true,"href":"https:\/\/arriendo.com\/co\/wp-json\/wp\/v2\/media\/252700"}],"wp:attachment":[{"href":"https:\/\/arriendo.com\/co\/wp-json\/wp\/v2\/media?parent=252697"}],"wp:term":[{"taxonomy":"es_location","embeddable":true,"href":"https:\/\/arriendo.com\/co\/wp-json\/wp\/v2\/es_locations?post=252697"},{"taxonomy":"es_category","embeddable":true,"href":"https:\/\/arriendo.com\/co\/wp-json\/wp\/v2\/es_categories?post=252697"},{"taxonomy":"es_type","embeddable":true,"href":"https:\/\/arriendo.com\/co\/wp-json\/wp\/v2\/es_types?post=252697"},{"taxonomy":"es_rent_period","embeddable":true,"href":"https:\/\/arriendo.com\/co\/wp-json\/wp\/v2\/es_rent_periods?post=252697"},{"taxonomy":"es_label","embeddable":true,"href":"https:\/\/arriendo.com\/co\/wp-json\/wp\/v2\/es_labels?post=252697"},{"taxonomy":"es_status","embeddable":true,"href":"https:\/\/arriendo.com\/co\/wp-json\/wp\/v2\/es_statuses?post=252697"},{"taxonomy":"es_parking","embeddable":true,"href":"https:\/\/arriendo.com\/co\/wp-json\/wp\/v2\/es_parkings?post=252697"},{"taxonomy":"es_roof","embeddable":true,"href":"https:\/\/arriendo.com\/co\/wp-json\/wp\/v2\/es_roofs?post=252697"},{"taxonomy":"es_exterior_material","embeddable":true,"href":"https:\/\/arriendo.com\/co\/wp-json\/wp\/v2\/es_exterior_materials?post=252697"},{"taxonomy":"es_basement","embeddable":true,"href":"https:\/\/arriendo.com\/co\/wp-json\/wp\/v2\/es_basements?post=252697"},{"taxonomy":"es_floor_covering","embeddable":true,"href":"https:\/\/arriendo.com\/co\/wp-json\/wp\/v2\/es_floor_coverings?post=252697"},{"taxonomy":"es_feature","embeddable":true,"href":"https:\/\/arriendo.com\/co\/wp-json\/wp\/v2\/es_features?post=252697"},{"taxonomy":"es_amenity","embeddable":true,"href":"https:\/\/arriendo.com\/co\/wp-json\/wp\/v2\/es_amenities?post=252697"},{"taxonomy":"es_neighborhood","embeddable":true,"href":"https:\/\/arriendo.com\/co\/wp-json\/wp\/v2\/es_neighborhoods?post=252697"},{"taxonomy":"es_tag","embeddable":true,"href":"https:\/\/arriendo.com\/co\/wp-json\/wp\/v2\/es_tags?post=252697"}],"curies":[{"name":"wp","href":"https:\/\/api.w.org\/{rel}","templated":true}]}}

<p>local comercial o consultorio para renta en sector norte de Armenia. Se ubica en primer piso de edificio residencial, con centro medico al lado. Cuenta con buenos acabados, buena iluminación gracias a su amplia fachada en vidrio. Se conforma por espacio de trabajo para 4 puestos en al entrada, baño privado, área para sala de juntas, cocineta y área adicional para 2 puestos mas. Cerca a colegios, universidades, supermercados, estaciones de servicio y sector residencial tranquilo.</p>
