{"id":252664,"date":"2026-01-30T02:29:50","date_gmt":"2026-01-30T07:29:50","guid":{"rendered":"https:\/\/arriendo.com\/co\/%es_type%\/%address_city%\/%neighborhood%\/armenia-sector-central-oficina-en-arriendo-en-e4d7a7\/"},"modified":"2026-01-30T02:29:50","modified_gmt":"2026-01-30T07:29:50","slug":"AR-252664","status":"publish","type":"properties","link":"https:\/\/arriendo.com\/co\/oficinas\/armenia\/sector-central\/AR-252664\/","title":{"rendered":"Oficina en Arriendo en Sector central, Armenia"},"content":{"rendered":"<p>Descubra esta funcional oficina de 40m\u00b2 disponible para arriendo, ubicada estrat\u00e9gicamente en la Carrera 15 del Centro de Armenia, Quind\u00edo. Esta propiedad es ideal para profesionales y negocios que buscan un espacio pr\u00e1ctico y bien distribuido en una zona c\u00e9ntrica, ofreciendo f\u00e1cil acceso y visibilidad en una edificaci\u00f3n con una antig\u00fcedad de entre 16 y 30 a\u00f1os.  El inmueble destaca por su dise\u00f1o que prioriza la funcionalidad y la luminosidad. Cuenta con ambientes luminosos y bien distribuidos, incluyendo una oficina privada para mayor confidencialidad, \u00e1reas de espera que garantizan comodidad para sus clientes, una cocineta integrada para pausas y un ba\u00f1o completo. El uso de piso de baldosa y paredes blancas no solo facilita el mantenimiento, sino que tambi\u00e9n crea un ambiente profesional y adaptable a cualquier tipo de decoraci\u00f3n.  Equipada con ventilaci\u00f3n natural, esta oficina asegura un ambiente fresco y agradable durante toda la jornada. Por tan solo $800.000, esta oficina representa una excelente oportunidad para establecer o expandir su negocio en el coraz\u00f3n de Armenia, combinando un precio competitivo con caracter\u00edsticas esenciales para un entorno de trabajo eficiente y ordenado.<\/p>\n","protected":false},"excerpt":{"rendered":"Descubra esta funcional oficina de 40m\u00b2 disponible para arriendo, ubicada...","protected":false},"author":4102,"featured_media":252667,"template":"","es_locations":[347,101,2938],"es_categories":[124],"es_types":[116],"es_rent_periods":[],"es_labels":[],"es_statuses":[],"es_parkings":[],"es_roofs":[],"es_exterior_materials":[],"es_basements":[],"es_floor_coverings":[],"es_features":[2130,2328,2224,2302,2226,2354,2272,2133,2134,2135,2136,2137],"es_amenities":[2138,2330,2247,2303,2251,2359,2273,158,2141,2142,2143,2144],"es_neighborhoods":[],"es_tags":[],"class_list":["post-252664","properties","type-properties","status-publish","has-post-thumbnail","hentry","es_location-armenia","es_location-quindio","es_location-sector-central","es_category-arriendo","es_type-oficinas","es_feature-banos-comunales","es_feature-banos-mixtos","es_feature-cableado-de-red","es_feature-cocineta","es_feature-escalera-de-emergencia","es_feature-gabinete-de-incendios","es_feature-piso-en-baldosa-marmol","es_feature-porteria-recepcion","es_feature-servicios-publicos","es_feature-sobre-via-principal","es_feature-trans-publico-cercano","es_feature-zona-comercial","es_amenity-banos-comunales","es_amenity-banos-mixtos","es_amenity-cableado-de-red","es_amenity-cocineta","es_amenity-escalera-de-emergencia","es_amenity-gabinete-de-incendios","es_amenity-piso-en-baldosa-marmol","es_amenity-porteria-recepcion","es_amenity-servicios-publicos","es_amenity-sobre-via-principal","es_amenity-trans-publico-cercano","es_amenity-zona-comercial","es-post-entity"],"_links":{"self":[{"href":"https:\/\/arriendo.com\/co\/wp-json\/wp\/v2\/properties\/252664","targetHints":{"allow":["GET"]}}],"collection":[{"href":"https:\/\/arriendo.com\/co\/wp-json\/wp\/v2\/properties"}],"about":[{"href":"https:\/\/arriendo.com\/co\/wp-json\/wp\/v2\/types\/properties"}],"author":[{"embeddable":true,"href":"https:\/\/arriendo.com\/co\/wp-json\/wp\/v2\/users\/4102"}],"version-history":[{"count":0,"href":"https:\/\/arriendo.com\/co\/wp-json\/wp\/v2\/properties\/252664\/revisions"}],"wp:featuredmedia":[{"embeddable":true,"href":"https:\/\/arriendo.com\/co\/wp-json\/wp\/v2\/media\/252667"}],"wp:attachment":[{"href":"https:\/\/arriendo.com\/co\/wp-json\/wp\/v2\/media?parent=252664"}],"wp:term":[{"taxonomy":"es_location","embeddable":true,"href":"https:\/\/arriendo.com\/co\/wp-json\/wp\/v2\/es_locations?post=252664"},{"taxonomy":"es_category","embeddable":true,"href":"https:\/\/arriendo.com\/co\/wp-json\/wp\/v2\/es_categories?post=252664"},{"taxonomy":"es_type","embeddable":true,"href":"https:\/\/arriendo.com\/co\/wp-json\/wp\/v2\/es_types?post=252664"},{"taxonomy":"es_rent_period","embeddable":true,"href":"https:\/\/arriendo.com\/co\/wp-json\/wp\/v2\/es_rent_periods?post=252664"},{"taxonomy":"es_label","embeddable":true,"href":"https:\/\/arriendo.com\/co\/wp-json\/wp\/v2\/es_labels?post=252664"},{"taxonomy":"es_status","embeddable":true,"href":"https:\/\/arriendo.com\/co\/wp-json\/wp\/v2\/es_statuses?post=252664"},{"taxonomy":"es_parking","embeddable":true,"href":"https:\/\/arriendo.com\/co\/wp-json\/wp\/v2\/es_parkings?post=252664"},{"taxonomy":"es_roof","embeddable":true,"href":"https:\/\/arriendo.com\/co\/wp-json\/wp\/v2\/es_roofs?post=252664"},{"taxonomy":"es_exterior_material","embeddable":true,"href":"https:\/\/arriendo.com\/co\/wp-json\/wp\/v2\/es_exterior_materials?post=252664"},{"taxonomy":"es_basement","embeddable":true,"href":"https:\/\/arriendo.com\/co\/wp-json\/wp\/v2\/es_basements?post=252664"},{"taxonomy":"es_floor_covering","embeddable":true,"href":"https:\/\/arriendo.com\/co\/wp-json\/wp\/v2\/es_floor_coverings?post=252664"},{"taxonomy":"es_feature","embeddable":true,"href":"https:\/\/arriendo.com\/co\/wp-json\/wp\/v2\/es_features?post=252664"},{"taxonomy":"es_amenity","embeddable":true,"href":"https:\/\/arriendo.com\/co\/wp-json\/wp\/v2\/es_amenities?post=252664"},{"taxonomy":"es_neighborhood","embeddable":true,"href":"https:\/\/arriendo.com\/co\/wp-json\/wp\/v2\/es_neighborhoods?post=252664"},{"taxonomy":"es_tag","embeddable":true,"href":"https:\/\/arriendo.com\/co\/wp-json\/wp\/v2\/es_tags?post=252664"}],"curies":[{"name":"wp","href":"https:\/\/api.w.org\/{rel}","templated":true}]}}

<p>Descubra esta funcional oficina de 40m² disponible para arriendo, ubicada estratégicamente en la Carrera 15 del Centro de Armenia, Quindío. Esta propiedad es ideal para profesionales y negocios que buscan un espacio práctico y bien distribuido en una zona céntrica, ofreciendo fácil acceso y visibilidad en una edificación con una antigüedad de entre 16 y 30 años.  El inmueble destaca por su diseño que prioriza la funcionalidad y la luminosidad. Cuenta con ambientes luminosos y bien distribuidos, incluyendo una oficina privada para mayor confidencialidad, áreas de espera que garantizan comodidad para sus clientes, una cocineta integrada para pausas y un baño completo. El uso de piso de baldosa y paredes blancas no solo facilita el mantenimiento, sino que también crea un ambiente profesional y adaptable a cualquier tipo de decoración.  Equipada con ventilación natural, esta oficina asegura un ambiente fresco y agradable durante toda la jornada. Por tan solo $800.000, esta oficina representa una excelente oportunidad para establecer o expandir su negocio en el corazón de Armenia, combinando un precio competitivo con características esenciales para un entorno de trabajo eficiente y ordenado.</p>
