{"id":252423,"date":"2026-01-30T02:00:50","date_gmt":"2026-01-30T07:00:50","guid":{"rendered":"https:\/\/arriendo.com\/co\/%es_type%\/%address_city%\/%neighborhood%\/piedecuesta-menzuly-local-en-arriendo-265dbe\/"},"modified":"2026-01-30T02:00:50","modified_gmt":"2026-01-30T07:00:50","slug":"AR-252423","status":"publish","type":"properties","link":"https:\/\/arriendo.com\/co\/locales\/piedecuesta\/menzuly\/AR-252423\/","title":{"rendered":"Local en  Arriendo en Menzuly, Piedecuesta"},"content":{"rendered":"<p>Arrendamos local amplio, ubicado en  la autopista Floridablanca &#8211; Piedecuesta, en el nuevo complejo del  Centro Medico HIC de Colombia, ubicado en primer piso,  \u00e1rea 72 mts, consta de 1 sal\u00f3n amplio, fachada en vidrio para una excelente vitrina comercial la cual es exterior de alta visibilidad, doble altura,  pisos en cer\u00e1mica,  puerta en vidrio,  con parqueadero propio, el edificio cuenta con vigilancia 24 horas, c\u00f3modas instalaciones, recepci\u00f3n, escaleras el\u00e9ctricas, ascensores, ba\u00f1os comunales, cafeter\u00eda publica, parqueadero publico.<\/p>\n","protected":false},"excerpt":{"rendered":"Arrendamos local amplio, ubicado en la autopista Floridablanca &#8211; Piedecuesta,...","protected":false},"author":4102,"featured_media":252426,"template":"","es_locations":[2932,1636,104],"es_categories":[124],"es_types":[117],"es_rent_periods":[],"es_labels":[],"es_statuses":[],"es_parkings":[],"es_roofs":[],"es_exterior_materials":[],"es_basements":[],"es_floor_coverings":[],"es_features":[131,2131,2201,2385,2216,2488,2181,2135,2228,2241,2242,2137],"es_amenities":[152,2139,2206,2386,156,2489,2142,2258,161,2259,2260,2144],"es_neighborhoods":[],"es_tags":[],"class_list":["post-252423","properties","type-properties","status-publish","has-post-thumbnail","hentry","es_location-menzuly","es_location-piedecuesta","es_location-santander","es_category-arriendo","es_type-locales","es_feature-ascensor","es_feature-circuito-cerrado-de-tv","es_feature-en-zona-comercial","es_feature-local-exterior","es_feature-parqueadero-visitantes","es_feature-pasaje-comercial","es_feature-porteria-vigilancia","es_feature-sobre-via-principal","es_feature-ventilacion-natural","es_feature-vigilancia-24x7","es_feature-vigilancia-privada-247","es_feature-zona-comercial","es_amenity-ascensor-privado","es_amenity-circuito-cerrado-de-tv","es_amenity-en-zona-comercial","es_amenity-local-exterior","es_amenity-parqueadero-visitantes","es_amenity-pasaje-comercial","es_amenity-sobre-via-principal","es_amenity-ventilacion-natural","es_amenity-vigilancia-24-7","es_amenity-vigilancia-24x7","es_amenity-vigilancia-privada-247","es_amenity-zona-comercial","es-post-entity"],"_links":{"self":[{"href":"https:\/\/arriendo.com\/co\/wp-json\/wp\/v2\/properties\/252423","targetHints":{"allow":["GET"]}}],"collection":[{"href":"https:\/\/arriendo.com\/co\/wp-json\/wp\/v2\/properties"}],"about":[{"href":"https:\/\/arriendo.com\/co\/wp-json\/wp\/v2\/types\/properties"}],"author":[{"embeddable":true,"href":"https:\/\/arriendo.com\/co\/wp-json\/wp\/v2\/users\/4102"}],"version-history":[{"count":0,"href":"https:\/\/arriendo.com\/co\/wp-json\/wp\/v2\/properties\/252423\/revisions"}],"wp:featuredmedia":[{"embeddable":true,"href":"https:\/\/arriendo.com\/co\/wp-json\/wp\/v2\/media\/252426"}],"wp:attachment":[{"href":"https:\/\/arriendo.com\/co\/wp-json\/wp\/v2\/media?parent=252423"}],"wp:term":[{"taxonomy":"es_location","embeddable":true,"href":"https:\/\/arriendo.com\/co\/wp-json\/wp\/v2\/es_locations?post=252423"},{"taxonomy":"es_category","embeddable":true,"href":"https:\/\/arriendo.com\/co\/wp-json\/wp\/v2\/es_categories?post=252423"},{"taxonomy":"es_type","embeddable":true,"href":"https:\/\/arriendo.com\/co\/wp-json\/wp\/v2\/es_types?post=252423"},{"taxonomy":"es_rent_period","embeddable":true,"href":"https:\/\/arriendo.com\/co\/wp-json\/wp\/v2\/es_rent_periods?post=252423"},{"taxonomy":"es_label","embeddable":true,"href":"https:\/\/arriendo.com\/co\/wp-json\/wp\/v2\/es_labels?post=252423"},{"taxonomy":"es_status","embeddable":true,"href":"https:\/\/arriendo.com\/co\/wp-json\/wp\/v2\/es_statuses?post=252423"},{"taxonomy":"es_parking","embeddable":true,"href":"https:\/\/arriendo.com\/co\/wp-json\/wp\/v2\/es_parkings?post=252423"},{"taxonomy":"es_roof","embeddable":true,"href":"https:\/\/arriendo.com\/co\/wp-json\/wp\/v2\/es_roofs?post=252423"},{"taxonomy":"es_exterior_material","embeddable":true,"href":"https:\/\/arriendo.com\/co\/wp-json\/wp\/v2\/es_exterior_materials?post=252423"},{"taxonomy":"es_basement","embeddable":true,"href":"https:\/\/arriendo.com\/co\/wp-json\/wp\/v2\/es_basements?post=252423"},{"taxonomy":"es_floor_covering","embeddable":true,"href":"https:\/\/arriendo.com\/co\/wp-json\/wp\/v2\/es_floor_coverings?post=252423"},{"taxonomy":"es_feature","embeddable":true,"href":"https:\/\/arriendo.com\/co\/wp-json\/wp\/v2\/es_features?post=252423"},{"taxonomy":"es_amenity","embeddable":true,"href":"https:\/\/arriendo.com\/co\/wp-json\/wp\/v2\/es_amenities?post=252423"},{"taxonomy":"es_neighborhood","embeddable":true,"href":"https:\/\/arriendo.com\/co\/wp-json\/wp\/v2\/es_neighborhoods?post=252423"},{"taxonomy":"es_tag","embeddable":true,"href":"https:\/\/arriendo.com\/co\/wp-json\/wp\/v2\/es_tags?post=252423"}],"curies":[{"name":"wp","href":"https:\/\/api.w.org\/{rel}","templated":true}]}}

<p>Arrendamos local amplio, ubicado en  la autopista Floridablanca &#8211; Piedecuesta, en el nuevo complejo del  Centro Medico HIC de Colombia, ubicado en primer piso,  área 72 mts, consta de 1 salón amplio, fachada en vidrio para una excelente vitrina comercial la cual es exterior de alta visibilidad, doble altura,  pisos en cerámica,  puerta en vidrio,  con parqueadero propio, el edificio cuenta con vigilancia 24 horas, cómodas instalaciones, recepción, escaleras eléctricas, ascensores, baños comunales, cafetería publica, parqueadero publico.</p>
