{"id":252406,"date":"2026-01-30T01:58:50","date_gmt":"2026-01-30T06:58:50","guid":{"rendered":"https:\/\/arriendo.com\/co\/%es_type%\/%address_city%\/%neighborhood%\/bucaramanga-nueva-fontana-local-en-arriendo-en-a47c30\/"},"modified":"2026-01-30T01:58:50","modified_gmt":"2026-01-30T06:58:50","slug":"AR-252406","status":"publish","type":"properties","link":"https:\/\/arriendo.com\/co\/locales\/bucaramanga\/nueva-fontana\/AR-252406\/","title":{"rendered":"Local en Arriendo en Nueva fontana, Bucaramanga"},"content":{"rendered":"<p>Arrendamos excelentes locales comerciales para estrenar, ubicados en un edificio nuevo de un gran numero de complejo de apartamentos,  en el barrio fontana, cerca al colegio Inem, y a pocos metros del centro comercial \u00fanico, rodeado de un gran complejo de edificios residenciales y viviendas, los locales son exteriores, ubicados sobre la v\u00eda principal, fachada en vidrio, con un \u00e1rea de 26 mts cada uno, constan de  1 sal\u00f3n, 1 ba\u00f1o, servicio de agua &#8211; luz &#8211; gas, pisos en porcelanato, con parqueadero asignado, con derecho a la zonas sociales del edificio. el edificio contara con vigilancia 24 horas. NOTA IMPORTANTE ; VALOR DE LA ADMINISTRACION AUN NO DEFINIDAD..<br \/>\n\u00a1\u00a1\u00a1\u00a1\u00a1 QUE ESPERAS PARA SOLICITAR CITA Y VER TU NUEVO EMPRENDIMIENTO EN UN EXCELENTE LUGAR \u00a1\u00a1\u00a1\u00a1\u00a1\u00a1<\/p>\n","protected":false},"excerpt":{"rendered":"Arrendamos excelentes locales comerciales para estrenar, ubicados en un edificio...","protected":false},"author":4102,"featured_media":252409,"template":"","es_locations":[175,2931,104],"es_categories":[124],"es_types":[117],"es_rent_periods":[],"es_labels":[],"es_statuses":[],"es_parkings":[],"es_roofs":[],"es_exterior_materials":[],"es_basements":[],"es_floor_coverings":[],"es_features":[2131,2296,2201,2176,2149,2385,2132,2181,2610,2135,2228,2241,2242,2137,2152],"es_amenities":[2139,2298,2206,2191,2159,2386,2140,2611,2142,2258,161,2259,2260,2144,2162],"es_neighborhoods":[],"es_tags":[],"class_list":["post-252406","properties","type-properties","status-publish","has-post-thumbnail","hentry","es_location-bucaramanga","es_location-nueva-fontana","es_location-santander","es_category-arriendo","es_type-locales","es_feature-circuito-cerrado-de-tv","es_feature-en-edificio","es_feature-en-zona-comercial","es_feature-en-zona-residencial","es_feature-garajes","es_feature-local-exterior","es_feature-parques-cercanos","es_feature-porteria-vigilancia","es_feature-sensor-de-movimiento","es_feature-sobre-via-principal","es_feature-ventilacion-natural","es_feature-vigilancia-24x7","es_feature-vigilancia-privada-247","es_feature-zona-comercial","es_feature-zona-residencial","es_amenity-circuito-cerrado-de-tv","es_amenity-en-edificio","es_amenity-en-zona-comercial","es_amenity-en-zona-residencial","es_amenity-garajes","es_amenity-local-exterior","es_amenity-parques-cercanos","es_amenity-sensor-de-movimiento","es_amenity-sobre-via-principal","es_amenity-ventilacion-natural","es_amenity-vigilancia-24-7","es_amenity-vigilancia-24x7","es_amenity-vigilancia-privada-247","es_amenity-zona-comercial","es_amenity-zona-residencial","es-post-entity"],"_links":{"self":[{"href":"https:\/\/arriendo.com\/co\/wp-json\/wp\/v2\/properties\/252406","targetHints":{"allow":["GET"]}}],"collection":[{"href":"https:\/\/arriendo.com\/co\/wp-json\/wp\/v2\/properties"}],"about":[{"href":"https:\/\/arriendo.com\/co\/wp-json\/wp\/v2\/types\/properties"}],"author":[{"embeddable":true,"href":"https:\/\/arriendo.com\/co\/wp-json\/wp\/v2\/users\/4102"}],"version-history":[{"count":0,"href":"https:\/\/arriendo.com\/co\/wp-json\/wp\/v2\/properties\/252406\/revisions"}],"wp:featuredmedia":[{"embeddable":true,"href":"https:\/\/arriendo.com\/co\/wp-json\/wp\/v2\/media\/252409"}],"wp:attachment":[{"href":"https:\/\/arriendo.com\/co\/wp-json\/wp\/v2\/media?parent=252406"}],"wp:term":[{"taxonomy":"es_location","embeddable":true,"href":"https:\/\/arriendo.com\/co\/wp-json\/wp\/v2\/es_locations?post=252406"},{"taxonomy":"es_category","embeddable":true,"href":"https:\/\/arriendo.com\/co\/wp-json\/wp\/v2\/es_categories?post=252406"},{"taxonomy":"es_type","embeddable":true,"href":"https:\/\/arriendo.com\/co\/wp-json\/wp\/v2\/es_types?post=252406"},{"taxonomy":"es_rent_period","embeddable":true,"href":"https:\/\/arriendo.com\/co\/wp-json\/wp\/v2\/es_rent_periods?post=252406"},{"taxonomy":"es_label","embeddable":true,"href":"https:\/\/arriendo.com\/co\/wp-json\/wp\/v2\/es_labels?post=252406"},{"taxonomy":"es_status","embeddable":true,"href":"https:\/\/arriendo.com\/co\/wp-json\/wp\/v2\/es_statuses?post=252406"},{"taxonomy":"es_parking","embeddable":true,"href":"https:\/\/arriendo.com\/co\/wp-json\/wp\/v2\/es_parkings?post=252406"},{"taxonomy":"es_roof","embeddable":true,"href":"https:\/\/arriendo.com\/co\/wp-json\/wp\/v2\/es_roofs?post=252406"},{"taxonomy":"es_exterior_material","embeddable":true,"href":"https:\/\/arriendo.com\/co\/wp-json\/wp\/v2\/es_exterior_materials?post=252406"},{"taxonomy":"es_basement","embeddable":true,"href":"https:\/\/arriendo.com\/co\/wp-json\/wp\/v2\/es_basements?post=252406"},{"taxonomy":"es_floor_covering","embeddable":true,"href":"https:\/\/arriendo.com\/co\/wp-json\/wp\/v2\/es_floor_coverings?post=252406"},{"taxonomy":"es_feature","embeddable":true,"href":"https:\/\/arriendo.com\/co\/wp-json\/wp\/v2\/es_features?post=252406"},{"taxonomy":"es_amenity","embeddable":true,"href":"https:\/\/arriendo.com\/co\/wp-json\/wp\/v2\/es_amenities?post=252406"},{"taxonomy":"es_neighborhood","embeddable":true,"href":"https:\/\/arriendo.com\/co\/wp-json\/wp\/v2\/es_neighborhoods?post=252406"},{"taxonomy":"es_tag","embeddable":true,"href":"https:\/\/arriendo.com\/co\/wp-json\/wp\/v2\/es_tags?post=252406"}],"curies":[{"name":"wp","href":"https:\/\/api.w.org\/{rel}","templated":true}]}}

<p>Arrendamos excelentes locales comerciales para estrenar, ubicados en un edificio nuevo de un gran numero de complejo de apartamentos,  en el barrio fontana, cerca al colegio Inem, y a pocos metros del centro comercial único, rodeado de un gran complejo de edificios residenciales y viviendas, los locales son exteriores, ubicados sobre la vía principal, fachada en vidrio, con un área de 26 mts cada uno, constan de  1 salón, 1 baño, servicio de agua &#8211; luz &#8211; gas, pisos en porcelanato, con parqueadero asignado, con derecho a la zonas sociales del edificio. el edificio contara con vigilancia 24 horas. NOTA IMPORTANTE ; VALOR DE LA ADMINISTRACION AUN NO DEFINIDAD..<br />
¡¡¡¡¡ QUE ESPERAS PARA SOLICITAR CITA Y VER TU NUEVO EMPRENDIMIENTO EN UN EXCELENTE LUGAR ¡¡¡¡¡¡</p>
