{"id":251664,"date":"2026-01-30T00:32:49","date_gmt":"2026-01-30T05:32:49","guid":{"rendered":"https:\/\/arriendo.com\/co\/%es_type%\/%address_city%\/%neighborhood%\/cali-canaveralejo-local-en-arriendo-en-1eef82\/"},"modified":"2026-01-30T00:32:50","modified_gmt":"2026-01-30T05:32:50","slug":"AR-251664","status":"publish","type":"properties","link":"https:\/\/arriendo.com\/co\/locales\/cali\/canaveralejo\/AR-251664\/","title":{"rendered":"Local en Arriendo en Ca\u00f1averalejo, Cali"},"content":{"rendered":"<p>Descubra esta isla local comercial o corporativo en arriendo, una oportunidad excepcional para establecer tu negocio. Con 9m\u00b2 esta Isla ofrece un lienzo vers\u00e1til para su pr\u00f3xima empresa. Su espacio es ideal para una variedad de emprendimientos comerciales o corporativos, brindando un entorno listo para operar.El espacio presenta una entrada amplia y luminosa, con pisos en baldosa y techos con iluminaci\u00f3n empotrada, creando una atm\u00f3sfera acogedora desde el primer momento. Sus pasillos destacan por su generosidad, luminosidad y acabados en m\u00e1rmol o baldosa, complementados con iluminaci\u00f3n estrat\u00e9gica y barandales de seguridad. Esta propiedad est\u00e1 preparada para acoger diversos tipos de negocios comerciales en un entorno funcional y contempor\u00e1neo .Adicionalmente, la isla cuenta con vigilancia, ascensor y ventilaci\u00f3n natural, elementos que garantizan comodidad y seguridad para usted y sus clientes. Su antig\u00fcedad de 1 a 8 a\u00f1os asegura una infraestructura moderna y bien conservada. Este espacio es un lienzo vers\u00e1til para su pr\u00f3ximo negocio, con un dise\u00f1o que integra estructuras curvas y se\u00f1alizaci\u00f3n clara. Aproveche esta oportunidad para potenciar su marca en un entorno profesional y atractivo.. Se excluye negocios de comida o de tecnologia. Llamanos<\/p>\n","protected":false},"excerpt":{"rendered":"Descubra esta isla local comercial o corporativo en arriendo, una...","protected":false},"author":4102,"featured_media":251667,"template":"","es_locations":[179,2350],"es_categories":[124],"es_types":[117],"es_rent_periods":[],"es_labels":[],"es_statuses":[],"es_parkings":[],"es_roofs":[],"es_exterior_materials":[],"es_basements":[],"es_floor_coverings":[],"es_features":[131,2454,2201,2216,2132,2181,2135,2228,2241,2242,2137,2152],"es_amenities":[152,2456,2206,156,2140,2142,2258,161,2259,2260,2144,2162],"es_neighborhoods":[],"es_tags":[],"class_list":["post-251664","properties","type-properties","status-publish","has-post-thumbnail","hentry","es_location-cali","es_location-canaveralejo","es_category-arriendo","es_type-locales","es_feature-ascensor","es_feature-en-centro-comercial","es_feature-en-zona-comercial","es_feature-parqueadero-visitantes","es_feature-parques-cercanos","es_feature-porteria-vigilancia","es_feature-sobre-via-principal","es_feature-ventilacion-natural","es_feature-vigilancia-24x7","es_feature-vigilancia-privada-247","es_feature-zona-comercial","es_feature-zona-residencial","es_amenity-ascensor-privado","es_amenity-en-centro-comercial","es_amenity-en-zona-comercial","es_amenity-parqueadero-visitantes","es_amenity-parques-cercanos","es_amenity-sobre-via-principal","es_amenity-ventilacion-natural","es_amenity-vigilancia-24-7","es_amenity-vigilancia-24x7","es_amenity-vigilancia-privada-247","es_amenity-zona-comercial","es_amenity-zona-residencial","es-post-entity"],"_links":{"self":[{"href":"https:\/\/arriendo.com\/co\/wp-json\/wp\/v2\/properties\/251664","targetHints":{"allow":["GET"]}}],"collection":[{"href":"https:\/\/arriendo.com\/co\/wp-json\/wp\/v2\/properties"}],"about":[{"href":"https:\/\/arriendo.com\/co\/wp-json\/wp\/v2\/types\/properties"}],"author":[{"embeddable":true,"href":"https:\/\/arriendo.com\/co\/wp-json\/wp\/v2\/users\/4102"}],"version-history":[{"count":0,"href":"https:\/\/arriendo.com\/co\/wp-json\/wp\/v2\/properties\/251664\/revisions"}],"wp:featuredmedia":[{"embeddable":true,"href":"https:\/\/arriendo.com\/co\/wp-json\/wp\/v2\/media\/251667"}],"wp:attachment":[{"href":"https:\/\/arriendo.com\/co\/wp-json\/wp\/v2\/media?parent=251664"}],"wp:term":[{"taxonomy":"es_location","embeddable":true,"href":"https:\/\/arriendo.com\/co\/wp-json\/wp\/v2\/es_locations?post=251664"},{"taxonomy":"es_category","embeddable":true,"href":"https:\/\/arriendo.com\/co\/wp-json\/wp\/v2\/es_categories?post=251664"},{"taxonomy":"es_type","embeddable":true,"href":"https:\/\/arriendo.com\/co\/wp-json\/wp\/v2\/es_types?post=251664"},{"taxonomy":"es_rent_period","embeddable":true,"href":"https:\/\/arriendo.com\/co\/wp-json\/wp\/v2\/es_rent_periods?post=251664"},{"taxonomy":"es_label","embeddable":true,"href":"https:\/\/arriendo.com\/co\/wp-json\/wp\/v2\/es_labels?post=251664"},{"taxonomy":"es_status","embeddable":true,"href":"https:\/\/arriendo.com\/co\/wp-json\/wp\/v2\/es_statuses?post=251664"},{"taxonomy":"es_parking","embeddable":true,"href":"https:\/\/arriendo.com\/co\/wp-json\/wp\/v2\/es_parkings?post=251664"},{"taxonomy":"es_roof","embeddable":true,"href":"https:\/\/arriendo.com\/co\/wp-json\/wp\/v2\/es_roofs?post=251664"},{"taxonomy":"es_exterior_material","embeddable":true,"href":"https:\/\/arriendo.com\/co\/wp-json\/wp\/v2\/es_exterior_materials?post=251664"},{"taxonomy":"es_basement","embeddable":true,"href":"https:\/\/arriendo.com\/co\/wp-json\/wp\/v2\/es_basements?post=251664"},{"taxonomy":"es_floor_covering","embeddable":true,"href":"https:\/\/arriendo.com\/co\/wp-json\/wp\/v2\/es_floor_coverings?post=251664"},{"taxonomy":"es_feature","embeddable":true,"href":"https:\/\/arriendo.com\/co\/wp-json\/wp\/v2\/es_features?post=251664"},{"taxonomy":"es_amenity","embeddable":true,"href":"https:\/\/arriendo.com\/co\/wp-json\/wp\/v2\/es_amenities?post=251664"},{"taxonomy":"es_neighborhood","embeddable":true,"href":"https:\/\/arriendo.com\/co\/wp-json\/wp\/v2\/es_neighborhoods?post=251664"},{"taxonomy":"es_tag","embeddable":true,"href":"https:\/\/arriendo.com\/co\/wp-json\/wp\/v2\/es_tags?post=251664"}],"curies":[{"name":"wp","href":"https:\/\/api.w.org\/{rel}","templated":true}]}}

Local en Arriendo en Cañaveralejo, Cali

<p>Descubra esta isla local comercial o corporativo en arriendo, una oportunidad excepcional para establecer tu negocio. Con 9m² esta Isla ofrece un lienzo versátil para su próxima empresa. Su espacio es ideal para una variedad de emprendimientos comerciales o corporativos, brindando un entorno listo para operar.El espacio presenta una entrada amplia y luminosa, con pisos en baldosa y techos con iluminación empotrada, creando una atmósfera acogedora desde el primer momento. Sus pasillos destacan por su generosidad, luminosidad y acabados en mármol o baldosa, complementados con iluminación estratégica y barandales de seguridad. Esta propiedad está preparada para acoger diversos tipos de negocios comerciales en un entorno funcional y contemporáneo .Adicionalmente, la isla cuenta con vigilancia, ascensor y ventilación natural, elementos que garantizan comodidad y seguridad para usted y sus clientes. Su antigüedad de 1 a 8 años asegura una infraestructura moderna y bien conservada. Este espacio es un lienzo versátil para su próximo negocio, con un diseño que integra estructuras curvas y señalización clara. Aproveche esta oportunidad para potenciar su marca en un entorno profesional y atractivo.. Se excluye negocios de comida o de tecnologia. Llamanos</p>
