{"id":251215,"date":"2026-01-29T23:32:50","date_gmt":"2026-01-30T04:32:50","guid":{"rendered":"https:\/\/arriendo.com\/co\/%es_type%\/%address_city%\/%neighborhood%\/bogota-san-luis-apartamento-en-arriendo-en-22a890\/"},"modified":"2026-01-29T23:32:50","modified_gmt":"2026-01-30T04:32:50","slug":"AR-251215","status":"publish","type":"properties","link":"https:\/\/arriendo.com\/co\/apartamentos\/bogota\/san-luis\/AR-251215\/","title":{"rendered":"Apartamento en Arriendo en San luis, Bogot\u00e1"},"content":{"rendered":"<p>\u00a1Se arrienda apartamento en Galer\u00edas con excelente ubicaci\u00f3n!<br \/>\nApartamento ubicado sobre la Calle 57, a pocas cuadras de la Calle 53 y del coraz\u00f3n comercial de Galer\u00edas. Zona central, de f\u00e1cil acceso y con gran variedad de servicios cerca.<\/p>\n<p>El inmueble cuenta con:<br \/>\n-2 alcobas confortables, 2 ba\u00f1os, Sala-comedor amplia y luminosa, Cocina el\u00e9ctrica y Patio de ropas.<\/p>\n","protected":false},"excerpt":{"rendered":"\u00a1Se arrienda apartamento en Galer\u00edas con excelente ubicaci\u00f3n! Apartamento ubicado...","protected":false},"author":8278,"featured_media":251218,"template":"","es_locations":[110,77,752],"es_categories":[124],"es_types":[114],"es_rent_periods":[],"es_labels":[],"es_statuses":[],"es_parkings":[],"es_roofs":[],"es_exterior_materials":[],"es_basements":[],"es_floor_coverings":[],"es_features":[2148,2132,2135,2150,2137],"es_amenities":[2157,2140,2142,2161,2144],"es_neighborhoods":[],"es_tags":[],"class_list":["post-251215","properties","type-properties","status-publish","has-post-thumbnail","hentry","es_location-bogota","es_location-bogota-d-c","es_location-san-luis","es_category-arriendo","es_type-apartamentos","es_feature-colegios-universidades","es_feature-parques-cercanos","es_feature-sobre-via-principal","es_feature-supermercados-c-comerciales","es_feature-zona-comercial","es_amenity-colegios-universidades","es_amenity-parques-cercanos","es_amenity-sobre-via-principal","es_amenity-supermercados-c-comerciales","es_amenity-zona-comercial","es-post-entity"],"_links":{"self":[{"href":"https:\/\/arriendo.com\/co\/wp-json\/wp\/v2\/properties\/251215","targetHints":{"allow":["GET"]}}],"collection":[{"href":"https:\/\/arriendo.com\/co\/wp-json\/wp\/v2\/properties"}],"about":[{"href":"https:\/\/arriendo.com\/co\/wp-json\/wp\/v2\/types\/properties"}],"author":[{"embeddable":true,"href":"https:\/\/arriendo.com\/co\/wp-json\/wp\/v2\/users\/8278"}],"version-history":[{"count":0,"href":"https:\/\/arriendo.com\/co\/wp-json\/wp\/v2\/properties\/251215\/revisions"}],"wp:featuredmedia":[{"embeddable":true,"href":"https:\/\/arriendo.com\/co\/wp-json\/wp\/v2\/media\/251218"}],"wp:attachment":[{"href":"https:\/\/arriendo.com\/co\/wp-json\/wp\/v2\/media?parent=251215"}],"wp:term":[{"taxonomy":"es_location","embeddable":true,"href":"https:\/\/arriendo.com\/co\/wp-json\/wp\/v2\/es_locations?post=251215"},{"taxonomy":"es_category","embeddable":true,"href":"https:\/\/arriendo.com\/co\/wp-json\/wp\/v2\/es_categories?post=251215"},{"taxonomy":"es_type","embeddable":true,"href":"https:\/\/arriendo.com\/co\/wp-json\/wp\/v2\/es_types?post=251215"},{"taxonomy":"es_rent_period","embeddable":true,"href":"https:\/\/arriendo.com\/co\/wp-json\/wp\/v2\/es_rent_periods?post=251215"},{"taxonomy":"es_label","embeddable":true,"href":"https:\/\/arriendo.com\/co\/wp-json\/wp\/v2\/es_labels?post=251215"},{"taxonomy":"es_status","embeddable":true,"href":"https:\/\/arriendo.com\/co\/wp-json\/wp\/v2\/es_statuses?post=251215"},{"taxonomy":"es_parking","embeddable":true,"href":"https:\/\/arriendo.com\/co\/wp-json\/wp\/v2\/es_parkings?post=251215"},{"taxonomy":"es_roof","embeddable":true,"href":"https:\/\/arriendo.com\/co\/wp-json\/wp\/v2\/es_roofs?post=251215"},{"taxonomy":"es_exterior_material","embeddable":true,"href":"https:\/\/arriendo.com\/co\/wp-json\/wp\/v2\/es_exterior_materials?post=251215"},{"taxonomy":"es_basement","embeddable":true,"href":"https:\/\/arriendo.com\/co\/wp-json\/wp\/v2\/es_basements?post=251215"},{"taxonomy":"es_floor_covering","embeddable":true,"href":"https:\/\/arriendo.com\/co\/wp-json\/wp\/v2\/es_floor_coverings?post=251215"},{"taxonomy":"es_feature","embeddable":true,"href":"https:\/\/arriendo.com\/co\/wp-json\/wp\/v2\/es_features?post=251215"},{"taxonomy":"es_amenity","embeddable":true,"href":"https:\/\/arriendo.com\/co\/wp-json\/wp\/v2\/es_amenities?post=251215"},{"taxonomy":"es_neighborhood","embeddable":true,"href":"https:\/\/arriendo.com\/co\/wp-json\/wp\/v2\/es_neighborhoods?post=251215"},{"taxonomy":"es_tag","embeddable":true,"href":"https:\/\/arriendo.com\/co\/wp-json\/wp\/v2\/es_tags?post=251215"}],"curies":[{"name":"wp","href":"https:\/\/api.w.org\/{rel}","templated":true}]}}

Apartamento en Arriendo en San luis, Bogotá

<p>¡Se arrienda apartamento en Galerías con excelente ubicación!<br />
Apartamento ubicado sobre la Calle 57, a pocas cuadras de la Calle 53 y del corazón comercial de Galerías. Zona central, de fácil acceso y con gran variedad de servicios cerca.</p>
<p>El inmueble cuenta con:<br />
-2 alcobas confortables, 2 baños, Sala-comedor amplia y luminosa, Cocina eléctrica y Patio de ropas.</p>

¡Se arrienda apartamento en Galerías con excelente ubicación! Apartamento ubicado...
