{"id":250954,"date":"2026-01-29T23:03:49","date_gmt":"2026-01-30T04:03:49","guid":{"rendered":"https:\/\/arriendo.com\/co\/%es_type%\/%address_city%\/%neighborhood%\/cali-valle-del-lili-apartamento-en-arriendo-en-5a8b5f\/"},"modified":"2026-01-29T23:03:49","modified_gmt":"2026-01-30T04:03:49","slug":"AR-250954","status":"publish","type":"properties","link":"https:\/\/arriendo.com\/co\/apartamentos\/cali\/valle-del-lili\/AR-250954\/","title":{"rendered":"Apartamento en Arriendo en Valle del Lili, Cali"},"content":{"rendered":"<p>Se renta acogedor apartamento para  estrenar en edificio ,segundo piso ,no se paga administraci\u00f3n,<br \/>\n3 habitaciones,la principal con ba\u00f1o vestir\u00e9,aire.. las otras dos comparten ba\u00f1o,si gusta le pueden instalar aire ,tiene los ductos para instalar aire en las dos habitaciones, ubicado a una cuadra del \u00e9xito de valle del Lili<br \/>\nAcabados de lujo,cocina abierta,balc\u00f3n amplio<\/p>\n","protected":false},"excerpt":{"rendered":"Se renta acogedor apartamento para estrenar en edificio ,segundo piso...","protected":false},"author":8257,"featured_media":250957,"template":"","es_locations":[179,866],"es_categories":[124],"es_types":[114],"es_rent_periods":[],"es_labels":[],"es_statuses":[],"es_parkings":[],"es_roofs":[],"es_exterior_materials":[],"es_basements":[],"es_floor_coverings":[],"es_features":[149,132,2148,145,2132,2135,2150,2136,2152],"es_amenities":[2329,2186,2157,2160,2140,2142,2161,2143,2162],"es_neighborhoods":[],"es_tags":[],"class_list":["post-250954","properties","type-properties","status-publish","has-post-thumbnail","hentry","es_location-cali","es_location-valle-del-lili","es_category-arriendo","es_type-apartamentos","es_feature-aire-acondicionado","es_feature-balcon","es_feature-colegios-universidades","es_feature-instalacion-de-gas","es_feature-parques-cercanos","es_feature-sobre-via-principal","es_feature-supermercados-c-comerciales","es_feature-trans-publico-cercano","es_feature-zona-residencial","es_amenity-aire-acondicionado","es_amenity-balcon","es_amenity-colegios-universidades","es_amenity-instalacion-de-gas","es_amenity-parques-cercanos","es_amenity-sobre-via-principal","es_amenity-supermercados-c-comerciales","es_amenity-trans-publico-cercano","es_amenity-zona-residencial","es-post-entity"],"_links":{"self":[{"href":"https:\/\/arriendo.com\/co\/wp-json\/wp\/v2\/properties\/250954","targetHints":{"allow":["GET"]}}],"collection":[{"href":"https:\/\/arriendo.com\/co\/wp-json\/wp\/v2\/properties"}],"about":[{"href":"https:\/\/arriendo.com\/co\/wp-json\/wp\/v2\/types\/properties"}],"author":[{"embeddable":true,"href":"https:\/\/arriendo.com\/co\/wp-json\/wp\/v2\/users\/8257"}],"version-history":[{"count":0,"href":"https:\/\/arriendo.com\/co\/wp-json\/wp\/v2\/properties\/250954\/revisions"}],"wp:featuredmedia":[{"embeddable":true,"href":"https:\/\/arriendo.com\/co\/wp-json\/wp\/v2\/media\/250957"}],"wp:attachment":[{"href":"https:\/\/arriendo.com\/co\/wp-json\/wp\/v2\/media?parent=250954"}],"wp:term":[{"taxonomy":"es_location","embeddable":true,"href":"https:\/\/arriendo.com\/co\/wp-json\/wp\/v2\/es_locations?post=250954"},{"taxonomy":"es_category","embeddable":true,"href":"https:\/\/arriendo.com\/co\/wp-json\/wp\/v2\/es_categories?post=250954"},{"taxonomy":"es_type","embeddable":true,"href":"https:\/\/arriendo.com\/co\/wp-json\/wp\/v2\/es_types?post=250954"},{"taxonomy":"es_rent_period","embeddable":true,"href":"https:\/\/arriendo.com\/co\/wp-json\/wp\/v2\/es_rent_periods?post=250954"},{"taxonomy":"es_label","embeddable":true,"href":"https:\/\/arriendo.com\/co\/wp-json\/wp\/v2\/es_labels?post=250954"},{"taxonomy":"es_status","embeddable":true,"href":"https:\/\/arriendo.com\/co\/wp-json\/wp\/v2\/es_statuses?post=250954"},{"taxonomy":"es_parking","embeddable":true,"href":"https:\/\/arriendo.com\/co\/wp-json\/wp\/v2\/es_parkings?post=250954"},{"taxonomy":"es_roof","embeddable":true,"href":"https:\/\/arriendo.com\/co\/wp-json\/wp\/v2\/es_roofs?post=250954"},{"taxonomy":"es_exterior_material","embeddable":true,"href":"https:\/\/arriendo.com\/co\/wp-json\/wp\/v2\/es_exterior_materials?post=250954"},{"taxonomy":"es_basement","embeddable":true,"href":"https:\/\/arriendo.com\/co\/wp-json\/wp\/v2\/es_basements?post=250954"},{"taxonomy":"es_floor_covering","embeddable":true,"href":"https:\/\/arriendo.com\/co\/wp-json\/wp\/v2\/es_floor_coverings?post=250954"},{"taxonomy":"es_feature","embeddable":true,"href":"https:\/\/arriendo.com\/co\/wp-json\/wp\/v2\/es_features?post=250954"},{"taxonomy":"es_amenity","embeddable":true,"href":"https:\/\/arriendo.com\/co\/wp-json\/wp\/v2\/es_amenities?post=250954"},{"taxonomy":"es_neighborhood","embeddable":true,"href":"https:\/\/arriendo.com\/co\/wp-json\/wp\/v2\/es_neighborhoods?post=250954"},{"taxonomy":"es_tag","embeddable":true,"href":"https:\/\/arriendo.com\/co\/wp-json\/wp\/v2\/es_tags?post=250954"}],"curies":[{"name":"wp","href":"https:\/\/api.w.org\/{rel}","templated":true}]}}

<p>Se renta acogedor apartamento para  estrenar en edificio ,segundo piso ,no se paga administración,<br />
3 habitaciones,la principal con baño vestiré,aire.. las otras dos comparten baño,si gusta le pueden instalar aire ,tiene los ductos para instalar aire en las dos habitaciones, ubicado a una cuadra del éxito de valle del Lili<br />
Acabados de lujo,cocina abierta,balcón amplio</p>
