{"id":250903,"date":"2026-01-29T22:57:49","date_gmt":"2026-01-30T03:57:49","guid":{"rendered":"https:\/\/arriendo.com\/co\/%es_type%\/%address_city%\/%neighborhood%\/cali-valle-del-lili-apartamento-en-arriendo-en-dc845d\/"},"modified":"2026-01-29T22:57:49","modified_gmt":"2026-01-30T03:57:49","slug":"AR-250903","status":"publish","type":"properties","link":"https:\/\/arriendo.com\/co\/apartamentos\/cali\/valle-del-lili\/AR-250903\/","title":{"rendered":"Apartamento en Arriendo en Valle del Lili, Cali"},"content":{"rendered":"<p>&#8220;\u00a1OPORTUNIDAD \u00daNICA! Se renta apartamento amoblado en unidad podium piso 9 ,por d\u00edas, meses o hasta un a\u00f1o directamente con la due\u00f1a caracter\u00edsticas :<br \/>\n&#8211; 3 habitaciones, 2 con aire acondicionado<br \/>\n&#8211; Habitaci\u00f3n principal con ba\u00f1o y vestier, balc\u00f3n privado<br \/>\nGaraje en s\u00f3tano<br \/>\n&#8211; Piscina<br \/>\n&#8211; Sauna<br \/>\n&#8211; Gimnasio<br \/>\n&#8211; Parqueadero en s\u00f3tano<br \/>\n&#8211; Acceso f\u00e1cil con 2 ascensores por torre<br \/>\n\u00a1Ideal para vivir o vacacionar! \u00bfInteresado?&#8221;<\/p>\n","protected":false},"excerpt":{"rendered":"&#8220;\u00a1OPORTUNIDAD \u00daNICA! Se renta apartamento amoblado en unidad podium piso...","protected":false},"author":8257,"featured_media":250906,"template":"","es_locations":[179,866],"es_categories":[124],"es_types":[114],"es_rent_periods":[],"es_labels":[],"es_statuses":[],"es_parkings":[],"es_roofs":[],"es_exterior_materials":[],"es_basements":[],"es_floor_coverings":[],"es_features":[149,2262,131,132,2263,2145,2402,2211,2131,2146,2147,2148,2196,2179,2216,2132,2180,2181,2182,2167,2150,143,2136,144,2152,2204],"es_amenities":[2329,2267,152,2186,2269,2153,2401,2210,2139,2155,2156,2157,2197,154,156,2140,157,159,2171,2161,2290,2143,161,2289,2162,2209],"es_neighborhoods":[],"es_tags":[],"class_list":["post-250903","properties","type-properties","status-publish","has-post-thumbnail","hentry","es_location-cali","es_location-valle-del-lili","es_category-arriendo","es_type-apartamentos","es_feature-aire-acondicionado","es_feature-amoblado","es_feature-ascensor","es_feature-balcon","es_feature-barra-estilo-americano","es_feature-calentador","es_feature-cancha-de-tennis","es_feature-canchas-deportivas","es_feature-circuito-cerrado-de-tv","es_feature-cocina-integral","es_feature-cocina-tipo-americano","es_feature-colegios-universidades","es_feature-en-conjunto-cerrado","es_feature-gimnasio","es_feature-parqueadero-visitantes","es_feature-parques-cercanos","es_feature-piscina","es_feature-porteria-vigilancia","es_feature-salon-comunal","es_feature-sauna-turco-jacuzzi","es_feature-supermercados-c-comerciales","es_feature-terraza","es_feature-trans-publico-cercano","es_feature-vista-panoramica","es_feature-zona-residencial","es_feature-zonas-verdes","es_amenity-aire-acondicionado","es_amenity-amoblado","es_amenity-ascensor-privado","es_amenity-balcon","es_amenity-barra-estilo-americano","es_amenity-calentador","es_amenity-cancha-de-tennis","es_amenity-canchas-deportivas","es_amenity-circuito-cerrado-de-tv","es_amenity-cocina-integral","es_amenity-cocina-tipo-americano","es_amenity-colegios-universidades","es_amenity-en-conjunto-cerrado","es_amenity-gimnasio","es_amenity-parqueadero-visitantes","es_amenity-parques-cercanos","es_amenity-piscina","es_amenity-salon-comunal","es_amenity-sauna-turco-jacuzzi","es_amenity-supermercados-c-comerciales","es_amenity-terraza","es_amenity-trans-publico-cercano","es_amenity-vigilancia-24-7","es_amenity-vista-panoramica","es_amenity-zona-residencial","es_amenity-zonas-verdes","es-post-entity"],"_links":{"self":[{"href":"https:\/\/arriendo.com\/co\/wp-json\/wp\/v2\/properties\/250903","targetHints":{"allow":["GET"]}}],"collection":[{"href":"https:\/\/arriendo.com\/co\/wp-json\/wp\/v2\/properties"}],"about":[{"href":"https:\/\/arriendo.com\/co\/wp-json\/wp\/v2\/types\/properties"}],"author":[{"embeddable":true,"href":"https:\/\/arriendo.com\/co\/wp-json\/wp\/v2\/users\/8257"}],"version-history":[{"count":0,"href":"https:\/\/arriendo.com\/co\/wp-json\/wp\/v2\/properties\/250903\/revisions"}],"wp:featuredmedia":[{"embeddable":true,"href":"https:\/\/arriendo.com\/co\/wp-json\/wp\/v2\/media\/250906"}],"wp:attachment":[{"href":"https:\/\/arriendo.com\/co\/wp-json\/wp\/v2\/media?parent=250903"}],"wp:term":[{"taxonomy":"es_location","embeddable":true,"href":"https:\/\/arriendo.com\/co\/wp-json\/wp\/v2\/es_locations?post=250903"},{"taxonomy":"es_category","embeddable":true,"href":"https:\/\/arriendo.com\/co\/wp-json\/wp\/v2\/es_categories?post=250903"},{"taxonomy":"es_type","embeddable":true,"href":"https:\/\/arriendo.com\/co\/wp-json\/wp\/v2\/es_types?post=250903"},{"taxonomy":"es_rent_period","embeddable":true,"href":"https:\/\/arriendo.com\/co\/wp-json\/wp\/v2\/es_rent_periods?post=250903"},{"taxonomy":"es_label","embeddable":true,"href":"https:\/\/arriendo.com\/co\/wp-json\/wp\/v2\/es_labels?post=250903"},{"taxonomy":"es_status","embeddable":true,"href":"https:\/\/arriendo.com\/co\/wp-json\/wp\/v2\/es_statuses?post=250903"},{"taxonomy":"es_parking","embeddable":true,"href":"https:\/\/arriendo.com\/co\/wp-json\/wp\/v2\/es_parkings?post=250903"},{"taxonomy":"es_roof","embeddable":true,"href":"https:\/\/arriendo.com\/co\/wp-json\/wp\/v2\/es_roofs?post=250903"},{"taxonomy":"es_exterior_material","embeddable":true,"href":"https:\/\/arriendo.com\/co\/wp-json\/wp\/v2\/es_exterior_materials?post=250903"},{"taxonomy":"es_basement","embeddable":true,"href":"https:\/\/arriendo.com\/co\/wp-json\/wp\/v2\/es_basements?post=250903"},{"taxonomy":"es_floor_covering","embeddable":true,"href":"https:\/\/arriendo.com\/co\/wp-json\/wp\/v2\/es_floor_coverings?post=250903"},{"taxonomy":"es_feature","embeddable":true,"href":"https:\/\/arriendo.com\/co\/wp-json\/wp\/v2\/es_features?post=250903"},{"taxonomy":"es_amenity","embeddable":true,"href":"https:\/\/arriendo.com\/co\/wp-json\/wp\/v2\/es_amenities?post=250903"},{"taxonomy":"es_neighborhood","embeddable":true,"href":"https:\/\/arriendo.com\/co\/wp-json\/wp\/v2\/es_neighborhoods?post=250903"},{"taxonomy":"es_tag","embeddable":true,"href":"https:\/\/arriendo.com\/co\/wp-json\/wp\/v2\/es_tags?post=250903"}],"curies":[{"name":"wp","href":"https:\/\/api.w.org\/{rel}","templated":true}]}}

<p>&#8220;¡OPORTUNIDAD ÚNICA! Se renta apartamento amoblado en unidad podium piso 9 ,por días, meses o hasta un año directamente con la dueña características :<br />
&#8211; 3 habitaciones, 2 con aire acondicionado<br />
&#8211; Habitación principal con baño y vestier, balcón privado<br />
Garaje en sótano<br />
&#8211; Piscina<br />
&#8211; Sauna<br />
&#8211; Gimnasio<br />
&#8211; Parqueadero en sótano<br />
&#8211; Acceso fácil con 2 ascensores por torre<br />
¡Ideal para vivir o vacacionar! ¿Interesado?&#8221;</p>

&#8220;¡OPORTUNIDAD ÚNICA! Se renta apartamento amoblado en unidad podium piso...
