{"id":250727,"date":"2026-01-29T22:35:49","date_gmt":"2026-01-30T03:35:49","guid":{"rendered":"https:\/\/arriendo.com\/co\/%es_type%\/%address_city%\/%neighborhood%\/bogota-chico-norte-oficina-en-arriendo-en-5d8ecc\/"},"modified":"2026-01-29T22:35:49","modified_gmt":"2026-01-30T03:35:49","slug":"AR-250727","status":"publish","type":"properties","link":"https:\/\/arriendo.com\/co\/oficinas\/bogota\/chico-norte\/AR-250727\/","title":{"rendered":"Oficina en arriendo en Chico norte, Bogot\u00e1"},"content":{"rendered":"<p>CHICO, CERCA A V\u00cdAS PRINCIPALES COMO CLL 100, CRA 15, EXCELENTE TRANSPORTE P\u00daBLICO EN SECTOR COMERCIAL, BANCARIO Y EMPRESARIAL, EL EDIFICIO CUENTA CON RECEPCI\u00d3N, SALA DE REUNIONES, SALA DE ESPERA, LA OFICINA CONSTA DE 1 BA\u00d1O, COCINETA CON LAVAPLATOS, CLOSET DE ARCHIVO, GABINETE DE ARCHIVO, PISOS EN PORCELANATO, CON PERSIANAS LATERALES, PARQUEADERO CUBIERTO<\/p>\n","protected":false},"excerpt":{"rendered":"CHICO, CERCA A V\u00cdAS PRINCIPALES COMO CLL 100, CRA 15,...","protected":false},"author":8190,"featured_media":250730,"template":"","es_locations":[110,77,206],"es_categories":[124],"es_types":[116],"es_rent_periods":[],"es_labels":[],"es_statuses":[],"es_parkings":[],"es_roofs":[],"es_exterior_materials":[],"es_basements":[],"es_floor_coverings":[],"es_features":[131,2328,2131,133,2302,2178,2216,2132,2272,2133,2389,2134,2136,2297,2137],"es_amenities":[152,2330,2139,2154,2303,2193,156,2140,2273,158,2397,2141,2143,2299,2144],"es_neighborhoods":[],"es_tags":[],"class_list":["post-250727","properties","type-properties","status-publish","has-post-thumbnail","hentry","es_location-bogota","es_location-bogota-d-c","es_location-chico-norte","es_category-arriendo","es_type-oficinas","es_feature-ascensor","es_feature-banos-mixtos","es_feature-circuito-cerrado-de-tv","es_feature-citofono","es_feature-cocineta","es_feature-garaje-cubierto","es_feature-parqueadero-visitantes","es_feature-parques-cercanos","es_feature-piso-en-baldosa-marmol","es_feature-porteria-recepcion","es_feature-salon-de-videoconferencias","es_feature-servicios-publicos","es_feature-trans-publico-cercano","es_feature-ubicada-en-edificio","es_feature-zona-comercial","es_amenity-ascensor-privado","es_amenity-banos-mixtos","es_amenity-circuito-cerrado-de-tv","es_amenity-citofono","es_amenity-cocineta","es_amenity-garaje-cubierto","es_amenity-parqueadero-visitantes","es_amenity-parques-cercanos","es_amenity-piso-en-baldosa-marmol","es_amenity-porteria-recepcion","es_amenity-salon-de-videoconferencias","es_amenity-servicios-publicos","es_amenity-trans-publico-cercano","es_amenity-ubicada-en-edificio","es_amenity-zona-comercial","es-post-entity"],"_links":{"self":[{"href":"https:\/\/arriendo.com\/co\/wp-json\/wp\/v2\/properties\/250727","targetHints":{"allow":["GET"]}}],"collection":[{"href":"https:\/\/arriendo.com\/co\/wp-json\/wp\/v2\/properties"}],"about":[{"href":"https:\/\/arriendo.com\/co\/wp-json\/wp\/v2\/types\/properties"}],"author":[{"embeddable":true,"href":"https:\/\/arriendo.com\/co\/wp-json\/wp\/v2\/users\/8190"}],"version-history":[{"count":0,"href":"https:\/\/arriendo.com\/co\/wp-json\/wp\/v2\/properties\/250727\/revisions"}],"wp:featuredmedia":[{"embeddable":true,"href":"https:\/\/arriendo.com\/co\/wp-json\/wp\/v2\/media\/250730"}],"wp:attachment":[{"href":"https:\/\/arriendo.com\/co\/wp-json\/wp\/v2\/media?parent=250727"}],"wp:term":[{"taxonomy":"es_location","embeddable":true,"href":"https:\/\/arriendo.com\/co\/wp-json\/wp\/v2\/es_locations?post=250727"},{"taxonomy":"es_category","embeddable":true,"href":"https:\/\/arriendo.com\/co\/wp-json\/wp\/v2\/es_categories?post=250727"},{"taxonomy":"es_type","embeddable":true,"href":"https:\/\/arriendo.com\/co\/wp-json\/wp\/v2\/es_types?post=250727"},{"taxonomy":"es_rent_period","embeddable":true,"href":"https:\/\/arriendo.com\/co\/wp-json\/wp\/v2\/es_rent_periods?post=250727"},{"taxonomy":"es_label","embeddable":true,"href":"https:\/\/arriendo.com\/co\/wp-json\/wp\/v2\/es_labels?post=250727"},{"taxonomy":"es_status","embeddable":true,"href":"https:\/\/arriendo.com\/co\/wp-json\/wp\/v2\/es_statuses?post=250727"},{"taxonomy":"es_parking","embeddable":true,"href":"https:\/\/arriendo.com\/co\/wp-json\/wp\/v2\/es_parkings?post=250727"},{"taxonomy":"es_roof","embeddable":true,"href":"https:\/\/arriendo.com\/co\/wp-json\/wp\/v2\/es_roofs?post=250727"},{"taxonomy":"es_exterior_material","embeddable":true,"href":"https:\/\/arriendo.com\/co\/wp-json\/wp\/v2\/es_exterior_materials?post=250727"},{"taxonomy":"es_basement","embeddable":true,"href":"https:\/\/arriendo.com\/co\/wp-json\/wp\/v2\/es_basements?post=250727"},{"taxonomy":"es_floor_covering","embeddable":true,"href":"https:\/\/arriendo.com\/co\/wp-json\/wp\/v2\/es_floor_coverings?post=250727"},{"taxonomy":"es_feature","embeddable":true,"href":"https:\/\/arriendo.com\/co\/wp-json\/wp\/v2\/es_features?post=250727"},{"taxonomy":"es_amenity","embeddable":true,"href":"https:\/\/arriendo.com\/co\/wp-json\/wp\/v2\/es_amenities?post=250727"},{"taxonomy":"es_neighborhood","embeddable":true,"href":"https:\/\/arriendo.com\/co\/wp-json\/wp\/v2\/es_neighborhoods?post=250727"},{"taxonomy":"es_tag","embeddable":true,"href":"https:\/\/arriendo.com\/co\/wp-json\/wp\/v2\/es_tags?post=250727"}],"curies":[{"name":"wp","href":"https:\/\/api.w.org\/{rel}","templated":true}]}}

Oficina en arriendo en Chico norte, Bogotá

<p>CHICO, CERCA A VÍAS PRINCIPALES COMO CLL 100, CRA 15, EXCELENTE TRANSPORTE PÚBLICO EN SECTOR COMERCIAL, BANCARIO Y EMPRESARIAL, EL EDIFICIO CUENTA CON RECEPCIÓN, SALA DE REUNIONES, SALA DE ESPERA, LA OFICINA CONSTA DE 1 BAÑO, COCINETA CON LAVAPLATOS, CLOSET DE ARCHIVO, GABINETE DE ARCHIVO, PISOS EN PORCELANATO, CON PERSIANAS LATERALES, PARQUEADERO CUBIERTO</p>

CHICO, CERCA A VÍAS PRINCIPALES COMO CLL 100, CRA 15,...
