{"id":250693,"date":"2026-01-29T22:31:49","date_gmt":"2026-01-30T03:31:49","guid":{"rendered":"https:\/\/arriendo.com\/co\/%es_type%\/%address_city%\/%neighborhood%\/bogota-la-floresta-casa-en-arriendo-en-5ceec9\/"},"modified":"2026-01-29T22:31:49","modified_gmt":"2026-01-30T03:31:49","slug":"AR-250693","status":"publish","type":"properties","link":"https:\/\/arriendo.com\/co\/casas\/bogota\/la-floresta\/AR-250693\/","title":{"rendered":"Casa en Arriendo en La Floresta, Bogot\u00e1"},"content":{"rendered":"<p>LA FLORESTA, CERCA A CANAL CARACOL, PARQUES, ZONAS VERDES, ABAJO DE AV MORATO, CASA DE DOS NIVELES, SALA COMEDOR INDEPENDIENTE CON CHIMENEA, COCINA INTEGRAL, PATIO CUBIERTO Y DESCUBIERTO, CALENTADOR A GAS, CUARTO Y BA\u00d1O DEL SERVICIO, CUATRO ALCOBAS CON CLOSET, DOS BA\u00d1OS, ESTUDIO, PISOS EN CER\u00c1MICA, GARAJE PARA DOS CARROS Y DEPOSITO, JARDIN EXTERIOR Y ANTEJARDIN. APTA PARA VIVIENDA Y\/O OIFICINAS<\/p>\n","protected":false},"excerpt":{"rendered":"LA FLORESTA, CERCA A CANAL CARACOL, PARQUES, ZONAS VERDES, ABAJO...","protected":false},"author":8190,"featured_media":250696,"template":"","es_locations":[110,77,410],"es_categories":[124],"es_types":[115],"es_rent_periods":[],"es_labels":[],"es_statuses":[],"es_parkings":[],"es_roofs":[],"es_exterior_materials":[],"es_basements":[],"es_floor_coverings":[],"es_features":[2145,134,2146,2148,2331,151,136,2149,145,2203,2132,2220,2272,2150,2136,2151,2152,2204],"es_amenities":[2153,2313,2155,2157,2332,2270,2158,2159,2160,2208,2140,2221,2273,2161,2143,162,2162,2209],"es_neighborhoods":[],"es_tags":[],"class_list":["post-250693","properties","type-properties","status-publish","has-post-thumbnail","hentry","es_location-bogota","es_location-bogota-d-c","es_location-la-floresta","es_category-arriendo","es_type-casas","es_feature-calentador","es_feature-chimenea","es_feature-cocina-integral","es_feature-colegios-universidades","es_feature-cuarto-de-servicio","es_feature-deposito-bodega","es_feature-estudio","es_feature-garajes","es_feature-instalacion-de-gas","es_feature-jardines-exteriores","es_feature-parques-cercanos","es_feature-patio","es_feature-piso-en-baldosa-marmol","es_feature-supermercados-c-comerciales","es_feature-trans-publico-cercano","es_feature-zona-de-lavanderia","es_feature-zona-residencial","es_feature-zonas-verdes","es_amenity-calentador","es_amenity-chimenea","es_amenity-cocina-integral","es_amenity-colegios-universidades","es_amenity-cuarto-de-servicio","es_amenity-deposito-bodega","es_amenity-estudio","es_amenity-garajes","es_amenity-instalacion-de-gas","es_amenity-jardines-exteriores","es_amenity-parques-cercanos","es_amenity-patio","es_amenity-piso-en-baldosa-marmol","es_amenity-supermercados-c-comerciales","es_amenity-trans-publico-cercano","es_amenity-zona-de-lavanderia","es_amenity-zona-residencial","es_amenity-zonas-verdes","es-post-entity"],"_links":{"self":[{"href":"https:\/\/arriendo.com\/co\/wp-json\/wp\/v2\/properties\/250693","targetHints":{"allow":["GET"]}}],"collection":[{"href":"https:\/\/arriendo.com\/co\/wp-json\/wp\/v2\/properties"}],"about":[{"href":"https:\/\/arriendo.com\/co\/wp-json\/wp\/v2\/types\/properties"}],"author":[{"embeddable":true,"href":"https:\/\/arriendo.com\/co\/wp-json\/wp\/v2\/users\/8190"}],"version-history":[{"count":0,"href":"https:\/\/arriendo.com\/co\/wp-json\/wp\/v2\/properties\/250693\/revisions"}],"wp:featuredmedia":[{"embeddable":true,"href":"https:\/\/arriendo.com\/co\/wp-json\/wp\/v2\/media\/250696"}],"wp:attachment":[{"href":"https:\/\/arriendo.com\/co\/wp-json\/wp\/v2\/media?parent=250693"}],"wp:term":[{"taxonomy":"es_location","embeddable":true,"href":"https:\/\/arriendo.com\/co\/wp-json\/wp\/v2\/es_locations?post=250693"},{"taxonomy":"es_category","embeddable":true,"href":"https:\/\/arriendo.com\/co\/wp-json\/wp\/v2\/es_categories?post=250693"},{"taxonomy":"es_type","embeddable":true,"href":"https:\/\/arriendo.com\/co\/wp-json\/wp\/v2\/es_types?post=250693"},{"taxonomy":"es_rent_period","embeddable":true,"href":"https:\/\/arriendo.com\/co\/wp-json\/wp\/v2\/es_rent_periods?post=250693"},{"taxonomy":"es_label","embeddable":true,"href":"https:\/\/arriendo.com\/co\/wp-json\/wp\/v2\/es_labels?post=250693"},{"taxonomy":"es_status","embeddable":true,"href":"https:\/\/arriendo.com\/co\/wp-json\/wp\/v2\/es_statuses?post=250693"},{"taxonomy":"es_parking","embeddable":true,"href":"https:\/\/arriendo.com\/co\/wp-json\/wp\/v2\/es_parkings?post=250693"},{"taxonomy":"es_roof","embeddable":true,"href":"https:\/\/arriendo.com\/co\/wp-json\/wp\/v2\/es_roofs?post=250693"},{"taxonomy":"es_exterior_material","embeddable":true,"href":"https:\/\/arriendo.com\/co\/wp-json\/wp\/v2\/es_exterior_materials?post=250693"},{"taxonomy":"es_basement","embeddable":true,"href":"https:\/\/arriendo.com\/co\/wp-json\/wp\/v2\/es_basements?post=250693"},{"taxonomy":"es_floor_covering","embeddable":true,"href":"https:\/\/arriendo.com\/co\/wp-json\/wp\/v2\/es_floor_coverings?post=250693"},{"taxonomy":"es_feature","embeddable":true,"href":"https:\/\/arriendo.com\/co\/wp-json\/wp\/v2\/es_features?post=250693"},{"taxonomy":"es_amenity","embeddable":true,"href":"https:\/\/arriendo.com\/co\/wp-json\/wp\/v2\/es_amenities?post=250693"},{"taxonomy":"es_neighborhood","embeddable":true,"href":"https:\/\/arriendo.com\/co\/wp-json\/wp\/v2\/es_neighborhoods?post=250693"},{"taxonomy":"es_tag","embeddable":true,"href":"https:\/\/arriendo.com\/co\/wp-json\/wp\/v2\/es_tags?post=250693"}],"curies":[{"name":"wp","href":"https:\/\/api.w.org\/{rel}","templated":true}]}}

Casa en Arriendo en La Floresta, Bogotá

<p>LA FLORESTA, CERCA A CANAL CARACOL, PARQUES, ZONAS VERDES, ABAJO DE AV MORATO, CASA DE DOS NIVELES, SALA COMEDOR INDEPENDIENTE CON CHIMENEA, COCINA INTEGRAL, PATIO CUBIERTO Y DESCUBIERTO, CALENTADOR A GAS, CUARTO Y BAÑO DEL SERVICIO, CUATRO ALCOBAS CON CLOSET, DOS BAÑOS, ESTUDIO, PISOS EN CERÁMICA, GARAJE PARA DOS CARROS Y DEPOSITO, JARDIN EXTERIOR Y ANTEJARDIN. APTA PARA VIVIENDA Y/O OIFICINAS</p>
