{"id":249998,"date":"2026-01-29T21:07:49","date_gmt":"2026-01-30T02:07:49","guid":{"rendered":"https:\/\/arriendo.com\/co\/%es_type%\/%address_city%\/%neighborhood%\/cali-ciudad-jardin-oficina-en-arriendo-5ceb0c\/"},"modified":"2026-01-29T21:07:49","modified_gmt":"2026-01-30T02:07:49","slug":"AR-249998","status":"publish","type":"properties","link":"https:\/\/arriendo.com\/co\/oficinas\/cali\/ciudad-jardin\/AR-249998\/","title":{"rendered":"Oficina en  Arriendo en Ciudad jardin, Cali"},"content":{"rendered":"<p>SE VENDE CONSUL\/OFI EN OBRA GRIS JARD\u00cdN PLAZA LO WASI ***<\/p>\n<p>Le presentamos una oficina\/consultorio excepcionalmente ubicado en Jard\u00edn Central 2, dentro del reconocido centro comercial Jard\u00edn Plaza. Esta amplia propiedad cuenta con una superficie de 147 metros cuadrados y se incluyen 3 parqueaderos y un dep\u00f3sito adicional de 26 metros cuadrados. La oficina\/consultorio se encuentra en obra gris, lo que le brinda la oportunidad de personalizar y adaptar el espacio seg\u00fan sus necesidades espec\u00edficas. Todos los puntos hidr\u00e1ulicos, el\u00e9ctricos y de aire acondicionado est\u00e1n ya instalados, lo que facilitar\u00e1 su futura adecuaci\u00f3n. Cada piso del edificio cuenta con ba\u00f1os sociales, una zona de aseo y una cocina compartida, lo que brinda comodidad y practicidad a todos los copropietarios. Adem\u00e1s, se destaca una sala de juntas completamente equipada y una sala de capacitaciones, disponibles para uso de los copropietarios. La recepci\u00f3n y la seguridad est\u00e1n garantizadas las 24 horas, brindando tranquilidad y protecci\u00f3n a usted y a sus visitantes. El centro comercial Jard\u00edn Plaza tambi\u00e9n ofrece zonas de alimentaci\u00f3n y descanso, lo que significa que tendr\u00e1 acceso a una amplia variedad de opciones gastron\u00f3micas y espacios agradables para relajarse.<\/p>\n","protected":false},"excerpt":{"rendered":"SE VENDE CONSUL\/OFI EN OBRA GRIS JARD\u00cdN PLAZA LO WASI...","protected":false},"author":8163,"featured_media":250001,"template":"","es_locations":[179,335],"es_categories":[124],"es_types":[116],"es_rent_periods":[],"es_labels":[],"es_statuses":[],"es_parkings":[],"es_roofs":[],"es_exterior_materials":[],"es_basements":[],"es_floor_coverings":[],"es_features":[2292,2212,2211,2131,2175,2148,151,2370,2216,2132,2133,2181,2135,2150,2136,2137,2300,2185,2152,2204],"es_amenities":[2294,2217,2210,2139,2190,2157,2270,2371,156,2140,158,2142,2161,2143,161,2144,2301,2173,2162,2209],"es_neighborhoods":[],"es_tags":[],"class_list":["post-249998","properties","type-properties","status-publish","has-post-thumbnail","hentry","es_location-cali","es_location-ciudad-jardin","es_category-arriendo","es_type-oficinas","es_feature-acceso-pavimentado","es_feature-bano-auxiliar","es_feature-canchas-deportivas","es_feature-circuito-cerrado-de-tv","es_feature-cochera","es_feature-colegios-universidades","es_feature-deposito-bodega","es_feature-oficina-de-negocios","es_feature-parqueadero-visitantes","es_feature-parques-cercanos","es_feature-porteria-recepcion","es_feature-porteria-vigilancia","es_feature-sobre-via-principal","es_feature-supermercados-c-comerciales","es_feature-trans-publico-cercano","es_feature-zona-comercial","es_feature-zona-industrial","es_feature-zona-infantil","es_feature-zona-residencial","es_feature-zonas-verdes","es_amenity-acceso-pavimentado","es_amenity-bano-auxiliar","es_amenity-canchas-deportivas","es_amenity-circuito-cerrado-de-tv","es_amenity-cochera","es_amenity-colegios-universidades","es_amenity-deposito-bodega","es_amenity-oficina-de-negocios","es_amenity-parqueadero-visitantes","es_amenity-parques-cercanos","es_amenity-porteria-recepcion","es_amenity-sobre-via-principal","es_amenity-supermercados-c-comerciales","es_amenity-trans-publico-cercano","es_amenity-vigilancia-24-7","es_amenity-zona-comercial","es_amenity-zona-industrial","es_amenity-zona-infantil","es_amenity-zona-residencial","es_amenity-zonas-verdes","es-post-entity"],"_links":{"self":[{"href":"https:\/\/arriendo.com\/co\/wp-json\/wp\/v2\/properties\/249998","targetHints":{"allow":["GET"]}}],"collection":[{"href":"https:\/\/arriendo.com\/co\/wp-json\/wp\/v2\/properties"}],"about":[{"href":"https:\/\/arriendo.com\/co\/wp-json\/wp\/v2\/types\/properties"}],"author":[{"embeddable":true,"href":"https:\/\/arriendo.com\/co\/wp-json\/wp\/v2\/users\/8163"}],"version-history":[{"count":0,"href":"https:\/\/arriendo.com\/co\/wp-json\/wp\/v2\/properties\/249998\/revisions"}],"wp:featuredmedia":[{"embeddable":true,"href":"https:\/\/arriendo.com\/co\/wp-json\/wp\/v2\/media\/250001"}],"wp:attachment":[{"href":"https:\/\/arriendo.com\/co\/wp-json\/wp\/v2\/media?parent=249998"}],"wp:term":[{"taxonomy":"es_location","embeddable":true,"href":"https:\/\/arriendo.com\/co\/wp-json\/wp\/v2\/es_locations?post=249998"},{"taxonomy":"es_category","embeddable":true,"href":"https:\/\/arriendo.com\/co\/wp-json\/wp\/v2\/es_categories?post=249998"},{"taxonomy":"es_type","embeddable":true,"href":"https:\/\/arriendo.com\/co\/wp-json\/wp\/v2\/es_types?post=249998"},{"taxonomy":"es_rent_period","embeddable":true,"href":"https:\/\/arriendo.com\/co\/wp-json\/wp\/v2\/es_rent_periods?post=249998"},{"taxonomy":"es_label","embeddable":true,"href":"https:\/\/arriendo.com\/co\/wp-json\/wp\/v2\/es_labels?post=249998"},{"taxonomy":"es_status","embeddable":true,"href":"https:\/\/arriendo.com\/co\/wp-json\/wp\/v2\/es_statuses?post=249998"},{"taxonomy":"es_parking","embeddable":true,"href":"https:\/\/arriendo.com\/co\/wp-json\/wp\/v2\/es_parkings?post=249998"},{"taxonomy":"es_roof","embeddable":true,"href":"https:\/\/arriendo.com\/co\/wp-json\/wp\/v2\/es_roofs?post=249998"},{"taxonomy":"es_exterior_material","embeddable":true,"href":"https:\/\/arriendo.com\/co\/wp-json\/wp\/v2\/es_exterior_materials?post=249998"},{"taxonomy":"es_basement","embeddable":true,"href":"https:\/\/arriendo.com\/co\/wp-json\/wp\/v2\/es_basements?post=249998"},{"taxonomy":"es_floor_covering","embeddable":true,"href":"https:\/\/arriendo.com\/co\/wp-json\/wp\/v2\/es_floor_coverings?post=249998"},{"taxonomy":"es_feature","embeddable":true,"href":"https:\/\/arriendo.com\/co\/wp-json\/wp\/v2\/es_features?post=249998"},{"taxonomy":"es_amenity","embeddable":true,"href":"https:\/\/arriendo.com\/co\/wp-json\/wp\/v2\/es_amenities?post=249998"},{"taxonomy":"es_neighborhood","embeddable":true,"href":"https:\/\/arriendo.com\/co\/wp-json\/wp\/v2\/es_neighborhoods?post=249998"},{"taxonomy":"es_tag","embeddable":true,"href":"https:\/\/arriendo.com\/co\/wp-json\/wp\/v2\/es_tags?post=249998"}],"curies":[{"name":"wp","href":"https:\/\/api.w.org\/{rel}","templated":true}]}}

<p>SE VENDE CONSUL/OFI EN OBRA GRIS JARDÍN PLAZA LO WASI ***</p>
<p>Le presentamos una oficina/consultorio excepcionalmente ubicado en Jardín Central 2, dentro del reconocido centro comercial Jardín Plaza. Esta amplia propiedad cuenta con una superficie de 147 metros cuadrados y se incluyen 3 parqueaderos y un depósito adicional de 26 metros cuadrados. La oficina/consultorio se encuentra en obra gris, lo que le brinda la oportunidad de personalizar y adaptar el espacio según sus necesidades específicas. Todos los puntos hidráulicos, eléctricos y de aire acondicionado están ya instalados, lo que facilitará su futura adecuación. Cada piso del edificio cuenta con baños sociales, una zona de aseo y una cocina compartida, lo que brinda comodidad y practicidad a todos los copropietarios. Además, se destaca una sala de juntas completamente equipada y una sala de capacitaciones, disponibles para uso de los copropietarios. La recepción y la seguridad están garantizadas las 24 horas, brindando tranquilidad y protección a usted y a sus visitantes. El centro comercial Jardín Plaza también ofrece zonas de alimentación y descanso, lo que significa que tendrá acceso a una amplia variedad de opciones gastronómicas y espacios agradables para relajarse.</p>

SE VENDE CONSUL/OFI EN OBRA GRIS JARDÍN PLAZA LO WASI...
