{"id":249510,"date":"2026-01-29T20:10:49","date_gmt":"2026-01-30T01:10:49","guid":{"rendered":"https:\/\/arriendo.com\/co\/%es_type%\/%address_city%\/%neighborhood%\/cali-el-penon-local-en-arriendo-en-973348\/"},"modified":"2026-01-29T20:10:49","modified_gmt":"2026-01-30T01:10:49","slug":"AR-249510","status":"publish","type":"properties","link":"https:\/\/arriendo.com\/co\/locales\/cali\/el-penon\/AR-249510\/","title":{"rendered":"Local en Arriendo en El pe\u00f1on, Cali"},"content":{"rendered":"<p>Amplio local comercial en arriendo ubicado sobre la Avenida Circunvalar, en el edificio San Antonio del Pe\u00f1\u00f3n, una de las v\u00edas m\u00e1s transitadas y de mayor valorizaci\u00f3n de la ciudad. Su estrat\u00e9gica ubicaci\u00f3n le brinda alta visibilidad y f\u00e1cil acceso tanto vehicular como peatonal.<\/p>\n<p>El local cuenta con 213 m\u00b2 distribuidos en dos niveles, con acabados de excelente calidad y piso en m\u00e1rmol. Dispone de tres aires acondicionados, una cocina, y tres ba\u00f1os, uno de ellos dentro de una oficina privada.<\/p>\n<p>Incluye dos parqueaderos con posibilidad de adquirir m\u00e1s, y el valor del canon ($9.000.000 negociables) ya incluye la administraci\u00f3n.<\/p>\n<p>Ideal para empresas, oficinas de atenci\u00f3n al p\u00fablico, consultorios o marcas que busquen presencia en un punto de alto tr\u00e1fico\u00a0comercial.<\/p>\n","protected":false},"excerpt":{"rendered":"Amplio local comercial en arriendo ubicado sobre la Avenida Circunvalar,...","protected":false},"author":7922,"featured_media":249513,"template":"","es_locations":[179,823],"es_categories":[124],"es_types":[117],"es_rent_periods":[],"es_labels":[],"es_statuses":[],"es_parkings":[],"es_roofs":[],"es_exterior_materials":[],"es_basements":[],"es_floor_coverings":[],"es_features":[149,2265,2302,151,2296,2201,2149,2385,2216,2132,2272,2365,2181,2610,2135,2241,2137,2152],"es_amenities":[2329,2268,2303,2270,2298,2206,2159,2386,156,2140,2273,2366,2611,2142,161,2259,2144,2162],"es_neighborhoods":[],"es_tags":[],"class_list":["post-249510","properties","type-properties","status-publish","has-post-thumbnail","hentry","es_location-cali","es_location-el-penon","es_category-arriendo","es_type-locales","es_feature-aire-acondicionado","es_feature-bahia-exterior-de-parqueo","es_feature-cocineta","es_feature-deposito-bodega","es_feature-en-edificio","es_feature-en-zona-comercial","es_feature-garajes","es_feature-local-exterior","es_feature-parqueadero-visitantes","es_feature-parques-cercanos","es_feature-piso-en-baldosa-marmol","es_feature-planta-electrica","es_feature-porteria-vigilancia","es_feature-sensor-de-movimiento","es_feature-sobre-via-principal","es_feature-vigilancia-24x7","es_feature-zona-comercial","es_feature-zona-residencial","es_amenity-aire-acondicionado","es_amenity-bahia-exterior-de-parqueo","es_amenity-cocineta","es_amenity-deposito-bodega","es_amenity-en-edificio","es_amenity-en-zona-comercial","es_amenity-garajes","es_amenity-local-exterior","es_amenity-parqueadero-visitantes","es_amenity-parques-cercanos","es_amenity-piso-en-baldosa-marmol","es_amenity-planta-electrica","es_amenity-sensor-de-movimiento","es_amenity-sobre-via-principal","es_amenity-vigilancia-24-7","es_amenity-vigilancia-24x7","es_amenity-zona-comercial","es_amenity-zona-residencial","es-post-entity"],"_links":{"self":[{"href":"https:\/\/arriendo.com\/co\/wp-json\/wp\/v2\/properties\/249510","targetHints":{"allow":["GET"]}}],"collection":[{"href":"https:\/\/arriendo.com\/co\/wp-json\/wp\/v2\/properties"}],"about":[{"href":"https:\/\/arriendo.com\/co\/wp-json\/wp\/v2\/types\/properties"}],"author":[{"embeddable":true,"href":"https:\/\/arriendo.com\/co\/wp-json\/wp\/v2\/users\/7922"}],"version-history":[{"count":0,"href":"https:\/\/arriendo.com\/co\/wp-json\/wp\/v2\/properties\/249510\/revisions"}],"wp:featuredmedia":[{"embeddable":true,"href":"https:\/\/arriendo.com\/co\/wp-json\/wp\/v2\/media\/249513"}],"wp:attachment":[{"href":"https:\/\/arriendo.com\/co\/wp-json\/wp\/v2\/media?parent=249510"}],"wp:term":[{"taxonomy":"es_location","embeddable":true,"href":"https:\/\/arriendo.com\/co\/wp-json\/wp\/v2\/es_locations?post=249510"},{"taxonomy":"es_category","embeddable":true,"href":"https:\/\/arriendo.com\/co\/wp-json\/wp\/v2\/es_categories?post=249510"},{"taxonomy":"es_type","embeddable":true,"href":"https:\/\/arriendo.com\/co\/wp-json\/wp\/v2\/es_types?post=249510"},{"taxonomy":"es_rent_period","embeddable":true,"href":"https:\/\/arriendo.com\/co\/wp-json\/wp\/v2\/es_rent_periods?post=249510"},{"taxonomy":"es_label","embeddable":true,"href":"https:\/\/arriendo.com\/co\/wp-json\/wp\/v2\/es_labels?post=249510"},{"taxonomy":"es_status","embeddable":true,"href":"https:\/\/arriendo.com\/co\/wp-json\/wp\/v2\/es_statuses?post=249510"},{"taxonomy":"es_parking","embeddable":true,"href":"https:\/\/arriendo.com\/co\/wp-json\/wp\/v2\/es_parkings?post=249510"},{"taxonomy":"es_roof","embeddable":true,"href":"https:\/\/arriendo.com\/co\/wp-json\/wp\/v2\/es_roofs?post=249510"},{"taxonomy":"es_exterior_material","embeddable":true,"href":"https:\/\/arriendo.com\/co\/wp-json\/wp\/v2\/es_exterior_materials?post=249510"},{"taxonomy":"es_basement","embeddable":true,"href":"https:\/\/arriendo.com\/co\/wp-json\/wp\/v2\/es_basements?post=249510"},{"taxonomy":"es_floor_covering","embeddable":true,"href":"https:\/\/arriendo.com\/co\/wp-json\/wp\/v2\/es_floor_coverings?post=249510"},{"taxonomy":"es_feature","embeddable":true,"href":"https:\/\/arriendo.com\/co\/wp-json\/wp\/v2\/es_features?post=249510"},{"taxonomy":"es_amenity","embeddable":true,"href":"https:\/\/arriendo.com\/co\/wp-json\/wp\/v2\/es_amenities?post=249510"},{"taxonomy":"es_neighborhood","embeddable":true,"href":"https:\/\/arriendo.com\/co\/wp-json\/wp\/v2\/es_neighborhoods?post=249510"},{"taxonomy":"es_tag","embeddable":true,"href":"https:\/\/arriendo.com\/co\/wp-json\/wp\/v2\/es_tags?post=249510"}],"curies":[{"name":"wp","href":"https:\/\/api.w.org\/{rel}","templated":true}]}}

Local en Arriendo en El peñon, Cali

<p>Amplio local comercial en arriendo ubicado sobre la Avenida Circunvalar, en el edificio San Antonio del Peñón, una de las vías más transitadas y de mayor valorización de la ciudad. Su estratégica ubicación le brinda alta visibilidad y fácil acceso tanto vehicular como peatonal.</p>
<p>El local cuenta con 213 m² distribuidos en dos niveles, con acabados de excelente calidad y piso en mármol. Dispone de tres aires acondicionados, una cocina, y tres baños, uno de ellos dentro de una oficina privada.</p>
<p>Incluye dos parqueaderos con posibilidad de adquirir más, y el valor del canon ($9.000.000 negociables) ya incluye la administración.</p>
<p>Ideal para empresas, oficinas de atención al público, consultorios o marcas que busquen presencia en un punto de alto tráfico comercial.</p>
