{"id":249447,"date":"2026-01-29T20:02:53","date_gmt":"2026-01-30T01:02:53","guid":{"rendered":"https:\/\/arriendo.com\/co\/%es_type%\/%address_city%\/%neighborhood%\/cali-ciudad-pacifica-apartamento-en-arriendo-en-dc323b\/"},"modified":"2026-01-29T20:02:53","modified_gmt":"2026-01-30T01:02:53","slug":"AR-249447","status":"publish","type":"properties","link":"https:\/\/arriendo.com\/co\/apartamentos\/cali\/ciudad-pacifica\/AR-249447\/","title":{"rendered":"Apartamento en Arriendo en Ciudad Pac\u00edfica, Cali"},"content":{"rendered":"<p>Apartamento Coral<\/p>\n<p>Se alquila apartamento ubicado en el sur de Cali muy cerca a zona universitaria:<\/p>\n<p>&#8211; Apto. De 55m2 en 8vo piso con ascensor<br \/>\n&#8211; Techo tipo Colonial<br \/>\n&#8211; Cocina Integral: Estufa, campana extractora, barra auxiliar, gabinetes con amplio espacio de almacenamiento, cava para vinos.<br \/>\n&#8211; Cit\u00f3fono a Porter\u00eda<br \/>\n&#8211; Zona de oficios totalmente enchapada, espacio para lavadora y nevera<br \/>\n&#8211; Balc\u00f3n<br \/>\n&#8211; 3 habitaciones (1. Habitaci\u00f3n principal con ba\u00f1o propio, 2. Habitaci\u00f3n auxiliar, 3. Estudio\/Sala de Estar)<br \/>\n&#8211; 2 ba\u00f1os completos con divisi\u00f3n de ducha en vidrio templado y gabinetes para almacenamiento<br \/>\n&#8211; Altillo con espacio para almacenamiento<br \/>\n&#8211; Parqueadero <\/p>\n<p>El conjunto cuenta con:<br \/>\n&#8211; Dos piscinas (Adultos y ni\u00f1os)<br \/>\n&#8211; Cancha m\u00faltiple<br \/>\n&#8211; Parque infantil<br \/>\n&#8211; Sal\u00f3n social<br \/>\n&#8211; Amplias zona comunes<br \/>\n&#8211; Parqueadero de visitantes<\/p>\n<p>Barrio: Ciudad Pac\u00edfica<br \/>\nDirecci\u00f3n: Calle 45 # 121A-39<br \/>\nValor Arriendo: $1.300.000, adm\u00f3n.\u00a0incluida.<\/p>\n","protected":false},"excerpt":{"rendered":"Apartamento Coral Se alquila apartamento ubicado en el sur de...","protected":false},"author":7922,"featured_media":249450,"template":"","es_locations":[179,2722],"es_categories":[124],"es_types":[114],"es_rent_periods":[],"es_labels":[],"es_statuses":[],"es_parkings":[],"es_roofs":[],"es_exterior_materials":[],"es_basements":[],"es_floor_coverings":[],"es_features":[131,132,2212,2263,2147,2148,2196,2149,2179,145,2203,2216,2132,2220,2272,2365,2133,2181,2182,2167,2150,2136,144,2306,2151,2185,2152,2204],"es_amenities":[152,2186,2217,2269,2156,2157,2197,2159,154,2160,2208,156,2140,2221,2273,2366,158,159,2171,2161,2143,161,2289,2308,162,2173,2162,2209],"es_neighborhoods":[],"es_tags":[],"class_list":["post-249447","properties","type-properties","status-publish","has-post-thumbnail","hentry","es_location-cali","es_location-ciudad-pacifica","es_category-arriendo","es_type-apartamentos","es_feature-ascensor","es_feature-balcon","es_feature-bano-auxiliar","es_feature-barra-estilo-americano","es_feature-cocina-tipo-americano","es_feature-colegios-universidades","es_feature-en-conjunto-cerrado","es_feature-garajes","es_feature-gimnasio","es_feature-instalacion-de-gas","es_feature-jardines-exteriores","es_feature-parqueadero-visitantes","es_feature-parques-cercanos","es_feature-patio","es_feature-piso-en-baldosa-marmol","es_feature-planta-electrica","es_feature-porteria-recepcion","es_feature-porteria-vigilancia","es_feature-salon-comunal","es_feature-sauna-turco-jacuzzi","es_feature-supermercados-c-comerciales","es_feature-trans-publico-cercano","es_feature-vista-panoramica","es_feature-zona-campestre","es_feature-zona-de-lavanderia","es_feature-zona-infantil","es_feature-zona-residencial","es_feature-zonas-verdes","es_amenity-ascensor-privado","es_amenity-balcon","es_amenity-bano-auxiliar","es_amenity-barra-estilo-americano","es_amenity-cocina-tipo-americano","es_amenity-colegios-universidades","es_amenity-en-conjunto-cerrado","es_amenity-garajes","es_amenity-gimnasio","es_amenity-instalacion-de-gas","es_amenity-jardines-exteriores","es_amenity-parqueadero-visitantes","es_amenity-parques-cercanos","es_amenity-patio","es_amenity-piso-en-baldosa-marmol","es_amenity-planta-electrica","es_amenity-porteria-recepcion","es_amenity-salon-comunal","es_amenity-sauna-turco-jacuzzi","es_amenity-supermercados-c-comerciales","es_amenity-trans-publico-cercano","es_amenity-vigilancia-24-7","es_amenity-vista-panoramica","es_amenity-zona-campestre","es_amenity-zona-de-lavanderia","es_amenity-zona-infantil","es_amenity-zona-residencial","es_amenity-zonas-verdes","es-post-entity"],"_links":{"self":[{"href":"https:\/\/arriendo.com\/co\/wp-json\/wp\/v2\/properties\/249447","targetHints":{"allow":["GET"]}}],"collection":[{"href":"https:\/\/arriendo.com\/co\/wp-json\/wp\/v2\/properties"}],"about":[{"href":"https:\/\/arriendo.com\/co\/wp-json\/wp\/v2\/types\/properties"}],"author":[{"embeddable":true,"href":"https:\/\/arriendo.com\/co\/wp-json\/wp\/v2\/users\/7922"}],"version-history":[{"count":0,"href":"https:\/\/arriendo.com\/co\/wp-json\/wp\/v2\/properties\/249447\/revisions"}],"wp:featuredmedia":[{"embeddable":true,"href":"https:\/\/arriendo.com\/co\/wp-json\/wp\/v2\/media\/249450"}],"wp:attachment":[{"href":"https:\/\/arriendo.com\/co\/wp-json\/wp\/v2\/media?parent=249447"}],"wp:term":[{"taxonomy":"es_location","embeddable":true,"href":"https:\/\/arriendo.com\/co\/wp-json\/wp\/v2\/es_locations?post=249447"},{"taxonomy":"es_category","embeddable":true,"href":"https:\/\/arriendo.com\/co\/wp-json\/wp\/v2\/es_categories?post=249447"},{"taxonomy":"es_type","embeddable":true,"href":"https:\/\/arriendo.com\/co\/wp-json\/wp\/v2\/es_types?post=249447"},{"taxonomy":"es_rent_period","embeddable":true,"href":"https:\/\/arriendo.com\/co\/wp-json\/wp\/v2\/es_rent_periods?post=249447"},{"taxonomy":"es_label","embeddable":true,"href":"https:\/\/arriendo.com\/co\/wp-json\/wp\/v2\/es_labels?post=249447"},{"taxonomy":"es_status","embeddable":true,"href":"https:\/\/arriendo.com\/co\/wp-json\/wp\/v2\/es_statuses?post=249447"},{"taxonomy":"es_parking","embeddable":true,"href":"https:\/\/arriendo.com\/co\/wp-json\/wp\/v2\/es_parkings?post=249447"},{"taxonomy":"es_roof","embeddable":true,"href":"https:\/\/arriendo.com\/co\/wp-json\/wp\/v2\/es_roofs?post=249447"},{"taxonomy":"es_exterior_material","embeddable":true,"href":"https:\/\/arriendo.com\/co\/wp-json\/wp\/v2\/es_exterior_materials?post=249447"},{"taxonomy":"es_basement","embeddable":true,"href":"https:\/\/arriendo.com\/co\/wp-json\/wp\/v2\/es_basements?post=249447"},{"taxonomy":"es_floor_covering","embeddable":true,"href":"https:\/\/arriendo.com\/co\/wp-json\/wp\/v2\/es_floor_coverings?post=249447"},{"taxonomy":"es_feature","embeddable":true,"href":"https:\/\/arriendo.com\/co\/wp-json\/wp\/v2\/es_features?post=249447"},{"taxonomy":"es_amenity","embeddable":true,"href":"https:\/\/arriendo.com\/co\/wp-json\/wp\/v2\/es_amenities?post=249447"},{"taxonomy":"es_neighborhood","embeddable":true,"href":"https:\/\/arriendo.com\/co\/wp-json\/wp\/v2\/es_neighborhoods?post=249447"},{"taxonomy":"es_tag","embeddable":true,"href":"https:\/\/arriendo.com\/co\/wp-json\/wp\/v2\/es_tags?post=249447"}],"curies":[{"name":"wp","href":"https:\/\/api.w.org\/{rel}","templated":true}]}}

Apartamento en Arriendo en Ciudad Pacífica, Cali

<p>Apartamento Coral</p>
<p>Se alquila apartamento ubicado en el sur de Cali muy cerca a zona universitaria:</p>
<p>&#8211; Apto. De 55m2 en 8vo piso con ascensor<br />
&#8211; Techo tipo Colonial<br />
&#8211; Cocina Integral: Estufa, campana extractora, barra auxiliar, gabinetes con amplio espacio de almacenamiento, cava para vinos.<br />
&#8211; Citófono a Portería<br />
&#8211; Zona de oficios totalmente enchapada, espacio para lavadora y nevera<br />
&#8211; Balcón<br />
&#8211; 3 habitaciones (1. Habitación principal con baño propio, 2. Habitación auxiliar, 3. Estudio/Sala de Estar)<br />
&#8211; 2 baños completos con división de ducha en vidrio templado y gabinetes para almacenamiento<br />
&#8211; Altillo con espacio para almacenamiento<br />
&#8211; Parqueadero </p>
<p>El conjunto cuenta con:<br />
&#8211; Dos piscinas (Adultos y niños)<br />
&#8211; Cancha múltiple<br />
&#8211; Parque infantil<br />
&#8211; Salón social<br />
&#8211; Amplias zona comunes<br />
&#8211; Parqueadero de visitantes</p>
<p>Barrio: Ciudad Pacífica<br />
Dirección: Calle 45 # 121A-39<br />
Valor Arriendo: $1.300.000, admón. incluida.</p>
