{"id":249141,"date":"2026-01-29T19:26:49","date_gmt":"2026-01-30T00:26:49","guid":{"rendered":"https:\/\/arriendo.com\/co\/%es_type%\/%address_city%\/%neighborhood%\/bogota-chico-norte-local-en-arriendo-en-970c20\/"},"modified":"2026-01-29T19:26:49","modified_gmt":"2026-01-30T00:26:49","slug":"AR-249141","status":"publish","type":"properties","link":"https:\/\/arriendo.com\/co\/locales\/bogota\/chico-norte\/AR-249141\/","title":{"rendered":"Local en Arriendo en Chico norte, Bogot\u00e1"},"content":{"rendered":"<p>Local Comercial en Arriendo \u2013 Zona Estrat\u00e9gica de Bogot\u00e1<br \/>\nImpulsa tu \u00e9xito empresarial desde el coraz\u00f3n corporativo de la ciudad.<br \/>\nEste local no es solo un espacio f\u00edsico, es la plataforma ideal para que tu marca crezca con visibilidad, tr\u00e1fico peatonal y vehicular, y un entorno lleno de oportunidades.<\/p>\n<p>Requisito obligatorio:<br \/>\nP\u00f3liza de arrendamiento Suramericana \u2013 Tr\u00e1mite 100% digital<br \/>\nSe requieren 2 codeudores solventes.<br \/>\nSolic\u00edtala f\u00e1cilmente en:<br \/>\nwww.arriendetranquiloenlinea.com.co<\/p>\n<p>Ubicaci\u00f3n privilegiada:<br \/>\nEn una de las arterias comerciales m\u00e1s activas de Bogot\u00e1<br \/>\nAlta exposici\u00f3n y visibilidad para todo tipo de negocios<br \/>\nF\u00e1cil acceso desde v\u00edas principales y excelente cobertura de transporte p\u00fablico<\/p>\n<p>Entorno corporativo:<br \/>\nZona rodeada de oficinas, entidades financieras y comercios reconocidos<br \/>\nIdeal para servicios profesionales, showrooms, atenci\u00f3n al cliente o marcas en expansi\u00f3n<br \/>\nFlujo constante de clientes potenciales durante todo el d\u00eda<\/p>\n<p>Beneficios clave:<br \/>\nEntorno de alto tr\u00e1fico y visibilidad<br \/>\nExcelente conectividad vial y transporte<br \/>\nOportunidad de posicionamiento estrat\u00e9gico en el mercado local<\/p>\n<p>Inmobiliaria Myriam Zabala<br \/>\nSoluciones comerciales con respaldo jur\u00eddico, experiencia y visi\u00f3n empresarial.<br \/>\nCont\u00e1ctanos hoy mismo y agenda tu visita<\/p>\n","protected":false},"excerpt":{"rendered":"Local Comercial en Arriendo \u2013 Zona Estrat\u00e9gica de Bogot\u00e1 Impulsa...","protected":false},"author":7782,"featured_media":249144,"template":"","es_locations":[110,77,206],"es_categories":[124],"es_types":[117],"es_rent_periods":[],"es_labels":[],"es_statuses":[],"es_parkings":[],"es_roofs":[],"es_exterior_materials":[],"es_basements":[],"es_floor_coverings":[],"es_features":[2201,2176,2216,2272,2135,2239,2228,2137,2152],"es_amenities":[2206,2191,156,2273,2142,2256,2258,2144,2162],"es_neighborhoods":[],"es_tags":[],"class_list":["post-249141","properties","type-properties","status-publish","has-post-thumbnail","hentry","es_location-bogota","es_location-bogota-d-c","es_location-chico-norte","es_category-arriendo","es_type-locales","es_feature-en-zona-comercial","es_feature-en-zona-residencial","es_feature-parqueadero-visitantes","es_feature-piso-en-baldosa-marmol","es_feature-sobre-via-principal","es_feature-sobre-via-secundaria","es_feature-ventilacion-natural","es_feature-zona-comercial","es_feature-zona-residencial","es_amenity-en-zona-comercial","es_amenity-en-zona-residencial","es_amenity-parqueadero-visitantes","es_amenity-piso-en-baldosa-marmol","es_amenity-sobre-via-principal","es_amenity-sobre-via-secundaria","es_amenity-ventilacion-natural","es_amenity-zona-comercial","es_amenity-zona-residencial","es-post-entity"],"_links":{"self":[{"href":"https:\/\/arriendo.com\/co\/wp-json\/wp\/v2\/properties\/249141","targetHints":{"allow":["GET"]}}],"collection":[{"href":"https:\/\/arriendo.com\/co\/wp-json\/wp\/v2\/properties"}],"about":[{"href":"https:\/\/arriendo.com\/co\/wp-json\/wp\/v2\/types\/properties"}],"author":[{"embeddable":true,"href":"https:\/\/arriendo.com\/co\/wp-json\/wp\/v2\/users\/7782"}],"version-history":[{"count":0,"href":"https:\/\/arriendo.com\/co\/wp-json\/wp\/v2\/properties\/249141\/revisions"}],"wp:featuredmedia":[{"embeddable":true,"href":"https:\/\/arriendo.com\/co\/wp-json\/wp\/v2\/media\/249144"}],"wp:attachment":[{"href":"https:\/\/arriendo.com\/co\/wp-json\/wp\/v2\/media?parent=249141"}],"wp:term":[{"taxonomy":"es_location","embeddable":true,"href":"https:\/\/arriendo.com\/co\/wp-json\/wp\/v2\/es_locations?post=249141"},{"taxonomy":"es_category","embeddable":true,"href":"https:\/\/arriendo.com\/co\/wp-json\/wp\/v2\/es_categories?post=249141"},{"taxonomy":"es_type","embeddable":true,"href":"https:\/\/arriendo.com\/co\/wp-json\/wp\/v2\/es_types?post=249141"},{"taxonomy":"es_rent_period","embeddable":true,"href":"https:\/\/arriendo.com\/co\/wp-json\/wp\/v2\/es_rent_periods?post=249141"},{"taxonomy":"es_label","embeddable":true,"href":"https:\/\/arriendo.com\/co\/wp-json\/wp\/v2\/es_labels?post=249141"},{"taxonomy":"es_status","embeddable":true,"href":"https:\/\/arriendo.com\/co\/wp-json\/wp\/v2\/es_statuses?post=249141"},{"taxonomy":"es_parking","embeddable":true,"href":"https:\/\/arriendo.com\/co\/wp-json\/wp\/v2\/es_parkings?post=249141"},{"taxonomy":"es_roof","embeddable":true,"href":"https:\/\/arriendo.com\/co\/wp-json\/wp\/v2\/es_roofs?post=249141"},{"taxonomy":"es_exterior_material","embeddable":true,"href":"https:\/\/arriendo.com\/co\/wp-json\/wp\/v2\/es_exterior_materials?post=249141"},{"taxonomy":"es_basement","embeddable":true,"href":"https:\/\/arriendo.com\/co\/wp-json\/wp\/v2\/es_basements?post=249141"},{"taxonomy":"es_floor_covering","embeddable":true,"href":"https:\/\/arriendo.com\/co\/wp-json\/wp\/v2\/es_floor_coverings?post=249141"},{"taxonomy":"es_feature","embeddable":true,"href":"https:\/\/arriendo.com\/co\/wp-json\/wp\/v2\/es_features?post=249141"},{"taxonomy":"es_amenity","embeddable":true,"href":"https:\/\/arriendo.com\/co\/wp-json\/wp\/v2\/es_amenities?post=249141"},{"taxonomy":"es_neighborhood","embeddable":true,"href":"https:\/\/arriendo.com\/co\/wp-json\/wp\/v2\/es_neighborhoods?post=249141"},{"taxonomy":"es_tag","embeddable":true,"href":"https:\/\/arriendo.com\/co\/wp-json\/wp\/v2\/es_tags?post=249141"}],"curies":[{"name":"wp","href":"https:\/\/api.w.org\/{rel}","templated":true}]}}

Local en Arriendo en Chico norte, Bogotá

<p>Local Comercial en Arriendo – Zona Estratégica de Bogotá<br />
Impulsa tu éxito empresarial desde el corazón corporativo de la ciudad.<br />
Este local no es solo un espacio físico, es la plataforma ideal para que tu marca crezca con visibilidad, tráfico peatonal y vehicular, y un entorno lleno de oportunidades.</p>
<p>Requisito obligatorio:<br />
Póliza de arrendamiento Suramericana – Trámite 100% digital<br />
Se requieren 2 codeudores solventes.<br />
Solicítala fácilmente en:<br />
www.arriendetranquiloenlinea.com.co</p>
<p>Ubicación privilegiada:<br />
En una de las arterias comerciales más activas de Bogotá<br />
Alta exposición y visibilidad para todo tipo de negocios<br />
Fácil acceso desde vías principales y excelente cobertura de transporte público</p>
<p>Entorno corporativo:<br />
Zona rodeada de oficinas, entidades financieras y comercios reconocidos<br />
Ideal para servicios profesionales, showrooms, atención al cliente o marcas en expansión<br />
Flujo constante de clientes potenciales durante todo el día</p>
<p>Beneficios clave:<br />
Entorno de alto tráfico y visibilidad<br />
Excelente conectividad vial y transporte<br />
Oportunidad de posicionamiento estratégico en el mercado local</p>
<p>Inmobiliaria Myriam Zabala<br />
Soluciones comerciales con respaldo jurídico, experiencia y visión empresarial.<br />
Contáctanos hoy mismo y agenda tu visita</p>

Local Comercial en Arriendo – Zona Estratégica de Bogotá Impulsa...
