{"id":249127,"date":"2026-01-29T19:24:49","date_gmt":"2026-01-30T00:24:49","guid":{"rendered":"https:\/\/arriendo.com\/co\/%es_type%\/%address_city%\/%neighborhood%\/bogota-la-veracruz-local-en-arriendo-en-12c48f\/"},"modified":"2026-01-29T19:24:49","modified_gmt":"2026-01-30T00:24:49","slug":"AR-249127","status":"publish","type":"properties","link":"https:\/\/arriendo.com\/co\/locales\/bogota\/la-veracruz\/AR-249127\/","title":{"rendered":"Local en Arriendo en La veracruz, Bogot\u00e1"},"content":{"rendered":"<p>\u00a1Gran Oportunidad! Local de 1.102 m\u00b2 en Arriendo en el Centro de Bogot\u00e1<br \/>\nUbicaci\u00f3n Estrat\u00e9gica:<br \/>\nEste local est\u00e1 en el coraz\u00f3n del centro cultural, tur\u00edstico y universitario de Bogot\u00e1. Benef\u00edciate del alto tr\u00e1fico de estudiantes de la Javeriana, los Andes y el CESA, as\u00ed como de un flujo constante de turistas.<\/p>\n<p>Caracter\u00edsticas del Local:<br \/>\nUn espacio ideal para cualquier negocio de gran formato. Sus 1.102 m\u00b2 est\u00e1n distribuidos en tres niveles:<\/p>\n<p>Primer Nivel: 438,37 m\u00b2<\/p>\n<p>Mezanine: 385,35 m\u00b2<\/p>\n<p>S\u00f3tano: 277,91 m\u00b2<\/p>\n<p>Ventajas Adicionales:<\/p>\n<p>Excelente Movilidad: Cerca de Transmilenio y SITP.<\/p>\n<p>Proyecci\u00f3n a Futuro: Ubicaci\u00f3n clave por la cercan\u00eda al futuro Metro de Bogot\u00e1.<\/p>\n<p>\u00a1Ideal para tu negocio! Contacta para m\u00e1s informaci\u00f3n<\/p>\n","protected":false},"excerpt":{"rendered":"\u00a1Gran Oportunidad! Local de 1.102 m\u00b2 en Arriendo en el...","protected":false},"author":7782,"featured_media":249130,"template":"","es_locations":[110,77,2565],"es_categories":[124],"es_types":[117],"es_rent_periods":[],"es_labels":[],"es_statuses":[],"es_parkings":[],"es_roofs":[],"es_exterior_materials":[],"es_basements":[],"es_floor_coverings":[],"es_features":[2302,151,2296,2201,2181,2239,2228,2241,2137],"es_amenities":[2303,2270,2298,2206,2256,2258,161,2259,2144],"es_neighborhoods":[],"es_tags":[],"class_list":["post-249127","properties","type-properties","status-publish","has-post-thumbnail","hentry","es_location-bogota","es_location-bogota-d-c","es_location-la-veracruz","es_category-arriendo","es_type-locales","es_feature-cocineta","es_feature-deposito-bodega","es_feature-en-edificio","es_feature-en-zona-comercial","es_feature-porteria-vigilancia","es_feature-sobre-via-secundaria","es_feature-ventilacion-natural","es_feature-vigilancia-24x7","es_feature-zona-comercial","es_amenity-cocineta","es_amenity-deposito-bodega","es_amenity-en-edificio","es_amenity-en-zona-comercial","es_amenity-sobre-via-secundaria","es_amenity-ventilacion-natural","es_amenity-vigilancia-24-7","es_amenity-vigilancia-24x7","es_amenity-zona-comercial","es-post-entity"],"_links":{"self":[{"href":"https:\/\/arriendo.com\/co\/wp-json\/wp\/v2\/properties\/249127","targetHints":{"allow":["GET"]}}],"collection":[{"href":"https:\/\/arriendo.com\/co\/wp-json\/wp\/v2\/properties"}],"about":[{"href":"https:\/\/arriendo.com\/co\/wp-json\/wp\/v2\/types\/properties"}],"author":[{"embeddable":true,"href":"https:\/\/arriendo.com\/co\/wp-json\/wp\/v2\/users\/7782"}],"version-history":[{"count":0,"href":"https:\/\/arriendo.com\/co\/wp-json\/wp\/v2\/properties\/249127\/revisions"}],"wp:featuredmedia":[{"embeddable":true,"href":"https:\/\/arriendo.com\/co\/wp-json\/wp\/v2\/media\/249130"}],"wp:attachment":[{"href":"https:\/\/arriendo.com\/co\/wp-json\/wp\/v2\/media?parent=249127"}],"wp:term":[{"taxonomy":"es_location","embeddable":true,"href":"https:\/\/arriendo.com\/co\/wp-json\/wp\/v2\/es_locations?post=249127"},{"taxonomy":"es_category","embeddable":true,"href":"https:\/\/arriendo.com\/co\/wp-json\/wp\/v2\/es_categories?post=249127"},{"taxonomy":"es_type","embeddable":true,"href":"https:\/\/arriendo.com\/co\/wp-json\/wp\/v2\/es_types?post=249127"},{"taxonomy":"es_rent_period","embeddable":true,"href":"https:\/\/arriendo.com\/co\/wp-json\/wp\/v2\/es_rent_periods?post=249127"},{"taxonomy":"es_label","embeddable":true,"href":"https:\/\/arriendo.com\/co\/wp-json\/wp\/v2\/es_labels?post=249127"},{"taxonomy":"es_status","embeddable":true,"href":"https:\/\/arriendo.com\/co\/wp-json\/wp\/v2\/es_statuses?post=249127"},{"taxonomy":"es_parking","embeddable":true,"href":"https:\/\/arriendo.com\/co\/wp-json\/wp\/v2\/es_parkings?post=249127"},{"taxonomy":"es_roof","embeddable":true,"href":"https:\/\/arriendo.com\/co\/wp-json\/wp\/v2\/es_roofs?post=249127"},{"taxonomy":"es_exterior_material","embeddable":true,"href":"https:\/\/arriendo.com\/co\/wp-json\/wp\/v2\/es_exterior_materials?post=249127"},{"taxonomy":"es_basement","embeddable":true,"href":"https:\/\/arriendo.com\/co\/wp-json\/wp\/v2\/es_basements?post=249127"},{"taxonomy":"es_floor_covering","embeddable":true,"href":"https:\/\/arriendo.com\/co\/wp-json\/wp\/v2\/es_floor_coverings?post=249127"},{"taxonomy":"es_feature","embeddable":true,"href":"https:\/\/arriendo.com\/co\/wp-json\/wp\/v2\/es_features?post=249127"},{"taxonomy":"es_amenity","embeddable":true,"href":"https:\/\/arriendo.com\/co\/wp-json\/wp\/v2\/es_amenities?post=249127"},{"taxonomy":"es_neighborhood","embeddable":true,"href":"https:\/\/arriendo.com\/co\/wp-json\/wp\/v2\/es_neighborhoods?post=249127"},{"taxonomy":"es_tag","embeddable":true,"href":"https:\/\/arriendo.com\/co\/wp-json\/wp\/v2\/es_tags?post=249127"}],"curies":[{"name":"wp","href":"https:\/\/api.w.org\/{rel}","templated":true}]}}

Local en Arriendo en La veracruz, Bogotá

<p>¡Gran Oportunidad! Local de 1.102 m² en Arriendo en el Centro de Bogotá<br />
Ubicación Estratégica:<br />
Este local está en el corazón del centro cultural, turístico y universitario de Bogotá. Benefíciate del alto tráfico de estudiantes de la Javeriana, los Andes y el CESA, así como de un flujo constante de turistas.</p>
<p>Características del Local:<br />
Un espacio ideal para cualquier negocio de gran formato. Sus 1.102 m² están distribuidos en tres niveles:</p>
<p>Primer Nivel: 438,37 m²</p>
<p>Mezanine: 385,35 m²</p>
<p>Sótano: 277,91 m²</p>
<p>Ventajas Adicionales:</p>
<p>Excelente Movilidad: Cerca de Transmilenio y SITP.</p>
<p>Proyección a Futuro: Ubicación clave por la cercanía al futuro Metro de Bogotá.</p>
<p>¡Ideal para tu negocio! Contacta para más información</p>
