{"id":249110,"date":"2026-01-29T19:22:49","date_gmt":"2026-01-30T00:22:49","guid":{"rendered":"https:\/\/arriendo.com\/co\/%es_type%\/%address_city%\/%neighborhood%\/bogota-teusaquillo-casa-en-arriendo-en-966db0\/"},"modified":"2026-01-29T19:22:49","modified_gmt":"2026-01-30T00:22:49","slug":"AR-249110","status":"publish","type":"properties","link":"https:\/\/arriendo.com\/co\/casas\/bogota\/teusaquillo\/AR-249110\/","title":{"rendered":"Casa en Arriendo en Teusaquillo, Bogot\u00e1"},"content":{"rendered":"<p>TEUSAQUILLO | IMPONENTE COMPLEJO EMPRESARIAL CON ALTA CAPACIDAD DE OFICINAS Ponemos a su disposici\u00f3n un inmueble corporativo \u00fanico en su tipo, ubicado en el tradicional y central sector de Teusaquillo. <\/p>\n<p>Esta propiedad es ideal para entidades, multinacionales o instituciones que buscan centralizar sus operaciones en un solo punto, aprovechando una distribuci\u00f3n dual con excelente independencia. El complejo consta de dos edificaciones interconectadas: una casa frontal de 2 niveles.<\/p>\n<p>ESTRUCTURA FRONTAL (CASA DE 2 NIVELES): Dise\u00f1ada para la atenci\u00f3n al p\u00fablico, direcci\u00f3n o departamentos de alto perfil. Primer Piso: Recepci\u00f3n principal para atenci\u00f3n a visitantes. Parqueadero Cubierto: Capacidad para 6 veh\u00edculos, un activo invaluable en la zona. Oficinas: 3 oficinas de gran tama\u00f1o. 4 oficinas de tama\u00f1o peque\u00f1o. Ba\u00f1os: 1 ba\u00f1o privado y 1 bater\u00eda de ba\u00f1os. Segundo Piso: Recepci\u00f3n adicional. Oficinas:1 oficina principal (grande). 6 oficinas peque\u00f1as. Ba\u00f1os: 2 ba\u00f1os de servicio. <\/p>\n<p>VENTAJAS DE LA PROPIEDAD: Su configuraci\u00f3n de dos estructuras permite una flexibilidad total para separar \u00e1reas de trabajo, generar rentabilidad mediante subarriendo parcial, o crear un campus corporativo completo en una ubicaci\u00f3n de alta valorizaci\u00f3n y f\u00e1cil acceso en Bogot\u00e1.<\/p>\n","protected":false},"excerpt":{"rendered":"TEUSAQUILLO | IMPONENTE COMPLEJO EMPRESARIAL CON ALTA CAPACIDAD DE OFICINAS...","protected":false},"author":7782,"featured_media":249113,"template":"","es_locations":[110,77,187],"es_categories":[124],"es_types":[115],"es_rent_periods":[],"es_labels":[],"es_statuses":[],"es_parkings":[],"es_roofs":[],"es_exterior_materials":[],"es_basements":[],"es_floor_coverings":[],"es_features":[136,2282,2220,2272,2135,2150,2136,2137,2152,2204],"es_amenities":[2158,2287,2221,2273,2142,2161,2143,2144,2162,2209],"es_neighborhoods":[],"es_tags":[],"class_list":["post-249110","properties","type-properties","status-publish","has-post-thumbnail","hentry","es_location-bogota","es_location-bogota-d-c","es_location-teusaquillo","es_category-arriendo","es_type-casas","es_feature-estudio","es_feature-hall-de-alcobas","es_feature-patio","es_feature-piso-en-baldosa-marmol","es_feature-sobre-via-principal","es_feature-supermercados-c-comerciales","es_feature-trans-publico-cercano","es_feature-zona-comercial","es_feature-zona-residencial","es_feature-zonas-verdes","es_amenity-estudio","es_amenity-hall-de-alcobas","es_amenity-patio","es_amenity-piso-en-baldosa-marmol","es_amenity-sobre-via-principal","es_amenity-supermercados-c-comerciales","es_amenity-trans-publico-cercano","es_amenity-zona-comercial","es_amenity-zona-residencial","es_amenity-zonas-verdes","es-post-entity"],"_links":{"self":[{"href":"https:\/\/arriendo.com\/co\/wp-json\/wp\/v2\/properties\/249110","targetHints":{"allow":["GET"]}}],"collection":[{"href":"https:\/\/arriendo.com\/co\/wp-json\/wp\/v2\/properties"}],"about":[{"href":"https:\/\/arriendo.com\/co\/wp-json\/wp\/v2\/types\/properties"}],"author":[{"embeddable":true,"href":"https:\/\/arriendo.com\/co\/wp-json\/wp\/v2\/users\/7782"}],"version-history":[{"count":0,"href":"https:\/\/arriendo.com\/co\/wp-json\/wp\/v2\/properties\/249110\/revisions"}],"wp:featuredmedia":[{"embeddable":true,"href":"https:\/\/arriendo.com\/co\/wp-json\/wp\/v2\/media\/249113"}],"wp:attachment":[{"href":"https:\/\/arriendo.com\/co\/wp-json\/wp\/v2\/media?parent=249110"}],"wp:term":[{"taxonomy":"es_location","embeddable":true,"href":"https:\/\/arriendo.com\/co\/wp-json\/wp\/v2\/es_locations?post=249110"},{"taxonomy":"es_category","embeddable":true,"href":"https:\/\/arriendo.com\/co\/wp-json\/wp\/v2\/es_categories?post=249110"},{"taxonomy":"es_type","embeddable":true,"href":"https:\/\/arriendo.com\/co\/wp-json\/wp\/v2\/es_types?post=249110"},{"taxonomy":"es_rent_period","embeddable":true,"href":"https:\/\/arriendo.com\/co\/wp-json\/wp\/v2\/es_rent_periods?post=249110"},{"taxonomy":"es_label","embeddable":true,"href":"https:\/\/arriendo.com\/co\/wp-json\/wp\/v2\/es_labels?post=249110"},{"taxonomy":"es_status","embeddable":true,"href":"https:\/\/arriendo.com\/co\/wp-json\/wp\/v2\/es_statuses?post=249110"},{"taxonomy":"es_parking","embeddable":true,"href":"https:\/\/arriendo.com\/co\/wp-json\/wp\/v2\/es_parkings?post=249110"},{"taxonomy":"es_roof","embeddable":true,"href":"https:\/\/arriendo.com\/co\/wp-json\/wp\/v2\/es_roofs?post=249110"},{"taxonomy":"es_exterior_material","embeddable":true,"href":"https:\/\/arriendo.com\/co\/wp-json\/wp\/v2\/es_exterior_materials?post=249110"},{"taxonomy":"es_basement","embeddable":true,"href":"https:\/\/arriendo.com\/co\/wp-json\/wp\/v2\/es_basements?post=249110"},{"taxonomy":"es_floor_covering","embeddable":true,"href":"https:\/\/arriendo.com\/co\/wp-json\/wp\/v2\/es_floor_coverings?post=249110"},{"taxonomy":"es_feature","embeddable":true,"href":"https:\/\/arriendo.com\/co\/wp-json\/wp\/v2\/es_features?post=249110"},{"taxonomy":"es_amenity","embeddable":true,"href":"https:\/\/arriendo.com\/co\/wp-json\/wp\/v2\/es_amenities?post=249110"},{"taxonomy":"es_neighborhood","embeddable":true,"href":"https:\/\/arriendo.com\/co\/wp-json\/wp\/v2\/es_neighborhoods?post=249110"},{"taxonomy":"es_tag","embeddable":true,"href":"https:\/\/arriendo.com\/co\/wp-json\/wp\/v2\/es_tags?post=249110"}],"curies":[{"name":"wp","href":"https:\/\/api.w.org\/{rel}","templated":true}]}}

Casa en Arriendo en Teusaquillo, Bogotá

<p>TEUSAQUILLO | IMPONENTE COMPLEJO EMPRESARIAL CON ALTA CAPACIDAD DE OFICINAS Ponemos a su disposición un inmueble corporativo único en su tipo, ubicado en el tradicional y central sector de Teusaquillo. </p>
<p>Esta propiedad es ideal para entidades, multinacionales o instituciones que buscan centralizar sus operaciones en un solo punto, aprovechando una distribución dual con excelente independencia. El complejo consta de dos edificaciones interconectadas: una casa frontal de 2 niveles.</p>
<p>ESTRUCTURA FRONTAL (CASA DE 2 NIVELES): Diseñada para la atención al público, dirección o departamentos de alto perfil. Primer Piso: Recepción principal para atención a visitantes. Parqueadero Cubierto: Capacidad para 6 vehículos, un activo invaluable en la zona. Oficinas: 3 oficinas de gran tamaño. 4 oficinas de tamaño pequeño. Baños: 1 baño privado y 1 batería de baños. Segundo Piso: Recepción adicional. Oficinas:1 oficina principal (grande). 6 oficinas pequeñas. Baños: 2 baños de servicio. </p>
<p>VENTAJAS DE LA PROPIEDAD: Su configuración de dos estructuras permite una flexibilidad total para separar áreas de trabajo, generar rentabilidad mediante subarriendo parcial, o crear un campus corporativo completo en una ubicación de alta valorización y fácil acceso en Bogotá.</p>
