{"id":248573,"date":"2026-01-29T18:21:49","date_gmt":"2026-01-29T23:21:49","guid":{"rendered":"https:\/\/arriendo.com\/co\/%es_type%\/%address_city%\/%neighborhood%\/villavicencio-caudal-norte-oriental-apartamento-en-arriendo-en-d482e0\/"},"modified":"2026-01-29T18:21:49","modified_gmt":"2026-01-29T23:21:49","slug":"AR-248573","status":"publish","type":"properties","link":"https:\/\/arriendo.com\/co\/apartamentos\/villavicencio\/caudal-norte-oriental\/AR-248573\/","title":{"rendered":"Apartamento en arriendo en Caudal norte oriental, Villavicencio"},"content":{"rendered":"<p>SE ARRIENDA LINDO APARTAMENTO DUPLEX: Ubicado en el edificio horizonte en el caudal, de dos niveles, primer nivel cocina, sala comedor, balc\u00f3n con zona de ropa  segundo nivel  habitaci\u00f3n con balc\u00f3n ba\u00f1o y closet, tiene parqueadero con deposito&#8230; \u00a1Si buscas tu espacio ideal no dudes en contactarnos!&#8230;<\/p>\n","protected":false},"excerpt":{"rendered":"SE ARRIENDA LINDO APARTAMENTO DUPLEX: Ubicado en el edificio horizonte...","protected":false},"author":6432,"featured_media":248576,"template":"","es_locations":[2904,97,338],"es_categories":[124],"es_types":[114],"es_rent_periods":[],"es_labels":[],"es_statuses":[],"es_parkings":[],"es_roofs":[],"es_exterior_materials":[],"es_basements":[],"es_floor_coverings":[],"es_features":[131,132,2263,2145,133,2146,2378,2132,2150,2136,2152],"es_amenities":[152,2186,2269,2153,2154,2155,2381,2140,2161,2143,2162],"es_neighborhoods":[],"es_tags":[],"class_list":["post-248573","properties","type-properties","status-publish","has-post-thumbnail","hentry","es_location-caudal-norte-oriental","es_location-meta","es_location-villavicencio","es_category-arriendo","es_type-apartamentos","es_feature-ascensor","es_feature-balcon","es_feature-barra-estilo-americano","es_feature-calentador","es_feature-citofono","es_feature-cocina-integral","es_feature-duplex","es_feature-parques-cercanos","es_feature-supermercados-c-comerciales","es_feature-trans-publico-cercano","es_feature-zona-residencial","es_amenity-ascensor-privado","es_amenity-balcon","es_amenity-barra-estilo-americano","es_amenity-calentador","es_amenity-citofono","es_amenity-cocina-integral","es_amenity-duplex","es_amenity-parques-cercanos","es_amenity-supermercados-c-comerciales","es_amenity-trans-publico-cercano","es_amenity-zona-residencial","es-post-entity"],"_links":{"self":[{"href":"https:\/\/arriendo.com\/co\/wp-json\/wp\/v2\/properties\/248573","targetHints":{"allow":["GET"]}}],"collection":[{"href":"https:\/\/arriendo.com\/co\/wp-json\/wp\/v2\/properties"}],"about":[{"href":"https:\/\/arriendo.com\/co\/wp-json\/wp\/v2\/types\/properties"}],"author":[{"embeddable":true,"href":"https:\/\/arriendo.com\/co\/wp-json\/wp\/v2\/users\/6432"}],"version-history":[{"count":0,"href":"https:\/\/arriendo.com\/co\/wp-json\/wp\/v2\/properties\/248573\/revisions"}],"wp:featuredmedia":[{"embeddable":true,"href":"https:\/\/arriendo.com\/co\/wp-json\/wp\/v2\/media\/248576"}],"wp:attachment":[{"href":"https:\/\/arriendo.com\/co\/wp-json\/wp\/v2\/media?parent=248573"}],"wp:term":[{"taxonomy":"es_location","embeddable":true,"href":"https:\/\/arriendo.com\/co\/wp-json\/wp\/v2\/es_locations?post=248573"},{"taxonomy":"es_category","embeddable":true,"href":"https:\/\/arriendo.com\/co\/wp-json\/wp\/v2\/es_categories?post=248573"},{"taxonomy":"es_type","embeddable":true,"href":"https:\/\/arriendo.com\/co\/wp-json\/wp\/v2\/es_types?post=248573"},{"taxonomy":"es_rent_period","embeddable":true,"href":"https:\/\/arriendo.com\/co\/wp-json\/wp\/v2\/es_rent_periods?post=248573"},{"taxonomy":"es_label","embeddable":true,"href":"https:\/\/arriendo.com\/co\/wp-json\/wp\/v2\/es_labels?post=248573"},{"taxonomy":"es_status","embeddable":true,"href":"https:\/\/arriendo.com\/co\/wp-json\/wp\/v2\/es_statuses?post=248573"},{"taxonomy":"es_parking","embeddable":true,"href":"https:\/\/arriendo.com\/co\/wp-json\/wp\/v2\/es_parkings?post=248573"},{"taxonomy":"es_roof","embeddable":true,"href":"https:\/\/arriendo.com\/co\/wp-json\/wp\/v2\/es_roofs?post=248573"},{"taxonomy":"es_exterior_material","embeddable":true,"href":"https:\/\/arriendo.com\/co\/wp-json\/wp\/v2\/es_exterior_materials?post=248573"},{"taxonomy":"es_basement","embeddable":true,"href":"https:\/\/arriendo.com\/co\/wp-json\/wp\/v2\/es_basements?post=248573"},{"taxonomy":"es_floor_covering","embeddable":true,"href":"https:\/\/arriendo.com\/co\/wp-json\/wp\/v2\/es_floor_coverings?post=248573"},{"taxonomy":"es_feature","embeddable":true,"href":"https:\/\/arriendo.com\/co\/wp-json\/wp\/v2\/es_features?post=248573"},{"taxonomy":"es_amenity","embeddable":true,"href":"https:\/\/arriendo.com\/co\/wp-json\/wp\/v2\/es_amenities?post=248573"},{"taxonomy":"es_neighborhood","embeddable":true,"href":"https:\/\/arriendo.com\/co\/wp-json\/wp\/v2\/es_neighborhoods?post=248573"},{"taxonomy":"es_tag","embeddable":true,"href":"https:\/\/arriendo.com\/co\/wp-json\/wp\/v2\/es_tags?post=248573"}],"curies":[{"name":"wp","href":"https:\/\/api.w.org\/{rel}","templated":true}]}}

<p>SE ARRIENDA LINDO APARTAMENTO DUPLEX: Ubicado en el edificio horizonte en el caudal, de dos niveles, primer nivel cocina, sala comedor, balcón con zona de ropa  segundo nivel  habitación con balcón baño y closet, tiene parqueadero con deposito&#8230; ¡Si buscas tu espacio ideal no dudes en contactarnos!&#8230;</p>
