{"id":248481,"date":"2026-01-29T18:10:50","date_gmt":"2026-01-29T23:10:50","guid":{"rendered":"https:\/\/arriendo.com\/co\/%es_type%\/%address_city%\/%neighborhood%\/bogota-engativa-bodega-en-arriendo-en-a120d7\/"},"modified":"2026-01-29T18:10:50","modified_gmt":"2026-01-29T23:10:50","slug":"AR-248481","status":"publish","type":"properties","link":"https:\/\/arriendo.com\/co\/bodegas\/bogota\/engativa\/AR-248481\/","title":{"rendered":"Bodega en arriendo en Engativ\u00e1, Bogot\u00e1"},"content":{"rendered":"<p>ARRIENDO EXCELENTE BODEGA Y\/O LOCAL COMERCIAL:  ALTURA SENCILLA, AREA 250 M2, AVENIDA CALLE 72 (AV.CHILE)\u2013CARRERA 73A, AMPLIOS ESPACIOS CONTIGUA AL D1, micro empresa,  almacenamiento y bodegaje de producto terminado o materia prima,  ferreter\u00eda, dep\u00f3sito de materiales de construcci\u00f3n, almac\u00e9n de colchones y muebles,  supermercado de v\u00edveres, zonas deportivas entre otros, ZONA COMERCIAL SANTA MARIA DEL LAGO.<\/p>\n","protected":false},"excerpt":{"rendered":"ARRIENDO EXCELENTE BODEGA Y\/O LOCAL COMERCIAL: ALTURA SENCILLA, AREA 250...","protected":false},"author":5842,"featured_media":248484,"template":"","es_locations":[110,77,215],"es_categories":[124],"es_types":[121],"es_rent_periods":[],"es_labels":[],"es_statuses":[],"es_parkings":[],"es_roofs":[],"es_exterior_materials":[],"es_basements":[],"es_floor_coverings":[],"es_features":[2292,2336,2688,2168,2200,2131,2355,2356,2351,2337,2365,2236,2134,2135,2136,2137,2300],"es_amenities":[2294,2339,2689,2195,2205,2139,2360,2361,2352,2340,2366,2253,2141,2142,2143,2144,2301],"es_neighborhoods":[],"es_tags":[],"class_list":["post-248481","properties","type-properties","status-publish","has-post-thumbnail","hentry","es_location-bogota","es_location-bogota-d-c","es_location-engativa","es_category-arriendo","es_type-bodegas","es_feature-acceso-pavimentado","es_feature-altura-libre","es_feature-altura-restringida","es_feature-area-urbana","es_feature-cerca-a-sector-comercial","es_feature-circuito-cerrado-de-tv","es_feature-oficinas-administrativas","es_feature-parque-industrial","es_feature-piso-de-alta-resistencia","es_feature-piso-en-cemento","es_feature-planta-electrica","es_feature-restaurantes","es_feature-servicios-publicos","es_feature-sobre-via-principal","es_feature-trans-publico-cercano","es_feature-zona-comercial","es_feature-zona-industrial","es_amenity-acceso-pavimentado","es_amenity-altura-libre","es_amenity-altura-restringida","es_amenity-area-urbana","es_amenity-cerca-a-sector-comercial","es_amenity-circuito-cerrado-de-tv","es_amenity-oficinas-administrativas","es_amenity-parque-industrial","es_amenity-piso-de-alta-resistencia","es_amenity-piso-en-cemento","es_amenity-planta-electrica","es_amenity-restaurantes","es_amenity-servicios-publicos","es_amenity-sobre-via-principal","es_amenity-trans-publico-cercano","es_amenity-zona-comercial","es_amenity-zona-industrial","es-post-entity"],"_links":{"self":[{"href":"https:\/\/arriendo.com\/co\/wp-json\/wp\/v2\/properties\/248481","targetHints":{"allow":["GET"]}}],"collection":[{"href":"https:\/\/arriendo.com\/co\/wp-json\/wp\/v2\/properties"}],"about":[{"href":"https:\/\/arriendo.com\/co\/wp-json\/wp\/v2\/types\/properties"}],"author":[{"embeddable":true,"href":"https:\/\/arriendo.com\/co\/wp-json\/wp\/v2\/users\/5842"}],"version-history":[{"count":0,"href":"https:\/\/arriendo.com\/co\/wp-json\/wp\/v2\/properties\/248481\/revisions"}],"wp:featuredmedia":[{"embeddable":true,"href":"https:\/\/arriendo.com\/co\/wp-json\/wp\/v2\/media\/248484"}],"wp:attachment":[{"href":"https:\/\/arriendo.com\/co\/wp-json\/wp\/v2\/media?parent=248481"}],"wp:term":[{"taxonomy":"es_location","embeddable":true,"href":"https:\/\/arriendo.com\/co\/wp-json\/wp\/v2\/es_locations?post=248481"},{"taxonomy":"es_category","embeddable":true,"href":"https:\/\/arriendo.com\/co\/wp-json\/wp\/v2\/es_categories?post=248481"},{"taxonomy":"es_type","embeddable":true,"href":"https:\/\/arriendo.com\/co\/wp-json\/wp\/v2\/es_types?post=248481"},{"taxonomy":"es_rent_period","embeddable":true,"href":"https:\/\/arriendo.com\/co\/wp-json\/wp\/v2\/es_rent_periods?post=248481"},{"taxonomy":"es_label","embeddable":true,"href":"https:\/\/arriendo.com\/co\/wp-json\/wp\/v2\/es_labels?post=248481"},{"taxonomy":"es_status","embeddable":true,"href":"https:\/\/arriendo.com\/co\/wp-json\/wp\/v2\/es_statuses?post=248481"},{"taxonomy":"es_parking","embeddable":true,"href":"https:\/\/arriendo.com\/co\/wp-json\/wp\/v2\/es_parkings?post=248481"},{"taxonomy":"es_roof","embeddable":true,"href":"https:\/\/arriendo.com\/co\/wp-json\/wp\/v2\/es_roofs?post=248481"},{"taxonomy":"es_exterior_material","embeddable":true,"href":"https:\/\/arriendo.com\/co\/wp-json\/wp\/v2\/es_exterior_materials?post=248481"},{"taxonomy":"es_basement","embeddable":true,"href":"https:\/\/arriendo.com\/co\/wp-json\/wp\/v2\/es_basements?post=248481"},{"taxonomy":"es_floor_covering","embeddable":true,"href":"https:\/\/arriendo.com\/co\/wp-json\/wp\/v2\/es_floor_coverings?post=248481"},{"taxonomy":"es_feature","embeddable":true,"href":"https:\/\/arriendo.com\/co\/wp-json\/wp\/v2\/es_features?post=248481"},{"taxonomy":"es_amenity","embeddable":true,"href":"https:\/\/arriendo.com\/co\/wp-json\/wp\/v2\/es_amenities?post=248481"},{"taxonomy":"es_neighborhood","embeddable":true,"href":"https:\/\/arriendo.com\/co\/wp-json\/wp\/v2\/es_neighborhoods?post=248481"},{"taxonomy":"es_tag","embeddable":true,"href":"https:\/\/arriendo.com\/co\/wp-json\/wp\/v2\/es_tags?post=248481"}],"curies":[{"name":"wp","href":"https:\/\/api.w.org\/{rel}","templated":true}]}}

Bodega en arriendo en Engativá, Bogotá

<p>ARRIENDO EXCELENTE BODEGA Y/O LOCAL COMERCIAL:  ALTURA SENCILLA, AREA 250 M2, AVENIDA CALLE 72 (AV.CHILE)–CARRERA 73A, AMPLIOS ESPACIOS CONTIGUA AL D1, micro empresa,  almacenamiento y bodegaje de producto terminado o materia prima,  ferretería, depósito de materiales de construcción, almacén de colchones y muebles,  supermercado de víveres, zonas deportivas entre otros, ZONA COMERCIAL SANTA MARIA DEL LAGO.</p>
