{"id":248187,"date":"2026-01-29T17:36:48","date_gmt":"2026-01-29T22:36:48","guid":{"rendered":"https:\/\/arriendo.com\/co\/%es_type%\/%address_city%\/%neighborhood%\/cali-ciudadela-floralia-apartaestudio-en-arriendo-0e8f6b\/"},"modified":"2026-01-29T17:36:49","modified_gmt":"2026-01-29T22:36:49","slug":"AR-248187","status":"publish","type":"properties","link":"https:\/\/arriendo.com\/co\/apartaestudios\/cali\/ciudadela-floralia\/AR-248187\/","title":{"rendered":"Apartaestudio en  Arriendo en Ciudadela floralia, Cali"},"content":{"rendered":"<p>DISPONIBLE PARA ALQUILER HERMOSO, AMPLIO Y BIEN ILUMINADO APARTAESTUDIO EN UN TERCER PISO, CUENTA CON DOS AMBIENTES, CONSTA DE SALA- COMEDOR, COCINA ABIERTA, ESPACIO PARA LA HABITACI\u00d3N, UN BA\u00d1O, ZONA DE LAVADO, ESPACIO PARA TENDER LA ROPA, EXCELENTE UBICACI\u00d3N, CERCA A JARDINES, COLEGIOS, PARQUEADEROS, SUPERMERCADOS, DROGUERIAS, TIENDAS DE BARRIO, TRANSPORTE P\u00daBLICO CERCANO, CERCA A LA ESTACI\u00d3N PASO DEL COMERCIO, DISPONIBILIDAD INMEDIATA.   ***<\/p>\n","protected":false},"excerpt":{"rendered":"DISPONIBLE PARA ALQUILER HERMOSO, AMPLIO Y BIEN ILUMINADO APARTAESTUDIO EN...","protected":false},"author":7529,"featured_media":248190,"template":"","es_locations":[179,886],"es_categories":[124],"es_types":[299],"es_rent_periods":[],"es_labels":[],"es_statuses":[],"es_parkings":[],"es_roofs":[],"es_exterior_materials":[],"es_basements":[],"es_floor_coverings":[],"es_features":[2302,145,2272,2238,2228,2151,2152],"es_amenities":[2303,2160,2273,2254,2258,162,2162],"es_neighborhoods":[],"es_tags":[],"class_list":["post-248187","properties","type-properties","status-publish","has-post-thumbnail","hentry","es_location-cali","es_location-ciudadela-floralia","es_category-arriendo","es_type-apartaestudios","es_feature-cocineta","es_feature-instalacion-de-gas","es_feature-piso-en-baldosa-marmol","es_feature-servicios-independientes","es_feature-ventilacion-natural","es_feature-zona-de-lavanderia","es_feature-zona-residencial","es_amenity-cocineta","es_amenity-instalacion-de-gas","es_amenity-piso-en-baldosa-marmol","es_amenity-servicios-independientes","es_amenity-ventilacion-natural","es_amenity-zona-de-lavanderia","es_amenity-zona-residencial","es-post-entity"],"_links":{"self":[{"href":"https:\/\/arriendo.com\/co\/wp-json\/wp\/v2\/properties\/248187","targetHints":{"allow":["GET"]}}],"collection":[{"href":"https:\/\/arriendo.com\/co\/wp-json\/wp\/v2\/properties"}],"about":[{"href":"https:\/\/arriendo.com\/co\/wp-json\/wp\/v2\/types\/properties"}],"author":[{"embeddable":true,"href":"https:\/\/arriendo.com\/co\/wp-json\/wp\/v2\/users\/7529"}],"version-history":[{"count":0,"href":"https:\/\/arriendo.com\/co\/wp-json\/wp\/v2\/properties\/248187\/revisions"}],"wp:featuredmedia":[{"embeddable":true,"href":"https:\/\/arriendo.com\/co\/wp-json\/wp\/v2\/media\/248190"}],"wp:attachment":[{"href":"https:\/\/arriendo.com\/co\/wp-json\/wp\/v2\/media?parent=248187"}],"wp:term":[{"taxonomy":"es_location","embeddable":true,"href":"https:\/\/arriendo.com\/co\/wp-json\/wp\/v2\/es_locations?post=248187"},{"taxonomy":"es_category","embeddable":true,"href":"https:\/\/arriendo.com\/co\/wp-json\/wp\/v2\/es_categories?post=248187"},{"taxonomy":"es_type","embeddable":true,"href":"https:\/\/arriendo.com\/co\/wp-json\/wp\/v2\/es_types?post=248187"},{"taxonomy":"es_rent_period","embeddable":true,"href":"https:\/\/arriendo.com\/co\/wp-json\/wp\/v2\/es_rent_periods?post=248187"},{"taxonomy":"es_label","embeddable":true,"href":"https:\/\/arriendo.com\/co\/wp-json\/wp\/v2\/es_labels?post=248187"},{"taxonomy":"es_status","embeddable":true,"href":"https:\/\/arriendo.com\/co\/wp-json\/wp\/v2\/es_statuses?post=248187"},{"taxonomy":"es_parking","embeddable":true,"href":"https:\/\/arriendo.com\/co\/wp-json\/wp\/v2\/es_parkings?post=248187"},{"taxonomy":"es_roof","embeddable":true,"href":"https:\/\/arriendo.com\/co\/wp-json\/wp\/v2\/es_roofs?post=248187"},{"taxonomy":"es_exterior_material","embeddable":true,"href":"https:\/\/arriendo.com\/co\/wp-json\/wp\/v2\/es_exterior_materials?post=248187"},{"taxonomy":"es_basement","embeddable":true,"href":"https:\/\/arriendo.com\/co\/wp-json\/wp\/v2\/es_basements?post=248187"},{"taxonomy":"es_floor_covering","embeddable":true,"href":"https:\/\/arriendo.com\/co\/wp-json\/wp\/v2\/es_floor_coverings?post=248187"},{"taxonomy":"es_feature","embeddable":true,"href":"https:\/\/arriendo.com\/co\/wp-json\/wp\/v2\/es_features?post=248187"},{"taxonomy":"es_amenity","embeddable":true,"href":"https:\/\/arriendo.com\/co\/wp-json\/wp\/v2\/es_amenities?post=248187"},{"taxonomy":"es_neighborhood","embeddable":true,"href":"https:\/\/arriendo.com\/co\/wp-json\/wp\/v2\/es_neighborhoods?post=248187"},{"taxonomy":"es_tag","embeddable":true,"href":"https:\/\/arriendo.com\/co\/wp-json\/wp\/v2\/es_tags?post=248187"}],"curies":[{"name":"wp","href":"https:\/\/api.w.org\/{rel}","templated":true}]}}

<p>DISPONIBLE PARA ALQUILER HERMOSO, AMPLIO Y BIEN ILUMINADO APARTAESTUDIO EN UN TERCER PISO, CUENTA CON DOS AMBIENTES, CONSTA DE SALA- COMEDOR, COCINA ABIERTA, ESPACIO PARA LA HABITACIÓN, UN BAÑO, ZONA DE LAVADO, ESPACIO PARA TENDER LA ROPA, EXCELENTE UBICACIÓN, CERCA A JARDINES, COLEGIOS, PARQUEADEROS, SUPERMERCADOS, DROGUERIAS, TIENDAS DE BARRIO, TRANSPORTE PÚBLICO CERCANO, CERCA A LA ESTACIÓN PASO DEL COMERCIO, DISPONIBILIDAD INMEDIATA.   ***</p>
