{"id":247902,"date":"2026-01-29T17:03:48","date_gmt":"2026-01-29T22:03:48","guid":{"rendered":"https:\/\/arriendo.com\/co\/%es_type%\/%address_city%\/%neighborhood%\/cali-melendez-apartamento-en-arriendo-en-4a0592\/"},"modified":"2026-01-29T17:03:48","modified_gmt":"2026-01-29T22:03:48","slug":"AR-247902","status":"publish","type":"properties","link":"https:\/\/arriendo.com\/co\/apartamentos\/cali\/melendez\/AR-247902\/","title":{"rendered":"Apartamento en Arriendo en Melendez, Cali"},"content":{"rendered":"<p>MEL\u00c9NDEZ \u2013 MADRIGAL DEL CAMPESTRE ,<\/p>\n<p>Distribuci\u00f3n: 3 alcobas, 2 ba\u00f1os, sala-comedor, cocina, zona de oficios.<\/p>\n<p>Zonas comunes: Parqueadero comunitario, piscina, zona social, porter\u00eda y vigilancia 24 horas.<\/p>\n<p>Precio de arriendo: $990.000 (incluida administraci\u00f3n)<\/p>\n<p>\u00c1rea construida: 58 m\u00b2<\/p>\n<p>Direcci\u00f3n: Carrera 99 # 2-140 \u2013 Apto 433 Torre 9, Conjunto Residencial Madrigal del Campestre \u2013 Mel\u00e9ndez \u2013 Cali<\/p>\n<p>Cont\u00e1ctanos ahora y recibe m\u00e1s informaci\u00f3n: (315) *** \/ (316) ***<\/p>\n","protected":false},"excerpt":{"rendered":"MEL\u00c9NDEZ \u2013 MADRIGAL DEL CAMPESTRE , Distribuci\u00f3n: 3 alcobas, 2...","protected":false},"author":7474,"featured_media":247905,"template":"","es_locations":[179,2895],"es_categories":[124],"es_types":[114],"es_rent_periods":[],"es_labels":[],"es_statuses":[],"es_parkings":[],"es_roofs":[],"es_exterior_materials":[],"es_basements":[],"es_floor_coverings":[],"es_features":[2212,2164,2166,2146,145,2272,144,2151],"es_amenities":[2217,2187,2189,2155,2160,2273,2289,162],"es_neighborhoods":[],"es_tags":[],"class_list":["post-247902","properties","type-properties","status-publish","has-post-thumbnail","hentry","es_location-cali","es_location-melendez","es_category-arriendo","es_type-apartamentos","es_feature-bano-auxiliar","es_feature-bano-independiente","es_feature-closet","es_feature-cocina-integral","es_feature-instalacion-de-gas","es_feature-piso-en-baldosa-marmol","es_feature-vista-panoramica","es_feature-zona-de-lavanderia","es_amenity-bano-auxiliar","es_amenity-bano-independiente","es_amenity-closet","es_amenity-cocina-integral","es_amenity-instalacion-de-gas","es_amenity-piso-en-baldosa-marmol","es_amenity-vista-panoramica","es_amenity-zona-de-lavanderia","es-post-entity"],"_links":{"self":[{"href":"https:\/\/arriendo.com\/co\/wp-json\/wp\/v2\/properties\/247902","targetHints":{"allow":["GET"]}}],"collection":[{"href":"https:\/\/arriendo.com\/co\/wp-json\/wp\/v2\/properties"}],"about":[{"href":"https:\/\/arriendo.com\/co\/wp-json\/wp\/v2\/types\/properties"}],"author":[{"embeddable":true,"href":"https:\/\/arriendo.com\/co\/wp-json\/wp\/v2\/users\/7474"}],"version-history":[{"count":0,"href":"https:\/\/arriendo.com\/co\/wp-json\/wp\/v2\/properties\/247902\/revisions"}],"wp:featuredmedia":[{"embeddable":true,"href":"https:\/\/arriendo.com\/co\/wp-json\/wp\/v2\/media\/247905"}],"wp:attachment":[{"href":"https:\/\/arriendo.com\/co\/wp-json\/wp\/v2\/media?parent=247902"}],"wp:term":[{"taxonomy":"es_location","embeddable":true,"href":"https:\/\/arriendo.com\/co\/wp-json\/wp\/v2\/es_locations?post=247902"},{"taxonomy":"es_category","embeddable":true,"href":"https:\/\/arriendo.com\/co\/wp-json\/wp\/v2\/es_categories?post=247902"},{"taxonomy":"es_type","embeddable":true,"href":"https:\/\/arriendo.com\/co\/wp-json\/wp\/v2\/es_types?post=247902"},{"taxonomy":"es_rent_period","embeddable":true,"href":"https:\/\/arriendo.com\/co\/wp-json\/wp\/v2\/es_rent_periods?post=247902"},{"taxonomy":"es_label","embeddable":true,"href":"https:\/\/arriendo.com\/co\/wp-json\/wp\/v2\/es_labels?post=247902"},{"taxonomy":"es_status","embeddable":true,"href":"https:\/\/arriendo.com\/co\/wp-json\/wp\/v2\/es_statuses?post=247902"},{"taxonomy":"es_parking","embeddable":true,"href":"https:\/\/arriendo.com\/co\/wp-json\/wp\/v2\/es_parkings?post=247902"},{"taxonomy":"es_roof","embeddable":true,"href":"https:\/\/arriendo.com\/co\/wp-json\/wp\/v2\/es_roofs?post=247902"},{"taxonomy":"es_exterior_material","embeddable":true,"href":"https:\/\/arriendo.com\/co\/wp-json\/wp\/v2\/es_exterior_materials?post=247902"},{"taxonomy":"es_basement","embeddable":true,"href":"https:\/\/arriendo.com\/co\/wp-json\/wp\/v2\/es_basements?post=247902"},{"taxonomy":"es_floor_covering","embeddable":true,"href":"https:\/\/arriendo.com\/co\/wp-json\/wp\/v2\/es_floor_coverings?post=247902"},{"taxonomy":"es_feature","embeddable":true,"href":"https:\/\/arriendo.com\/co\/wp-json\/wp\/v2\/es_features?post=247902"},{"taxonomy":"es_amenity","embeddable":true,"href":"https:\/\/arriendo.com\/co\/wp-json\/wp\/v2\/es_amenities?post=247902"},{"taxonomy":"es_neighborhood","embeddable":true,"href":"https:\/\/arriendo.com\/co\/wp-json\/wp\/v2\/es_neighborhoods?post=247902"},{"taxonomy":"es_tag","embeddable":true,"href":"https:\/\/arriendo.com\/co\/wp-json\/wp\/v2\/es_tags?post=247902"}],"curies":[{"name":"wp","href":"https:\/\/api.w.org\/{rel}","templated":true}]}}

<p>MELÉNDEZ – MADRIGAL DEL CAMPESTRE ,</p>
<p>Distribución: 3 alcobas, 2 baños, sala-comedor, cocina, zona de oficios.</p>
<p>Zonas comunes: Parqueadero comunitario, piscina, zona social, portería y vigilancia 24 horas.</p>
<p>Precio de arriendo: $990.000 (incluida administración)</p>
<p>Área construida: 58 m²</p>
<p>Dirección: Carrera 99 # 2-140 – Apto 433 Torre 9, Conjunto Residencial Madrigal del Campestre – Meléndez – Cali</p>
<p>Contáctanos ahora y recibe más información: (315) *** / (316) ***</p>

MELÉNDEZ – MADRIGAL DEL CAMPESTRE , Distribución: 3 alcobas, 2...
