{"id":247885,"date":"2026-01-29T17:01:48","date_gmt":"2026-01-29T22:01:48","guid":{"rendered":"https:\/\/arriendo.com\/co\/%es_type%\/%address_city%\/%neighborhood%\/cali-valle-del-lili-apartamento-en-arriendo-en-ce3cfd\/"},"modified":"2026-01-29T17:01:49","modified_gmt":"2026-01-29T22:01:49","slug":"AR-247885","status":"publish","type":"properties","link":"https:\/\/arriendo.com\/co\/apartamentos\/cali\/valle-del-lili\/AR-247885\/","title":{"rendered":"Apartamento en Arriendo en Valle del Lili, Cali"},"content":{"rendered":"<p>REBAJADO \/ APARTAMENTO QUINTO PISO EN VALLE DEL LILI \u2013 CONJUNTO RESIDENCIAL MORETTI<\/p>\n<p>Distribuci\u00f3n: 2 alcobas,  3 ba\u00f1os, estudio, cocina integral, balc\u00f3n, parqueadero propio.<\/p>\n<p>El conjunto cuenta con piscina, gimnasio, zonas verdes .<\/p>\n<p>Precio alquiler: $2\u2019000.000 incluida administraci\u00f3n<\/p>\n<p>\u00c1rea Construida: 90,96 m\u00b2<\/p>\n<p>Direcci\u00f3n: Carrera 101 # 48-54, Valle del Lili \u2013 Conjunto Residencial Moretti<\/p>\n<p>Cont\u00e1ctanos ahora y recibe m\u00e1s informaci\u00f3n: (315) *** \/ (316) ***<\/p>\n","protected":false},"excerpt":{"rendered":"REBAJADO \/ APARTAMENTO QUINTO PISO EN VALLE DEL LILI \u2013...","protected":false},"author":7474,"featured_media":247888,"template":"","es_locations":[179,866],"es_categories":[124],"es_types":[114],"es_rent_periods":[],"es_labels":[],"es_statuses":[],"es_parkings":[],"es_roofs":[],"es_exterior_materials":[],"es_basements":[],"es_floor_coverings":[],"es_features":[131,132,2212,2164,2263,2324,133,2166,2147,2148,2196,136,2282,2216,2132,2180,2365,2133,2181,2136,2151,2152],"es_amenities":[152,2186,2217,2187,2269,2323,2154,2189,2156,2157,2197,2158,2287,156,2140,157,2366,158,2143,161,162,2162],"es_neighborhoods":[],"es_tags":[],"class_list":["post-247885","properties","type-properties","status-publish","has-post-thumbnail","hentry","es_location-cali","es_location-valle-del-lili","es_category-arriendo","es_type-apartamentos","es_feature-ascensor","es_feature-balcon","es_feature-bano-auxiliar","es_feature-bano-independiente","es_feature-barra-estilo-americano","es_feature-cancha-de-baloncesto","es_feature-citofono","es_feature-closet","es_feature-cocina-tipo-americano","es_feature-colegios-universidades","es_feature-en-conjunto-cerrado","es_feature-estudio","es_feature-hall-de-alcobas","es_feature-parqueadero-visitantes","es_feature-parques-cercanos","es_feature-piscina","es_feature-planta-electrica","es_feature-porteria-recepcion","es_feature-porteria-vigilancia","es_feature-trans-publico-cercano","es_feature-zona-de-lavanderia","es_feature-zona-residencial","es_amenity-ascensor-privado","es_amenity-balcon","es_amenity-bano-auxiliar","es_amenity-bano-independiente","es_amenity-barra-estilo-americano","es_amenity-cancha-de-baloncesto","es_amenity-citofono","es_amenity-closet","es_amenity-cocina-tipo-americano","es_amenity-colegios-universidades","es_amenity-en-conjunto-cerrado","es_amenity-estudio","es_amenity-hall-de-alcobas","es_amenity-parqueadero-visitantes","es_amenity-parques-cercanos","es_amenity-piscina","es_amenity-planta-electrica","es_amenity-porteria-recepcion","es_amenity-trans-publico-cercano","es_amenity-vigilancia-24-7","es_amenity-zona-de-lavanderia","es_amenity-zona-residencial","es-post-entity"],"_links":{"self":[{"href":"https:\/\/arriendo.com\/co\/wp-json\/wp\/v2\/properties\/247885","targetHints":{"allow":["GET"]}}],"collection":[{"href":"https:\/\/arriendo.com\/co\/wp-json\/wp\/v2\/properties"}],"about":[{"href":"https:\/\/arriendo.com\/co\/wp-json\/wp\/v2\/types\/properties"}],"author":[{"embeddable":true,"href":"https:\/\/arriendo.com\/co\/wp-json\/wp\/v2\/users\/7474"}],"version-history":[{"count":0,"href":"https:\/\/arriendo.com\/co\/wp-json\/wp\/v2\/properties\/247885\/revisions"}],"wp:featuredmedia":[{"embeddable":true,"href":"https:\/\/arriendo.com\/co\/wp-json\/wp\/v2\/media\/247888"}],"wp:attachment":[{"href":"https:\/\/arriendo.com\/co\/wp-json\/wp\/v2\/media?parent=247885"}],"wp:term":[{"taxonomy":"es_location","embeddable":true,"href":"https:\/\/arriendo.com\/co\/wp-json\/wp\/v2\/es_locations?post=247885"},{"taxonomy":"es_category","embeddable":true,"href":"https:\/\/arriendo.com\/co\/wp-json\/wp\/v2\/es_categories?post=247885"},{"taxonomy":"es_type","embeddable":true,"href":"https:\/\/arriendo.com\/co\/wp-json\/wp\/v2\/es_types?post=247885"},{"taxonomy":"es_rent_period","embeddable":true,"href":"https:\/\/arriendo.com\/co\/wp-json\/wp\/v2\/es_rent_periods?post=247885"},{"taxonomy":"es_label","embeddable":true,"href":"https:\/\/arriendo.com\/co\/wp-json\/wp\/v2\/es_labels?post=247885"},{"taxonomy":"es_status","embeddable":true,"href":"https:\/\/arriendo.com\/co\/wp-json\/wp\/v2\/es_statuses?post=247885"},{"taxonomy":"es_parking","embeddable":true,"href":"https:\/\/arriendo.com\/co\/wp-json\/wp\/v2\/es_parkings?post=247885"},{"taxonomy":"es_roof","embeddable":true,"href":"https:\/\/arriendo.com\/co\/wp-json\/wp\/v2\/es_roofs?post=247885"},{"taxonomy":"es_exterior_material","embeddable":true,"href":"https:\/\/arriendo.com\/co\/wp-json\/wp\/v2\/es_exterior_materials?post=247885"},{"taxonomy":"es_basement","embeddable":true,"href":"https:\/\/arriendo.com\/co\/wp-json\/wp\/v2\/es_basements?post=247885"},{"taxonomy":"es_floor_covering","embeddable":true,"href":"https:\/\/arriendo.com\/co\/wp-json\/wp\/v2\/es_floor_coverings?post=247885"},{"taxonomy":"es_feature","embeddable":true,"href":"https:\/\/arriendo.com\/co\/wp-json\/wp\/v2\/es_features?post=247885"},{"taxonomy":"es_amenity","embeddable":true,"href":"https:\/\/arriendo.com\/co\/wp-json\/wp\/v2\/es_amenities?post=247885"},{"taxonomy":"es_neighborhood","embeddable":true,"href":"https:\/\/arriendo.com\/co\/wp-json\/wp\/v2\/es_neighborhoods?post=247885"},{"taxonomy":"es_tag","embeddable":true,"href":"https:\/\/arriendo.com\/co\/wp-json\/wp\/v2\/es_tags?post=247885"}],"curies":[{"name":"wp","href":"https:\/\/api.w.org\/{rel}","templated":true}]}}

<p>REBAJADO / APARTAMENTO QUINTO PISO EN VALLE DEL LILI – CONJUNTO RESIDENCIAL MORETTI</p>
<p>Distribución: 2 alcobas,  3 baños, estudio, cocina integral, balcón, parqueadero propio.</p>
<p>El conjunto cuenta con piscina, gimnasio, zonas verdes .</p>
<p>Precio alquiler: $2’000.000 incluida administración</p>
<p>Área Construida: 90,96 m²</p>
<p>Dirección: Carrera 101 # 48-54, Valle del Lili – Conjunto Residencial Moretti</p>
<p>Contáctanos ahora y recibe más información: (315) *** / (316) ***</p>
