{"id":247620,"date":"2026-01-29T16:32:49","date_gmt":"2026-01-29T21:32:49","guid":{"rendered":"https:\/\/arriendo.com\/co\/%es_type%\/%address_city%\/%neighborhood%\/fusagasuga-sector-manila-habitacion-en-arriendo-en-192ca4\/"},"modified":"2026-01-29T16:32:49","modified_gmt":"2026-01-29T21:32:49","slug":"AR-247620","status":"publish","type":"properties","link":"https:\/\/arriendo.com\/co\/habitaciones\/fusagasuga\/sector-manila\/AR-247620\/","title":{"rendered":"Habitaci\u00f3n en Arriendo en Sector manila, Fusagasug\u00e1"},"content":{"rendered":"<p>S e arrienda HABITACI\u00d3N AMOBLADA cerca a la Hospital San RAFAEL , Universidad de cundinamarca , \u00e9xito , centro comercial JARD\u00cdN <\/p>\n<p>Cama Semidoble<br \/>\nServicio de lavander\u00eda para agua su lavado una vez por semana<br \/>\nAseo una vez por semana<br \/>\nServicios Incluidos  Agua, luz , gas e internet fibra \u00f3ptica de Movistar<br \/>\nBa\u00f1o privado<br \/>\nPara llegues con tu maleta !!<\/p>\n","protected":false},"excerpt":{"rendered":"S e arrienda HABITACI\u00d3N AMOBLADA cerca a la Hospital San...","protected":false},"author":7383,"featured_media":247623,"template":"","es_locations":[91,2554,2892],"es_categories":[124],"es_types":[123],"es_rent_periods":[],"es_labels":[],"es_statuses":[],"es_parkings":[],"es_roofs":[],"es_exterior_materials":[],"es_basements":[],"es_floor_coverings":[],"es_features":[],"es_amenities":[],"es_neighborhoods":[],"es_tags":[],"class_list":["post-247620","properties","type-properties","status-publish","has-post-thumbnail","hentry","es_location-cundinamarca","es_location-fusagasuga","es_location-sector-manila","es_category-arriendo","es_type-habitaciones","es-post-entity"],"_links":{"self":[{"href":"https:\/\/arriendo.com\/co\/wp-json\/wp\/v2\/properties\/247620","targetHints":{"allow":["GET"]}}],"collection":[{"href":"https:\/\/arriendo.com\/co\/wp-json\/wp\/v2\/properties"}],"about":[{"href":"https:\/\/arriendo.com\/co\/wp-json\/wp\/v2\/types\/properties"}],"author":[{"embeddable":true,"href":"https:\/\/arriendo.com\/co\/wp-json\/wp\/v2\/users\/7383"}],"version-history":[{"count":0,"href":"https:\/\/arriendo.com\/co\/wp-json\/wp\/v2\/properties\/247620\/revisions"}],"wp:featuredmedia":[{"embeddable":true,"href":"https:\/\/arriendo.com\/co\/wp-json\/wp\/v2\/media\/247623"}],"wp:attachment":[{"href":"https:\/\/arriendo.com\/co\/wp-json\/wp\/v2\/media?parent=247620"}],"wp:term":[{"taxonomy":"es_location","embeddable":true,"href":"https:\/\/arriendo.com\/co\/wp-json\/wp\/v2\/es_locations?post=247620"},{"taxonomy":"es_category","embeddable":true,"href":"https:\/\/arriendo.com\/co\/wp-json\/wp\/v2\/es_categories?post=247620"},{"taxonomy":"es_type","embeddable":true,"href":"https:\/\/arriendo.com\/co\/wp-json\/wp\/v2\/es_types?post=247620"},{"taxonomy":"es_rent_period","embeddable":true,"href":"https:\/\/arriendo.com\/co\/wp-json\/wp\/v2\/es_rent_periods?post=247620"},{"taxonomy":"es_label","embeddable":true,"href":"https:\/\/arriendo.com\/co\/wp-json\/wp\/v2\/es_labels?post=247620"},{"taxonomy":"es_status","embeddable":true,"href":"https:\/\/arriendo.com\/co\/wp-json\/wp\/v2\/es_statuses?post=247620"},{"taxonomy":"es_parking","embeddable":true,"href":"https:\/\/arriendo.com\/co\/wp-json\/wp\/v2\/es_parkings?post=247620"},{"taxonomy":"es_roof","embeddable":true,"href":"https:\/\/arriendo.com\/co\/wp-json\/wp\/v2\/es_roofs?post=247620"},{"taxonomy":"es_exterior_material","embeddable":true,"href":"https:\/\/arriendo.com\/co\/wp-json\/wp\/v2\/es_exterior_materials?post=247620"},{"taxonomy":"es_basement","embeddable":true,"href":"https:\/\/arriendo.com\/co\/wp-json\/wp\/v2\/es_basements?post=247620"},{"taxonomy":"es_floor_covering","embeddable":true,"href":"https:\/\/arriendo.com\/co\/wp-json\/wp\/v2\/es_floor_coverings?post=247620"},{"taxonomy":"es_feature","embeddable":true,"href":"https:\/\/arriendo.com\/co\/wp-json\/wp\/v2\/es_features?post=247620"},{"taxonomy":"es_amenity","embeddable":true,"href":"https:\/\/arriendo.com\/co\/wp-json\/wp\/v2\/es_amenities?post=247620"},{"taxonomy":"es_neighborhood","embeddable":true,"href":"https:\/\/arriendo.com\/co\/wp-json\/wp\/v2\/es_neighborhoods?post=247620"},{"taxonomy":"es_tag","embeddable":true,"href":"https:\/\/arriendo.com\/co\/wp-json\/wp\/v2\/es_tags?post=247620"}],"curies":[{"name":"wp","href":"https:\/\/api.w.org\/{rel}","templated":true}]}}

Habitación en Arriendo en Sector manila, Fusagasugá

<p>S e arrienda HABITACIÓN AMOBLADA cerca a la Hospital San RAFAEL , Universidad de cundinamarca , éxito , centro comercial JARDÍN </p>
<p>Cama Semidoble<br />
Servicio de lavandería para agua su lavado una vez por semana<br />
Aseo una vez por semana<br />
Servicios Incluidos  Agua, luz , gas e internet fibra óptica de Movistar<br />
Baño privado<br />
Para llegues con tu maleta !!</p>

S e arrienda HABITACIÓN AMOBLADA cerca a la Hospital San...
