{"id":247598,"date":"2026-01-29T16:29:34","date_gmt":"2026-01-29T21:29:34","guid":{"rendered":"https:\/\/arriendo.com\/co\/%es_type%\/%address_city%\/%neighborhood%\/fusagasuga-quinta-balmoral-apartamento-en-arriendo-en-ea3f66\/"},"modified":"2026-01-29T16:29:34","modified_gmt":"2026-01-29T21:29:34","slug":"AR-247598","status":"publish","type":"properties","link":"https:\/\/arriendo.com\/co\/apartamentos\/fusagasuga\/quinta-balmoral\/AR-247598\/","title":{"rendered":"Apartamento en arriendo en Quinta balmoral, Fusagasug\u00e1"},"content":{"rendered":"<p>Descubra este encantador apartamento amoblado en un cuarto piso, dise\u00f1ado para ofrecerle una experiencia de vida inigualable. Disfrute de una excepcional iluminaci\u00f3n natural y una ventilaci\u00f3n \u00f3ptima que crean un ambiente fresco y acogedor. Su ubicaci\u00f3n estrat\u00e9gica es ideal para profesionales, con f\u00e1cil acceso al hospital, la Universidad de Cundinamarca, el Centro Comercial El Jard\u00edn y la Fiscal\u00eda, garantizando comodidad y eficiencia en su d\u00eda a d\u00eda.<\/p>\n<p>El apartamento cuenta con dos confortables habitaciones, cada una equipada con cama doble y nocheros, perfectas para su descanso. La cocina est\u00e1 completamente dotada con utensilios b\u00e1sicos, lista para sus necesidades culinarias. Uno de los mayores atractivos es su espaciosa terraza, un oasis privado donde podr\u00e1 deleitarse con espectaculares atardeceres y el agradable clima fresco de la ciudad.<\/p>\n<p>Para su total tranquilidad, el valor del arriendo incluye todos los servicios p\u00fablicos (agua, luz, gas e internet) para dos personas. Adem\u00e1s, se ofrece el conveniente servicio de lavadora dos veces por semana.<\/p>\n<p>Cont\u00e1ctenos hoy mismo para acordar el tiempo de estad\u00eda y el costo, y haga de este apartamento su pr\u00f3ximo hogar.<\/p>\n","protected":false},"excerpt":{"rendered":"Descubra este encantador apartamento amoblado en un cuarto piso, dise\u00f1ado...","protected":false},"author":7383,"featured_media":247601,"template":"","es_locations":[91,2554,2891],"es_categories":[124],"es_types":[114],"es_rent_periods":[],"es_labels":[],"es_statuses":[],"es_parkings":[],"es_roofs":[],"es_exterior_materials":[],"es_basements":[],"es_floor_coverings":[],"es_features":[2262,132,2146,2148,151,2282,2132,2220,2272,2135,2150,143,2136,144,2376,2137,2151,2152],"es_amenities":[2267,2186,2155,2157,2270,2287,2140,2221,2273,2142,2161,2290,2143,2289,2377,2144,162,2162],"es_neighborhoods":[],"es_tags":[],"class_list":["post-247598","properties","type-properties","status-publish","has-post-thumbnail","hentry","es_location-cundinamarca","es_location-fusagasuga","es_location-quinta-balmoral","es_category-arriendo","es_type-apartamentos","es_feature-amoblado","es_feature-balcon","es_feature-cocina-integral","es_feature-colegios-universidades","es_feature-deposito-bodega","es_feature-hall-de-alcobas","es_feature-parques-cercanos","es_feature-patio","es_feature-piso-en-baldosa-marmol","es_feature-sobre-via-principal","es_feature-supermercados-c-comerciales","es_feature-terraza","es_feature-trans-publico-cercano","es_feature-vista-panoramica","es_feature-vivienda-multifamiliar","es_feature-zona-comercial","es_feature-zona-de-lavanderia","es_feature-zona-residencial","es_amenity-amoblado","es_amenity-balcon","es_amenity-cocina-integral","es_amenity-colegios-universidades","es_amenity-deposito-bodega","es_amenity-hall-de-alcobas","es_amenity-parques-cercanos","es_amenity-patio","es_amenity-piso-en-baldosa-marmol","es_amenity-sobre-via-principal","es_amenity-supermercados-c-comerciales","es_amenity-terraza","es_amenity-trans-publico-cercano","es_amenity-vista-panoramica","es_amenity-vivienda-multifamiliar","es_amenity-zona-comercial","es_amenity-zona-de-lavanderia","es_amenity-zona-residencial","es-post-entity"],"_links":{"self":[{"href":"https:\/\/arriendo.com\/co\/wp-json\/wp\/v2\/properties\/247598","targetHints":{"allow":["GET"]}}],"collection":[{"href":"https:\/\/arriendo.com\/co\/wp-json\/wp\/v2\/properties"}],"about":[{"href":"https:\/\/arriendo.com\/co\/wp-json\/wp\/v2\/types\/properties"}],"author":[{"embeddable":true,"href":"https:\/\/arriendo.com\/co\/wp-json\/wp\/v2\/users\/7383"}],"version-history":[{"count":0,"href":"https:\/\/arriendo.com\/co\/wp-json\/wp\/v2\/properties\/247598\/revisions"}],"wp:featuredmedia":[{"embeddable":true,"href":"https:\/\/arriendo.com\/co\/wp-json\/wp\/v2\/media\/247601"}],"wp:attachment":[{"href":"https:\/\/arriendo.com\/co\/wp-json\/wp\/v2\/media?parent=247598"}],"wp:term":[{"taxonomy":"es_location","embeddable":true,"href":"https:\/\/arriendo.com\/co\/wp-json\/wp\/v2\/es_locations?post=247598"},{"taxonomy":"es_category","embeddable":true,"href":"https:\/\/arriendo.com\/co\/wp-json\/wp\/v2\/es_categories?post=247598"},{"taxonomy":"es_type","embeddable":true,"href":"https:\/\/arriendo.com\/co\/wp-json\/wp\/v2\/es_types?post=247598"},{"taxonomy":"es_rent_period","embeddable":true,"href":"https:\/\/arriendo.com\/co\/wp-json\/wp\/v2\/es_rent_periods?post=247598"},{"taxonomy":"es_label","embeddable":true,"href":"https:\/\/arriendo.com\/co\/wp-json\/wp\/v2\/es_labels?post=247598"},{"taxonomy":"es_status","embeddable":true,"href":"https:\/\/arriendo.com\/co\/wp-json\/wp\/v2\/es_statuses?post=247598"},{"taxonomy":"es_parking","embeddable":true,"href":"https:\/\/arriendo.com\/co\/wp-json\/wp\/v2\/es_parkings?post=247598"},{"taxonomy":"es_roof","embeddable":true,"href":"https:\/\/arriendo.com\/co\/wp-json\/wp\/v2\/es_roofs?post=247598"},{"taxonomy":"es_exterior_material","embeddable":true,"href":"https:\/\/arriendo.com\/co\/wp-json\/wp\/v2\/es_exterior_materials?post=247598"},{"taxonomy":"es_basement","embeddable":true,"href":"https:\/\/arriendo.com\/co\/wp-json\/wp\/v2\/es_basements?post=247598"},{"taxonomy":"es_floor_covering","embeddable":true,"href":"https:\/\/arriendo.com\/co\/wp-json\/wp\/v2\/es_floor_coverings?post=247598"},{"taxonomy":"es_feature","embeddable":true,"href":"https:\/\/arriendo.com\/co\/wp-json\/wp\/v2\/es_features?post=247598"},{"taxonomy":"es_amenity","embeddable":true,"href":"https:\/\/arriendo.com\/co\/wp-json\/wp\/v2\/es_amenities?post=247598"},{"taxonomy":"es_neighborhood","embeddable":true,"href":"https:\/\/arriendo.com\/co\/wp-json\/wp\/v2\/es_neighborhoods?post=247598"},{"taxonomy":"es_tag","embeddable":true,"href":"https:\/\/arriendo.com\/co\/wp-json\/wp\/v2\/es_tags?post=247598"}],"curies":[{"name":"wp","href":"https:\/\/api.w.org\/{rel}","templated":true}]}}

Apartamento en arriendo en Quinta balmoral, Fusagasugá

<p>Descubra este encantador apartamento amoblado en un cuarto piso, diseñado para ofrecerle una experiencia de vida inigualable. Disfrute de una excepcional iluminación natural y una ventilación óptima que crean un ambiente fresco y acogedor. Su ubicación estratégica es ideal para profesionales, con fácil acceso al hospital, la Universidad de Cundinamarca, el Centro Comercial El Jardín y la Fiscalía, garantizando comodidad y eficiencia en su día a día.</p>
<p>El apartamento cuenta con dos confortables habitaciones, cada una equipada con cama doble y nocheros, perfectas para su descanso. La cocina está completamente dotada con utensilios básicos, lista para sus necesidades culinarias. Uno de los mayores atractivos es su espaciosa terraza, un oasis privado donde podrá deleitarse con espectaculares atardeceres y el agradable clima fresco de la ciudad.</p>
<p>Para su total tranquilidad, el valor del arriendo incluye todos los servicios públicos (agua, luz, gas e internet) para dos personas. Además, se ofrece el conveniente servicio de lavadora dos veces por semana.</p>
<p>Contáctenos hoy mismo para acordar el tiempo de estadía y el costo, y haga de este apartamento su próximo hogar.</p>

Descubra este encantador apartamento amoblado en un cuarto piso, diseñado...
